3710	16911	PLUNGER FOR LP DOSING PUMP, MODEL-PL1011,CAP 10-LPH,PRESSURE-10KG/CM2	Active	Engineering Store	,MAKE--POSITIVE METERING PUMPS LTD, S.NO-10151500	0.00	0.00	170	1	\N
3766	17421	OIL SEAL 25 X 62 X 8	Active	Engineering Store	\N	0.00	0.00	224	1	\N
3711	16914	ECCENTRIC STRAP FOR LP DOSING PUMP, MODEL-PL1011,CAP 10-LPH,PRESSURE-10KG/CM2	Active	Engineering Store	MAKE--POSITIVE METERING PUMPS LTD, S.NO-10151500\n	0.00	0.00	170	1	\N
3712	16915	ECCENTRIC FOR LP DOSING PUMP, MODEL-PL1011,CAP 10-LPH,PRESSURE-10KG/CM2	Active	Engineering Store	MAKE--POSITIVE METERING PUMPS LTD, S.NO-10151500\n	0.00	0.00	170	1	\N
3713	16916	PLUNGER RING FOR LP DOSING PUMP, MODEL-PL1011,CAP 10-LPH,PRESSURE-10KG/CM2	Active	Engineering Store	MAKE--POSITIVE METERING PUMPS LTD, S.NO-10151500\n\n	0.00	0.00	170	1	\N
3714	16921	HP 280 A CARTIDGE	Active	Consumer store	\N	0.00	0.00	228	1	\N
3715	16923	SS PLATE 8MM THK, GRADE-409	Active	Engineering Store	SIZE- 1.2-MTR X 6-MTR\n	0.00	0.00	193	3	\N
3716	16951	OIL SEAL 46 X 62 X 10MM	Active	Engineering Store	\N	0.00	0.00	224	1	\N
3717	16952	OIL SEAL 44.45 X 63.5 X 7.93MM (175 X 250 X 37MM)	Active	Engineering Store	\N	0.00	0.00	224	1	\N
3718	16953	OIL SEAL 160 X 190 X 15MM	Active	Engineering Store	\N	0.00	0.00	224	1	\N
3719	16954	PVC TEE 6" X 4"	Active	Engineering Store	\N	0.00	0.00	207	1	\N
3720	16958	FILTER ELEMENT (MUFFLER FILTER NOISE SILENCER 1/2") FOR SOLENOID VALVE PNUEMATIC	Active	Distillery Spares	\N	0.00	0.00	72	1	\N
3721	16963	EXHAUST FAN,MODEL-REC22038A2,VAC 220 V,AMP-0.1	Active	Electric Store	POWER 22 WATT,SPEED-2600 RPM,SIZE-120 X 120 X 38MM,AIR FLOW-90/100 CFM	0.00	0.00	84	1	\N
3722	16990	PHOTO CLIPS	Active	Consumer store	\N	0.00	0.00	227	1	\N
3723	16991	DEFSOL-800	Active	Distillery Spares	\N	0.00	0.00	76	5	\N
3724	16995	PULLEY 2 WAY,B SECTION 380MM DIA (JSL/BH/333)	Active	Engineering Store	\N	0.00	0.00	247	1	\N
3725	17028	FLUSH VALVE 11/2" (40MM)	Active	Building Store	\N	0.00	0.00	\N	1	\N
3726	17035	CUSHION FOR CHAIR	Active	Consumer store	\N	0.00	0.00	232	1	\N
3727	17049	MECHANICAL SEAL FOR ROTO PUMP MODEL-RMAB562F7CFIN (PART NO-30)	Active	Engineering Store	PUMP S.NO-GH150773	0.00	0.00	339	1	\N
3728	17053	FLEXIBLE HOSE PIPE FOR ELGI COMPRESSOR MODLE-EG 45-8.5 OF DISTILLERY BOILER (PART  NO-B010406260004)	Active	Engineering Store	\N	0.00	0.00	339	1	\N
3729	17054	FLEXIBLE HOSE PIPE FOR ELGI COMPRESSOR MODLE-EG 45-8.5 OF DISTILLERY BOILER (PART  NO-B015906470001)	Active	Engineering Store	\N	0.00	0.00	339	1	\N
3730	17055	WORM CLAMP FOR ELGI COMPRESSOR MODLE-EG 45-8.5 OF DISTILLERY BOILER (PART  NO-B005000530005)	Active	Engineering Store	\N	0.00	0.00	339	1	\N
3731	17056	WORM CLAMP FOR ELGI COMPRESSOR MODLE-EG 45-8.5 OF DISTILLERY BOILER (PART  NO-B005000530004)	Active	Engineering Store	\N	0.00	0.00	339	1	\N
3732	17057	FLEXIBLE HOSE PIPE FOR ELGI COMPRESSOR MODLE-EG 30-7.5 OF DISTILLERY BOILER (PART  NO-B010406260005)	Active	Engineering Store	\N	0.00	0.00	339	1	\N
3733	17058	FLEXIBLE HOSE PIPE FOR ELGI COMPRESSOR MODLE-EG 30-7.5 OF DISTILLERY BOILER (PART  NO-B015906470001)	Active	Engineering Store	\N	0.00	0.00	339	1	\N
3734	17059	WORM CLAMP FOR ELGI COMPRESSOR MODLE-EG 30-7.5 OF DISTILLERY BOILER (PART  NO-B005000530005)	Active	Engineering Store	\N	0.00	0.00	339	1	\N
3735	17060	WORM CLAMP FOR ELGI COMPRESSOR MODLE-EG 30-7.5 OF DISTILLERY BOILER (PART  NO-B005000530004)	Active	Engineering Store	\N	0.00	0.00	339	1	\N
3736	17064	PROCESSOR INTEL CORE I3  11- GENERATION	Active	Consumer store	\n	0.00	0.00	228	1	\N
3737	17085	C PVC END CAP 3/4"	Active	Engineering Store	\n	0.00	0.00	211	1	\N
3738	17100	MS BOLT & NUT 24 X 100MM ,HALF THREAD	Active	Engineering Store	\n	0.00	0.00	\N	3	\N
3739	17107	ABRO TAPE 25MM ( MASKING TAPE )	Active	Building Store	\n	0.00	0.00	49	19	\N
3740	17159	SCREW 100 X 10MM	Active	Building Store	\n	0.00	0.00	49	16	\N
3741	17162	SINGLE END SLOG TYPE FORGED RING SPANNER 36MM	Active	Engineering Store	\N	0.00	0.00	236	1	\N
3742	17176	LED LIGHT FITTING 24 WATTS FOR FALL CEILING FIXING,SIZE-300 X 300MM X 12MM,MODEL-SSK PA3030F	Active	Electric Store	\N	0.00	0.00	79	14	\N
3743	17188	SPIRAL GASKET 340MM OD X 205MM ID X 3.2MM THK	Active	Engineering Store	DRG NO-JSL/TURBINE/50 ( CLASS-900 )\n	0.00	0.00	197	1	\N
3744	17189	SPIRAL GASKET 375MM OD X 195MM ID X 3.2MM THK	Active	Engineering Store	DRG NO-JSL/TURBINE/50 ( CLASS-900 )\n	0.00	0.00	197	1	\N
3745	17190	SPIRAL GASKET 315MM OD X 195MM ID X 3MM THK	Active	Engineering Store	DRG NO-JSL/TURBINE/50 ( CLASS-900 )\n	0.00	0.00	197	1	\N
3747	17204	EPOXY PREMIUM EMULSION DISTIMPER PAINT (CODE-0684)	Active	Engineering Store	\N	0.00	0.00	186	10	\N
3748	17207	SIEMENS MOTOR 2 HP / 1.5 KW (REPAIRED)	Active	Electric Store	\N	0.00	0.00	114	1	\N
3749	17208	CROMPTON GREAVES MOTOR 7.5 HP / 5.5 KW,RPM-2905 (REPAIRED)	Active	Electric Store	\N	0.00	0.00	114	1	\N
3750	17212	MCB DISTRUBUTION BOX 32 MODULER	Active	Electric Store	\N	0.00	0.00	102	1	\N
3751	17214	SURFACE BOX 3 MODULER	Active	Electric Store	\N	0.00	0.00	102	1	\N
3752	17225	SS NON RETURN VALVE 8" WAFFER TYPE	Active	Engineering Store	BODY-FLAP SS 409, PRESSURE 6-7KG/CM2, TEMP 110-120DEG CEL	0.00	0.00	208	1	\N
3753	17254	CABLE CARRIER WITH ROLLER FOR CRANE	Active	Engineering Store	SUITABLE FOR 100 X 50MM ISMB (AS PER SAMPLE) ROLLER ARE PROVIDED WITH ZZ BALL BEARING	0.00	0.00	177	1	\N
3754	17274	RUBBER O RING 10MM DIA	Active	Engineering Store	\N	0.00	0.00	222	7	\N
3755	17281	SS STUB END LONG 6"	Active	Engineering Store	\N	0.00	0.00	213	1	\N
3756	17292	HDPE PIPE 1" (BLACK)	Active	Engineering Store	\N	0.00	0.00	215	12	\N
3757	17298	DARK BROWN	Active	Engineering Store	\n	0.00	0.00	186	10	\N
3758	17312	TUNGSTON ROD 2.4MM	Active	Engineering Store	10-NO	0.00	0.00	257	13	\N
3759	17318	BEARING 3306 EC/C3	Active	Engineering Store	\N	0.00	0.00	39	1	\N
3760	17319	OIL SEAL 23 X 40 X 8MM	Active	Engineering Store	\N	0.00	0.00	224	1	\N
3761	17320	OIL SEAL 35 X 72 X 10MM	Active	Engineering Store	\N	0.00	0.00	224	1	\N
3762	17394	FIP KIT (PART NO-00405448)	Active	Engineering Store	\N	0.00	0.00	254	1	\N
3763	17398	WASHER (PART NO-86632589)	Active	Engineering Store	\N	0.00	0.00	254	1	\N
3764	17400	CONNECTOR (PART NO-00405242)	Active	Engineering Store	\N	0.00	0.00	254	1	\N
3765	17411	BEARING NJ 307 C3	Active	Engineering Store	\N	0.00	0.00	39	1	\N
3767	17424	BEARING 6216 C3	Active	Engineering Store	\N	0.00	0.00	42	1	\N
3768	17437	OIL SEAL 68 X 90 X 10	Active	Engineering Store	\N	0.00	0.00	224	1	\N
3769	17446	STORAGE / TRANSFER REPORT FOR B HEAVY MOLASSES	Active	Consumer store	200- PAGE	0.00	0.00	227	9	\N
3770	17447	QUALITY AND RECORD FEED STOCK (PRODUCTION DATA FOR SUGARCANE / BH OR C-MOLASSES) REGISTER	Active	Consumer store	200- PAGE	0.00	0.00	227	1	\N
3771	17455	SPECIFIC GRAVITY HYDROMETER , RANGE-1.100 TO 1.200	Active	Manufacturing Store	\n	0.00	0.00	330	1	\N
3772	17458	LED BULB 9 WATT, TYPE-B22 ( RECHARGABLE )	Active	Electric Store	\n	0.00	0.00	79	1	\N
3773	17484	SLEEVE SS ETN 100-080-315 GG-CP,HEAD-30 MTR,DISCHARGE-100M3/H	Active	Engineering Store	KSB PUMP,	0.00	0.00	270	1	\N
3774	17494	HARD DISK SSD-1 TB	Active	Consumer store	\N	0.00	0.00	228	1	\N
3775	17525	PLATE WITH RUBBER GASKETS FOR HEAT EXCHANGER ,TYPE-M15-MFM	Active	Engineering Store	MAKE-ALFA LEVEL ,S NO-30117-70-298,VOLUME-60L,PRESSURE-6BAR,TEMP-120  DEGC\n	0.00	0.00	193	1	\N
3776	17532	MODULER PLATE 2	Active	Electric Store	\n	0.00	0.00	102	1	\N
3777	17535	SERVICE KIT FOR AIR COMPRESSOR CPB  20-25,4000 HOURS (PART NO-9095954363)	Active	Engineering Store	MAKE CHICAGO PNEUMATIC	0.00	0.00	301	14	\N
3778	17537	SURFACE BOX 2 MODULER	Active	Electric Store	\n	0.00	0.00	102	1	\N
3779	17545	ID CARD HOLDER	Active	Consumer store	\N	0.00	0.00	228	1	\N
3780	17546	MULTI COLOUR TAG 20MM WITH NAME & LOGO PRINT	Active	Consumer store	\N	0.00	0.00	228	1	\N
3781	17550	BATTERY 5.5 AH,6 VOLT	Active	Electric Store	RB 640CS,VOLTAGE REGULATION-CYCLE USE:7.20V-7.50.V,STAND BY USE:16.75V-6.90V,MAX CHARGING CURRENT:1.35A	0.00	0.00	80	1	\N
3782	17568	WATER TANK 5000-LIT CAPACITY WITH ACID PROOF	Active	Building Store	\N	0.00	0.00	46	1	\N
3783	17570	HEALTH FAUCET HOOK	Active	Building Store	\n	0.00	0.00	\N	1	\N
3784	17588	KIT SEAL FOR CANE HARVESTING M/C (PART NO-758358)	Active	Engineering Store	\N	0.00	0.00	254	1	\N
3785	17593	ALUMINIUM ANGLE 1 1/2" X 1"	Active	Building Store	12-FEET LONG\n	0.00	0.00	46	4	\N
3786	17596	RAW MATEIAL SUGAR CANE JUICE / B HEAVY MOLASSES LOG BOOK	Active	Consumer store	\N	0.00	0.00	227	1	\N
3787	17622	TYRE 165/80 R14  85T (TUBELESS)	Active	Engineering Store	\N	0.00	0.00	251	1	\N
3788	17626	RAW MATERIALS CONSUMPTION & ETHNOL PRODUCTION FORM SUGARCANE JUICE & BH MOLASSES REGISTER	Active	Consumer store	\N	0.00	0.00	227	1	\N
3789	17627	HARVESTING LABOUR LIST FOR SEASON ,TYPE OF MHR-ATC/MHR-CULT,GADI/LOCAL/TD CART/TR CART REGISTER	Active	Consumer store	100-LEAFS EACH	0.00	0.00	227	20	\N
3790	17629	RECEIPT DETAILS FOR SUGAR CANE JUICE/SYRUP/BH/MOLASSES LOG BOOK	Active	Consumer store	\n	0.00	0.00	227	1	\N
3791	17639	CRACK SEAL	Active	Engineering Store	\N	0.00	0.00	186	3	\N
3841	18118	PU CONNECTOR 1/4" X 6MM, TYPE -T	Active	Engineering Store	\N	0.00	0.00	310	1	\N
3793	17644	ALUMINIUM SQUARE TUBE,SINGLE GROVE-2 1/2" X 1 1/2"	Active	Engineering Store	\N	0.00	0.00	189	4	\N
3794	17655	BSAVER FOR B.H MOLASSES TREATMENT	Active	Manufacturing Store	\nSPECIFICATION-PH-11.00,SPECIFIC GRAVITY-1.2,COLOUR RED ORANGE,SMELL-PUNJENT,ASSAY% \nMIN 40%	0.00	0.00	325	3	\N
3795	17674	FIRE EXTINGUISHER ABC TYPE 6-KG CAP ( REFILLED )	Active	Consumer store	\n	0.00	0.00	233	1	\N
3796	17685	PVC BABINS FOR SERVICE	Active	Electric Store	\N	0.00	0.00	102	1	\N
3797	17688	CEMENT BLOCK 16" X 6" X 8"	Active	Building Store	\N	0.00	0.00	46	1	\N
3798	17694	CLIPS FOR PAPER HOLD	Active	Consumer store	\N	0.00	0.00	230	1	\N
3799	17715	SS BEND SHORT 8",GRADE:416	Active	Engineering Store	\N	0.00	0.00	213	1	\N
3800	17734	STRAIGHT WHEEL 14.8MM OD FOR 42.5MM FOR TUBE CUTTER	Active	Manufacturing Store	\n	0.00	0.00	331	1	\N
3801	17735	BEVEL WHEEL 14.8MM OD FOR 42.5MM TUBE CUTTER	Active	Manufacturing Store	\n	0.00	0.00	331	1	\N
3802	17744	SAND (MACHINE)	Active	Building Store	\N	0.00	0.00	46	6	\N
3803	17754	A PVC BEND 1" (45 DEG)	Active	Engineering Store	\N	0.00	0.00	213	1	\N
3804	17795	SEPARATOR ELEMENT FOR ELGI SCREW COMPRESSOR MODEL-EG 45-8.5	Active	Engineering Store	010451050\n	0.00	0.00	339	1	\N
3805	17796	THERMAL VALVE ELEMENT 155 DEG FOR ELGI SCREW COMPRESSOR MODEL-EG 45-8.5	Active	Engineering Store	220322920\n	0.00	0.00	339	1	\N
3806	17798	NYLON TUBE 10 X 8MM, BLUE FOR ELGI SCREW COMPRESSOR MODEL-EG 45-8.5	Active	Engineering Store	000919244 (3 MTR LONG)\n	0.00	0.00	339	1	\N
3807	17800	NON RETURN VALVE 1/8" FOR ELGI SCREW COMPRESSOR MODEL-EG 45-8.5	Active	Engineering Store	B004100170001\n	0.00	0.00	339	1	\N
3808	17801	STAR RUBBER FOR COUPLING ROTEX-48 FOR ELGI SCREW COMPRESSOR MODEL-EG 45-8.5	Active	Engineering Store	\n	0.00	0.00	339	1	\N
3809	17822	RUBBER GRUMET 10MM,C TYPE( JSL/DSTL/PROC/033)	Active	Distillery Spares	TEMP-150 DEG CEL,LIQUID-SPENT WASH,PRESSURE-4-KG/CM2,PH-3-4	0.00	0.00	71	7	\N
3810	17847	LEVELLER KNIVES  (DRA NO: JSL/MH/037/R1)	Active	Engineering Store	\N	0.00	0.00	176	1	\N
3811	17848	LEVELLER KNIVES BOLT & NYLOCK NUT WITH SPRING WASHER  27 X 110MM (JSL/MH/058,REV:R1)	Active	Engineering Store	\N	0.00	0.00	176	1	\N
3812	17875	DIGITAL INDICATOR SI-815,MODEL-TM-969	Active	Engineering Store	MAXIMUM 60000-KG, MINIMUM-200-KG, SUPPLY-230 VAC 50 HZ	0.00	0.00	338	1	\N
3813	17876	VEGETABLE SEEDS	Active	Consumer store	\n	0.00	0.00	137	13	\N
3814	17899	SCRAPER HOLDER FOR 1750 KG C/F THYSSEN KRUPPA MACHINE	Active	Engineering Store	\n	0.00	0.00	125	1	\N
3815	17963	RUBBER RING FOR A CONTINOUS PAN RIGHT ANGLE VALVE TYPE-4, 317 X 365 X 385 X 20MM (JSL/PS/003-R1)	Active	Engineering Store	\n	0.00	0.00	225	1	\N
3816	17966	SUCTION VALVE FOR FOR CHICAGO PNEUMATIC MODE:2 H X 2T-21/11 PA (PART NO-903234090)	Active	Engineering Store	CR1	0.00	0.00	169	1	\N
3817	17967	DELIVERY VALVE FOR FOR CHICAGO PNEUMATIC MODE:2 H X 2T-21/11 PA (PART NO-903254190)	Active	Engineering Store	CR2	0.00	0.00	169	1	\N
3818	17968	SUCTION VALVE FOR FOR CHICAGO PNEUMATIC MODE:2 H X 2T-21/11 PA (PART NO-903254290)	Active	Engineering Store	CR3\n	0.00	0.00	169	1	\N
4394	21566	PRINTER INK, MAGNETA	Active	Consumer store	\N	0.00	0.00	228	1	\N
3819	17969	DELIVARY VALVE FOR FOR CHICAGO PNEUMATIC MODE:2 H X 2T-21/11 PA (PART NO-903254390)	Active	Engineering Store	CR4\n	0.00	0.00	169	1	\N
3820	17970	SPLIT PIN FOR FOR CHICAGO PNEUMATIC MODE:2 H X 2T-21/11 PA (PART NO-903510813)	Active	Engineering Store	\n	0.00	0.00	169	1	\N
3821	17974	HIGH TENSION BOLT & NUT 1/2" X 2" FULL THREAD	Active	Engineering Store	GRADE-10.9	0.00	0.00	59	1	\N
3822	17975	HIGH TENSION BOLT & NUT 3/8" X 40MM ,FULL THREAD	Active	Engineering Store	16TPI BSW ,GRADE-10.9\n	0.00	0.00	59	1	\N
3823	17982	OIL SEAL 180 X 210 X 15MM METAL COATED	Active	Engineering Store	\n	0.00	0.00	224	1	\N
3824	17989	REPAIR KIT FOR JANATIC AIR CYLINDER MODEL:A120321000	Active	Engineering Store	\N	0.00	0.00	313	1	\N
3825	17991	AIR FILTER REGULATOR WITH PRESSURE GAUGE,SIZE-1/4" BSP,RANGE-0 TO 10 KG/CM2	Active	Engineering Store	MODEL-SF60G-2-GM7-DB	0.00	0.00	322	1	\N
3826	18002	PRESSURE GAUGE 0-10KG/CM2,DIAL SIZE-150MM,1/2" BSP, WITH GLYCERIN FILLED	Active	Engineering Store	\N	0.00	0.00	320	1	\N
3827	18003	TEMPRATURE GAUGE,RANGE 0-150 DEG CEL,DIAL SIZE-150MM, LENGTH 300MM X 6MM1/2" BSP	Active	Engineering Store	\N	0.00	0.00	320	1	\N
3828	18024	MS NUT 40MM,HEXAGONAL,GRADE-A-194-2H	Active	Engineering Store	\N	0.00	0.00	65	3	\N
3829	18026	MS NUT 32MM,HEXAGONAL,GRADE-A-194-2H	Active	Engineering Store	\N	0.00	0.00	65	3	\N
3830	18027	MS WASHER PLAIN 48MM	Active	Engineering Store	\N	0.00	0.00	57	3	\N
3831	18038	SIGHT GLASS FOR HP DOSING PUMP MODEL-PR-20,RATIO:8:1,CAP 43LTR/HR,PRESSURE:94KG/CM2	Active	Engineering Store	\n	0.00	0.00	170	1	\N
3832	18039	SIGHT GLASS FOR LP DOSING PUMP MODEL-PR-10 ,RATIO:15:1,CAP 11 LTR/HR ,PRESSURE:6-KG/CM2	Active	Engineering Store	\n	0.00	0.00	170	1	\N
3833	18040	SEALING RING TEFLON FOR LP DOSING PUMP MODEL:PR-10,RATIO:15:1,CAP 11 LTR/HR ,PRESSURE :6-KG/CM2	Active	Engineering Store	\n	0.00	0.00	170	1	\N
3834	18046	JUNCTION BOX WITH TERMINAL ,INBULIT CABLE GLAND,BLOCK 2 ROW'S 80 TB'S	Active	Electric Store	WXH 300 X 400MM X 210MM CABLE ENTRY-BOTTOM,JB ( L X R ) SIDE,CABLE GLAND SIZE -21MM=10 NOS ,32MM=2-NOS	0.00	0.00	102	1	\N
3835	18047	MS UNION 1/2"	Active	Engineering Store	\n	0.00	0.00	220	1	\N
3836	18056	BEARING NJ 309 EC	Active	Engineering Store	\n	0.00	0.00	39	1	\N
3837	18064	BUTTERFLY VALVE 12"	Active	Engineering Store	PRESSURE 6KG/CM2,TEMP-120 DEG CEL,CI BODY CI, SS SPINDLE & DISC, EPDM RUBBER SEATTEMP-120 DEG CEL,	0.00	0.00	208	1	\N
3838	18078	BEARING COVER DRIVE END SHM 65/32 FOR-SYRUP PUMP	Active	Engineering Store	KIRLOSKAR-MAKE,SIZE-65X80MM,HEAD:31.91-MTR,DISCHARGE-81.63M3/HR, RPM-1475,INPUT-15.2KW\n	0.00	0.00	276	1	\N
3839	18084	TYRE 215-75 R-15	Active	Engineering Store	\N	0.00	0.00	251	1	\N
3840	18110	SIEMENS MICROPROCESSOR BASE REPAY 50-200 AMPS,MODEL-3RB2153-4FC2	Active	Electric Store	PROTECTION-O/C. E/F AND U/B	0.00	0.00	105	1	\N
3842	18124	CROMPTON GREAVES MOTOR 10 HP / 7.5 KW ,2920-RPM ( REPAIRED )	Active	Electric Store	\n\n	0.00	0.00	114	1	\N
3843	18132	CONNECTING LINK TRIPLEX CHAIN 3.5' PTICH	Active	Engineering Store	\n	0.00	0.00	151	1	\N
3844	18134	IDENTITY CARD COVER	Active	Consumer store	\n\n	0.00	0.00	228	1	\N
3845	18146	RETORT STAND WITH CLAMP FOT ETHNOL DISTILLATION ASSEMBLY	Active	Manufacturing Store	\N	0.00	0.00	330	1	\N
3846	18165	SPRING WASHER 25MM	Active	Engineering Store	\n	0.00	0.00	58	1	\N
3847	18173	COPPER LUG 500 SQMM SINGLE HOLE 21MM	Active	Electric Store	CRIMPING TYPE HEAVY DUTY\n	0.00	0.00	87	1	\N
3848	18175	FLEXIBLE COPPER CABLE 10SQMM X 1 CORE,MULTISTAND	Active	Electric Store	\n	0.00	0.00	81	7	\N
3849	18189	BEARING 627 RS	Active	Engineering Store	\n	0.00	0.00	42	1	\N
3850	18193	WHITE TRANSPARENT SHEET 3000MM X 1060MM	Active	Building Store	\N	0.00	0.00	47	1	\N
3851	18206	SCRAPPER PLATE CI 40 MM PITCH FOR TOP 4TH A.S MILL (JSL/MH/436,R-1)	Active	Engineering Store	\N	0.00	0.00	178	1	\N
3852	18207	SCRAPPER PLATE CI 40 MM PITCH FOR 4TH A.S  MILL (JSL/MH/437,R-1)	Active	Engineering Store	\N	0.00	0.00	178	1	\N
3853	18208	CURRENT TRANSFORMER RATIO:400/5 AMPS,CLASS-SP 5P10,BURDEN-10 VA,INSULATED CLASS-0.66/3 KVA,	Active	Electric Store	ID 60MM X OD X 105MM ( DRG JSL/ELE/283 )	0.00	0.00	111	1	\N
3854	18209	CURRENT TRANSDUCER AC ,I/P:0-5 AMPS AC,O/P:4-20 MA 50 HZ,230 VOLT AC	Active	Electric Store	\N	0.00	0.00	111	1	\N
3855	18211	TIMER ELECTRONIC OFF DELAY,RANGE:0.6 TO 600 SECOND,	Active	Electric Store	CAT NO-23GDT0, 240 V AC\n	0.00	0.00	109	1	\N
3856	18224	PRESSURE TRANSMITTER ( UNIVERSAL )RANGE-0-10 BAR ,CONNECTOR-1/2" ,SUPPLY- 24 VDC	Active	Engineering Store	\n	0.00	0.00	323	1	\N
3857	18238	GEAR COUPLING LFG 104 WITH PILOT BORE	Active	Engineering Store	\N	0.00	0.00	240	14	\N
3858	18240	GEAR COUPLING LFG 107 WITH PILOT BORE	Active	Engineering Store	\N	0.00	0.00	240	14	\N
3859	18241	GEAR COUPLING LFG 108 WITH PILOT BORE	Active	Engineering Store	\n	0.00	0.00	240	14	\N
3860	18248	AC GAS R-32	Active	Electric Store	\n	0.00	0.00	86	3	\N
3861	18251	CABLE GLAND 35 SQMM (1 3/8"), DOUBLE COMPRESSION	Active	Electric Store	\n	0.00	0.00	87	1	\N
3862	18291	TRASH PLATE 50MM PITCH FOR 42" X 84" MILL FOR 1ST (DRG-JSL/MH/550)	Active	Engineering Store	\N	0.00	0.00	178	1	\N
3863	18322	SS FLANGE 8"	Active	Engineering Store	GRADE-SS 416,TABLE D,AS PER BS-10, SCHEDULE-20	0.00	0.00	210	1	\N
3864	18342	LED FITTING HIGH BAY 150WATT ,VOLTAGE-90-300VOLT AC,50HZ	Active	Electric Store	PROTECTION:IP65,\n	0.00	0.00	79	1	\N
3865	18343	LED FITTING WELL GLASS 40WATT,VOLTAGE-90-300VOLT AC,50HZ	Active	Electric Store	PROTECTION:IP65 ( FROSTED GLASS )\n\n	0.00	0.00	79	1	\N
3866	18346	LED FITTING FLOOD LIGHTING 150WATT ,VOLTAGE:90-300 VOLT AC, 50HZ	Active	Electric Store	PROTECTION: IP65\n	0.00	0.00	79	1	\N
3867	18347	CHISSEL 10" ( 20 X 250MM ) FOR BREAKER M/C	Active	Engineering Store	\n	0.00	0.00	235	1	\N
3868	18385	IBR GATE VALVE 3/4" X 1500 #	Active	Engineering Store	END CONN:SW, MOC-SA182 F22, TEMP-550 DEG CEL, WITH TEST CERTIFICATE\n	0.00	0.00	208	1	\N
4395	21567	PRINTER INK, YELLOW	Active	Consumer store	\N	0.00	0.00	228	1	\N
3869	18390	IBR GLOBE VALVE 2", SOCKET WELDED ENDS, CLASS 1500, B16.34 (IBR)	Active	Engineering Store	MAX WORKING PRESSURE-100 KG/CM2,TEMP-515 DEG CEL WITH TEST CERTIFICATE	0.00	0.00	208	1	\N
3870	18448	IBR GATE VALVE 4" X 150 #	Active	Engineering Store	BOLTED BONNET, ASTM A105/ A216 GR WCB BODY, TRIM 8, FLANGED ENDS, CLASS 150, B16.34	0.00	0.00	208	1	\N
3871	18470	IMPELLER ETN 150-125-400GGC,HEAD-60,CAP-180,SS 304	Active	Engineering Store	KSB MAKE PUMP	0.00	0.00	269	1	\N
3872	18495	CARRYING IDLER 76 X 250MM LONG FOR SUGAR BELT CONVEYOR ( TYPE-2 ) DRG-JSL/BH/407	Active	Engineering Store	\N	0.00	0.00	128	1	\N
3873	18496	CARRYING IDLER 76 X 750MM FOR SUGAR BELT CONVEYOR ( TYPE-1 ) DRG:JSL/BH/407	Active	Engineering Store	\n	0.00	0.00	128	1	\N
3874	18526	RUBBER SCRAPPER 100MM WIDTH X 750MM LONG X 18MM THK FOR 32' DIA CLARIFIER,	Active	Engineering Store	WORKING TEMP-120 DEGREE CELCIUS, MEDIA-MUDDY CANE JUICE\n	0.00	0.00	123	1	\N
3875	18527	BUTTERFLY VALVE 10",LEVER OPRATED	Active	Engineering Store	PRESSURE  6 KG/CM2 OPERATING,MOC-SHAFT,SPINDLE  &  DISK SS-304,BODY CI,SEAT EPDM RUBBER,TEMP-120 DEG CEL	0.00	0.00	208	1	\N
3876	18580	HIGH TENSION BOLT & NUT 35 X 100MM, FULL THREAD	Active	Engineering Store	\N	0.00	0.00	59	1	\N
3877	18633	SPLINE SHAFT ID 13 TEETH	Active	Engineering Store	\N	0.00	0.00	241	1	\N
3878	18643	MS NUT 32MM,HEXAGONAL,GRADE-5.6	Active	Engineering Store	\n	0.00	0.00	65	3	\N
3879	18716	FEED PUMP ASSEMBLE FOR CANE HARVESTING M/C ( P NO-5802323843-P )	Active	Engineering Store	\n	0.00	0.00	254	1	\N
3880	18717	BENZO BOLT WITH WASHER FOR CANE HARVESTING M/C ( P NO-8422567 )	Active	Engineering Store	\n	0.00	0.00	254	1	\N
3881	18718	V BELT FOR CANE HARVESTING M/C ( P NO-98473705 )	Active	Engineering Store	\n	0.00	0.00	254	1	\N
3882	18727	COPPER LUG 25SQMM, PIN TYPE	Active	Electric Store	\n	0.00	0.00	87	1	\N
3883	18742	LED TUBE LIGHT SET 20WATTX 1	Active	Electric Store	\n	0.00	0.00	79	1	\N
3884	18743	LED BULB 15WATT	Active	Electric Store	PIN TYPE\n	0.00	0.00	79	1	\N
3885	18744	SS PLATE 5MM,304  GRADE	Active	Engineering Store	\N	0.00	0.00	193	3	\N
3886	18773	TRIPLEX CHAIN 3.5" PITCH	Active	Engineering Store	MINIUM TENSILE STRENGTH 2240000N	0.00	0.00	151	7	\N
3887	18788	HIGH TENSION BOLT 29.6 X 140MM X 7 TPI FULL THREAD,TYPE-1,GRADE-12.9 ( DRG-JSL/MH/388 /R1)	Active	Engineering Store	\nPART NO-1	0.00	0.00	59	1	\N
3888	18797	RAKE CARRIER CHAIN 300MM PITCH ,80 TON BREAKING LOAD (DRG-SE/5322/300/RO)	Active	Engineering Store	\n	0.00	0.00	151	7	\N
3889	18834	C PVC BRASS ADAPTOR 3/4" X 1/2" (FTA)	Active	Building Store	\N	0.00	0.00	\N	1	\N
3890	18859	IMPELLER SS TMH-28 FOR MONOBLOCK PUMP,2900 RPM	Active	Engineering Store	HEAD-20 MTR,S.NO-61101031290	0.00	0.00	269	1	\N
3891	18878	CC GALVALUME PROFILE SHEET 3000 MM LENGTH X 1060MM WIDTH X 0.50 MM THK	Active	Building Store	SKY BLUE COLOUR \n \n	0.00	0.00	47	1	\N
3892	18890	DIFFUSALAY 800 ELH ELECTRODE 3.15MM	Active	Engineering Store	\N	0.00	0.00	257	3	\N
3893	18905	ARMORED COPPER CABLE 7 CORE X 2.5 SQMM	Active	Electric Store	1100 VOLT	0.00	0.00	87	7	\N
3894	18927	MILL AUTOMATION SYSTEM SCADA & PAC CONTROLLER BASED	Active	Engineering Store	1) SCADA SYSTEM WILL UPGRADE TO VERSION WITH NEW LICENSE WITH DISPLAY 2) MODIFICATION OF PROGRAMMING AND SCADA 3) NEW OPERATING SYSTEM WITH LONFIGURATION OF WINDOW OF 10 OPERATING SYSTEM PROCESSOR I5,12TH GENERATION SSD-512 GB,RAM 8GB,24 INCH MONITOR,MAKE DELL/LENOVA	0.00	0.00	318	14	\N
3895	18935	ALFA NUTRA LIQUID ( DAP)	Active	Distillery Spares	\N	0.00	0.00	76	3	\N
3896	18936	ALFA NUTRA POWDER (UREA)	Active	Distillery Spares	\N	0.00	0.00	76	3	\N
3897	18941	BUTTERFLY VALVE 400MM, GEAR OPERATED	Active	Engineering Store	PRESSURE-3-KG/CM2,TEMP-60 DEG CEL ,MOC-SHAFT,DISC SS304,BODY CI , SEAT EPDM,APPLICATION -VACUUM CONDENSER	0.00	0.00	208	1	\N
3898	18947	ALLEN KEY BOLT 16 X 70MM,HALF THREAD	Active	Engineering Store	\N	0.00	0.00	55	1	\N
3899	18969	RO END CAP CONNECTOR (AS PER SPECIMAN)	Active	Manufacturing Store	\N	0.00	0.00	334	1	\N
3900	19038	HIGH TENSION BOLT & NUT 32 X 100MM,HALF THREAD	Active	Engineering Store	10.9 SERIES	0.00	0.00	59	1	\N
3901	19053	EXHAUST FAN,MODEL-REC-21725A2,VAC 220 V,AMP-0.2	Active	Electric Store	\N	0.00	0.00	84	1	\N
3902	19131	MS BOLT & NUT 16 X 125MM,HALF THREAD	Active	Engineering Store	\n	0.00	0.00	\N	3	\N
3903	19132	MS BOLT & NUT 16 X 250MM ( HALF THREAD )	Active	Engineering Store	\n	0.00	0.00	\N	3	\N
3904	19133	MS BOLT & NUT 16 X 200MM HALF THREAD	Active	Engineering Store	\n	0.00	0.00	\N	3	\N
3905	19134	MS BOLT & NUT 5/8" X 4" FULL THREAD	Active	Engineering Store	\n	0.00	0.00	54	3	\N
3906	19135	STUD BOLT & NUT 22 X 100MM MS	Active	Engineering Store	\n	0.00	0.00	61	1	\N
3907	19143	FPR SLAT 825MM X 70MM WIDTH X 10MM THK	Active	Engineering Store	\N	0.00	0.00	185	1	\N
3908	19151	SS CONNECTOR 6MM X 1/4"	Active	Distillery Spares	\N	0.00	0.00	72	1	\N
3909	19174	MOTOR BEARING FOR CRI MAKE MVC2/11 MR RO WATER PUMP	Active	Manufacturing Store	\N	0.00	0.00	334	1	\N
3910	19202	CROMPTON GREAVES MOTOR 75HP / 55 KW,1480 RPM,FOOT MOUNTED	Active	Electric Store	\N	0.00	0.00	110	1	\N
3911	19234	HIGHTENSION BOLT 10 X 60MM,FULL THREAD	Active	Engineering Store	\n	0.00	0.00	59	1	\N
3912	19239	MS BOLT & NUT 5/8" X 7",HALF THREAD	Active	Engineering Store	\n	0.00	0.00	\N	3	\N
3913	19260	SEAMLESS PIPE 8MM	Active	Engineering Store	DIN 2391 ST NBK STD	0.00	0.00	214	7	\N
3914	19303	MECHANICAL SEAL DOUBLE FOR SINTECH PUMP MODEL-SAPP 100/320	Active	Distillery Spares	\n	0.00	0.00	70	14	\N
3915	19305	LAB INCHARGE STOCK REGISTER 200 PAGE	Active	Consumer store	\N	0.00	0.00	227	1	\N
3916	19308	CS GATE VALVE 4",RISING SPINLDE	Active	Engineering Store	RING SS,BODY CS,BODY SEAT RING,PLUG SEAT & SPINLDE AISI-410,FLANGE DRILLED AS PER BS 10 TABLE,HYDRAULIC TESTING PRESSURE 7-KG/CM2,WORKING PRESSURE-3-KG/CM2,TEMP-120 DEG CEL	0.00	0.00	208	1	\N
3917	19309	CS GATE VALVE 3", RISING SPINDLE	Active	Engineering Store	RING SS,BODY CS,BODY SEAT RING,PLUG SEAT & SPINLDE AISI-410,FLANGE DRILLED AS PER BS 10 TABLE,HYDRAULIC TESTING PRESSURE 7-KG/CM2,WORKING PRESSURE-3-KG/CM2,TEMP-120 DEG CEL	0.00	0.00	208	1	\N
3918	19314	HDMI SPILITTER 1 IN 4 OUT	Active	Consumer store	\N	0.00	0.00	228	1	\N
3919	19360	GUN METAL BEARING BOTTOM FOR 5TH ULKA MILL	Active	Engineering Store	\N	0.00	0.00	175	1	\N
3920	19363	W.C ASSEBLY FOR HYDRA	Active	Engineering Store	\N	0.00	0.00	253	1	\N
3921	19392	L&T RELAY TYPE-MK1,RANGE-18 TO 22 AMPS,CAT-SS9003600CO	Active	Electric Store	\N	0.00	0.00	93	1	\N
3922	19427	BAGACILLO BLOWER WITH BASE FRAME WITHOUT MOTOR,CAP-365M3/MIN	Active	Engineering Store	SUITABLE PULLY FOR MOTOR & PAN, STATIC PRESSURE-250MMWC,IMPELLER SPEED-1270 RPM,,BAGACILLO BLOWER WITH DULLY ASSELMBY,V PULLEY,V BELTS,PLUMMER BLOCK WITH BEARING,PAN WITH SAHFT,SUCTION & DELIVERY ,FLANGES	0.00	0.00	127	14	\N
3923	19435	SUCTION FILTER 65 WC	Active	Engineering Store	KAY INTERNATIONAL MAKE,CAP-300M3/HR,INPUT-25 HP,S.NO-65 WC 0007198 TBP,SIZE-MM OUTLET PRESSURE 1-KGSQCM	0.00	0.00	285	1	\N
3924	19442	BEARING COVER KPD 150/43, DRIVE END	Active	Engineering Store	KIRLOSKAR BROTHERS MAKE:HEAD:60 MTR,SIZE:150 X 200MM,1480-RPM,DISCHARGE:350M3/HR,INPUT 77.7-KW	0.00	0.00	276	1	\N
3925	19443	LANTERN BRACKET KPD 150/43	Active	Engineering Store	KIRLOSKAR BROTHERS MAKE:HEAD:60 MTR,SIZE:150 X 200MM,1480-RPM,DISCHARGE:350M3/HR,INPUT 77.7-KW	0.00	0.00	273	1	\N
3926	19447	RAKES FOR SLAT CONVEYOR (SC-1) DRG-JSL/COGEN/402	Active	Engineering Store	\N	0.00	0.00	152	1	\N
3927	19461	MS STRAIGHT CONNECTOR 3/8" X 3/8" WITH NUT & FERRUAL	Active	Engineering Store	\N	0.00	0.00	202	1	\N
3928	19465	MS CONNECTOR 1" X 1"	Active	Engineering Store	\N	0.00	0.00	202	1	\N
3929	19477	NEEDLE GB 230 (DR X 2-26) FOR STITCHING MACHINE,MODEL-AS 802 VM (800641)	Active	Engineering Store	GABBAR MAKE MACHINE	0.00	0.00	120	1	\N
3930	19492	BEARING 51120 A	Active	Engineering Store	THRUST BEARING	0.00	0.00	41	1	\N
3931	19517	LHP MAKE 3 PHASE INDUCTION MOTOR 25 HP/ 18.5 KW,2930-RPM,FLANGE MOUNTED TYPE ( REPAIRED )	Active	Electric Store	\N	0.00	0.00	114	1	\N
3932	19518	ROUND BOTTOM FLASK 500ML CAP, 24/29	Active	Manufacturing Store	\N	0.00	0.00	330	1	\N
3933	19519	ROUND BOTTOM FLASK 1000ML CAP, 24/29	Active	Manufacturing Store	\N	0.00	0.00	330	1	\N
3934	19542	MCB DISTRUBUTION BOX 6 MODULER (PVC BODY)	Active	Electric Store	\N	0.00	0.00	102	1	\N
3935	19543	TERMINAL BLOCK 7.5 HP MOTOR,FRAME 132S	Active	Electric Store	\N	0.00	0.00	110	1	\N
3936	19547	GRAPHIC CARD NVIDIA-QUADR0 4000	Active	Engineering Store	\N	0.00	0.00	309	1	\N
3937	19553	REFLECTOR CLOTH BANNER 3 FEET WIDTH X 2 FEET HEIGHT FOR CANE TRACTOR	Active	Consumer store	\N	0.00	0.00	138	1	\N
3939	19572	SLEEVE SS KPD 200-46,55 MTR HEAD,DISCHARGE 500M3/HR	Active	Engineering Store	KIRLOSKAR PUMP INPUT-150 HP,1400 RPM,S.NO-1378520002\n	0.00	0.00	270	1	\N
3940	19575	SLEEVE SS KPD 125-40,55 MTR HEAD,DISCHARGE 150M3/HR	Active	Engineering Store	KIRLOSKAR BROTHER PUMP INPUT-60 HP,S.NO-1373120002,1440 RPM	0.00	0.00	270	1	\N
3941	19576	SHAFT KPD 125-40,55 MTR HEAD,DISCHARGE 150M3/HR WITH NUT SS	Active	Engineering Store	KIRLOSKAR BROTHER PUMP INPUT-60 HP,S.NO-1373120002,1400 RPM\n	0.00	0.00	271	1	\N
3942	19577	SLEEVE SS KPD 100-40,40 MTR HEAD,150M3/HR DISCHARGE	Active	Engineering Store	KIRLOSKAR BROTHER PUMP INPUT-40 HP,S.NO-1372820014\n	0.00	0.00	270	1	\N
3943	19578	SHAFT KPD 100-40,40 MTR HEAD,150M3/HR DISCHARGE WITH NUT	Active	Engineering Store	KIRLOSKAR BROTHER PUMP INPUT-40 HP,S.NO-1372820014\n	0.00	0.00	271	1	\N
3944	19582	SLEEVE SS ETN 100-080-315 GC,35 MTR HEAD,150 M3/HR,	Active	Engineering Store	KSB PUMP INPUT-30 HP,S.NO-9974353232/0100/02\n	0.00	0.00	270	1	\N
3945	19584	LATTERN BRACKET KPD 150/40,40 MTR HEAD,350M3/HR DISCHARGE	Active	Engineering Store	KIRLOSKAR BROTHER PUMP,INPUT-51.16 KW HP,SIZE-150X200,1460 RPM\n	0.00	0.00	270	1	\N
3946	19608	O RING KIT	Active	Engineering Store	\N	0.00	0.00	122	1	\N
3947	19622	SLEEVE SS ETN 150-125-400 GGCP	Active	Engineering Store	KSB MAKE PUMP ,HEAD-60 MTR,DISCHARGE-180, 1450 RPMS.NO-9973310648/0300 & 02	0.00	0.00	270	1	\N
3948	19623	SHAFT ETN 150-125-400 GGCP  SS WITH NUT	Active	Engineering Store	KSB MAKE PUMP ,HEAD-60 MTR,DISCHARGE-180, 1450 RPMS.NO-9973310648/0300 & 02	0.00	0.00	271	1	\N
3949	19624	BEARING COVER ETN 150-125-400 GGCP	Active	Engineering Store	KSB MAKE PUMP ,HEAD-60 MTR,DISCHARGE-180, 1450 RPMS.NO-9973310648/0300 & 02\n	0.00	0.00	276	1	\N
3950	19630	QUICK FITTING ELBOW 3/8" BSP,,PART NO-920609	Active	Distillery Spares	\N	0.00	0.00	72	1	\N
3951	19631	SLEEVE KWPK GC 150-400 IT AX (SS GRADE-524)	Active	Engineering Store	KSB PUMP,390M3/HR,HEAD-16 MTR,S.NO-997470617/100	0.00	0.00	270	1	\N
3952	19632	SHAFT KWPK GC 150-400 IT AX SS WITH LOCK NUT	Active	Engineering Store	KSB PUMP,390M3/HR,HEAD-16 MTR ,979 RPM,.NO-997470617/100\n	0.00	0.00	271	1	\N
3953	19634	LANTERN RING KWPK GC 150-400 IT AX (SS GRADE-458)	Active	Engineering Store	KSB PUMP,390M3/HR,HEAD-16 MTR,S.NO-997470617/100\n	0.00	0.00	279	1	\N
3954	19636	IMPELLER SS KWPK GC 150-400 IT AX (SS GRADE-410)	Active	Engineering Store	KSB PUMP,390M3/HR,HEAD-16 MTR,S.NO-997470617/100\n	0.00	0.00	269	1	\N
3955	19645	FLEXIBLE COPPER CABLE 1 CORE X 10SQMM,1100 VOLT, GREEN COLOUR	Active	Electric Store	\N	0.00	0.00	81	7	\N
3956	19659	PRESSURE GAUGE 0 TO 40 KG/CM2 1/2" BSP,150MM DIAL WITH GLYCRIN	Active	Engineering Store	\N	0.00	0.00	319	1	\N
3957	19677	RUBBER STRIP 25MM X 5MM THK	Active	Engineering Store	TEMP WITHSTAND-140 DEG CEL,EPDM	0.00	0.00	225	7	\N
3958	19686	SS BOLT & NUT 6 X 25MM,FULL THREAD	Active	Engineering Store	\N	0.00	0.00	63	1	\N
3959	19687	SS BOLT & NUT 8 X30MM,FULL THREAD	Active	Engineering Store	\N	0.00	0.00	63	1	\N
3960	19693	POLYMAX SUPREME (CANE SANITATION CHEMICAL)	Active	Manufacturing Store	5PPM / TON OF CANE	0.00	0.00	325	3	\N
3961	19694	POLYMAX ESR  (MILL SANITATION CHEMICAL)	Active	Manufacturing Store	10 PPM / TON OF CANE	0.00	0.00	325	3	\N
3962	19719	BEARING 23036 CCK/W33	Active	Engineering Store	\N	0.00	0.00	38	1	\N
3963	19720	BEARING 23028 CC/ C3 W33	Active	Engineering Store	\N	0.00	0.00	38	1	\N
3964	19727	RUBBER RING FOR RIGHT ANGLE VALVE  844 X 860 X 22MM (DRG:JSL/BH329-R0) SILICON RUBBER	Active	Engineering Store	\N	0.00	0.00	225	1	\N
3965	19728	TRASH PLATE 50MM PITCH FOR 42" X 84" MILL FOR 2ND (DRG-JSL/MH/551)	Active	Engineering Store	\N	0.00	0.00	178	1	\N
3966	19729	TRASH PLATE 40MM PITCH FOR 42" X 84" MILL FOR 5TH (DRG/JSL/MH/553)	Active	Engineering Store	\N	0.00	0.00	178	1	\N
3967	19730	SCRAPPER PLATE TOP FOR 1ST & 2ND MILL 42" X 84" (DRG-JSL/MH/539/R0)	Active	Engineering Store	\N	0.00	0.00	178	1	\N
3968	19731	SCRAPPER PLATE BOTTOM FOR 1ST & 2ND MILL 42" X 84" (DRG-JSL/MH/540/R0)	Active	Engineering Store	\N	0.00	0.00	178	1	\N
3969	19732	SCRAPPER PLATE TOP FOR 1ST & 2ND GRPF MILL 42" X 84"  (DRG-JSL/MH/542/R0)	Active	Engineering Store	\N	0.00	0.00	178	1	\N
3970	19733	SCRAPPER PLATE BOTTOM FOR 1ST & 2ND GRPF MILL 42" X 84" (DRG-JSL/MH/541/R0)	Active	Engineering Store	\N	0.00	0.00	178	1	\N
3971	19734	SCRAPPER PLATE TOP FOR3RD & 4TH TRPF MILL 42" X 84" (DRG-MI/MH/02/15040)	Active	Engineering Store	\N	0.00	0.00	178	1	\N
3972	19735	SCRAPPER PLATE BOTTOM FOR 3RD & 4TH TRPF MILL 42" X 84" (DRG-MI/MH/03/15039)	Active	Engineering Store	\N	0.00	0.00	178	1	\N
3973	19736	SYRUP SAVER CHEMICAL	Active	Manufacturing Store	SYRUP STORAGE CONDITIONER (30 PPM /MT FOR 300000-MT OF CANE I,E, 7500-MT FOR UNSULPHITED SYRUP OF 60/65 BRICKS)SPECIFICATION-PH-11.00,SPECIFIC GRAVITY-1.2,COLOUR-RED ORANGE,SMELL-PUNJENT,ASSAY % MIN 40%	0.00	0.00	325	3	\N
3974	19751	POLYMER RUNNER PATTI WITH SS CLADDING 75 X 22 X 1000MM ( YELLOW ) DRG-JSL/316/R1) , TYPE-2	Active	Engineering Store	\n	0.00	0.00	152	1	\N
3975	19752	POLYMER RUNNER PATTI WITHOUT CLADDING 75 X 20 X 1000MM ( YELLOW ) DRG-JSL/316/R1,TYPE-2	Active	Engineering Store	\n	0.00	0.00	152	1	\N
3976	19753	RUBBER CORD 25 X 15 X 14 X 6MM,T TYPE,FOR- A CONTI PAN ( JSL/BH/371 )	Active	Engineering Store	\n	0.00	0.00	225	7	\N
3977	19754	RUBBER CORD 30 X 20 X 14 X 6MM,T TYPE,FOR- C CONTI PAN ( JSL/BH/371 )	Active	Engineering Store	\n	0.00	0.00	225	7	\N
3978	19755	RUBBER CORD 36 X 20 X 14 X 6MM,T TYPE FOR- 5TH BATCH PAN ( JSL/BH/371 )	Active	Engineering Store	\n	0.00	0.00	225	7	\N
3979	19769	SIGNAL ISOLATOR MODEL-9000 U-S-C U1-2-1,I/P-4 TO 20MA,O/P-4 TO 20MA (DUAL) 3,OPT WITH ZERO SPAN ADJESTMENT.O/P-(TPS) 24 VDC,POWERSUPPLY-90-265 VAC	Active	Distillery Spares	\N	0.00	0.00	72	1	\N
3980	19771	PUMP HOUSING FOR ROTO PUMP TYPE-RLAB671P2CD3D,CAP-60.6M3/HR,225 RPM (5010)	Active	Engineering Store	\N	0.00	0.00	295	1	\N
3981	19772	BEARING CARTRIDGE SHM 50/32N,HEAD 30 MTR,DISCHARGE-25M3/HR,1440 RPM	Active	Engineering Store	PUMP INPUT 18.5 KW	0.00	0.00	276	1	\N
3982	19773	FIRE EXTINGUISHER MECHANICAL FOAM TYPE 9 LIT CAP	Active	Consumer store	\N	0.00	0.00	139	1	\N
3983	19774	SLEEVE SS SMF 400 X 450,CAP-2500M3/HR	Active	Engineering Store	SINTECH MAKE PUMP	0.00	0.00	270	1	\N
3984	19779	WELL GLASS FITTING 45 WATTS LED ,TYPE FLAME PROOF,220 VOLTS 50-HZ AC	Active	Electric Store	\N	0.00	0.00	79	1	\N
3985	19792	PVC CLAMP 20MM OD	Active	Engineering Store	\N	0.00	0.00	\N	1	\N
3986	19816	SIMPLEX CHAIN SPROCKET 25 TEETH X 3/4" PITCH	Active	Engineering Store	\n	0.00	0.00	128	1	\N
3987	19817	SPROCKET 38 TEETH X 25MM PITCH	Active	Engineering Store	\n	0.00	0.00	128	1	\N
3988	19818	SIMPLEX CHAIN LOCK FULL 1" PITCH	Active	Engineering Store	\N	0.00	0.00	151	1	\N
3989	19819	PULLEY CI 2" X 2 WAY B-SECTION FOR STACKER MACHINE	Active	Engineering Store	PILOT BORE ( V-TYPE )	0.00	0.00	128	1	\N
3990	19820	PULLEY CI 5" X 3WAY B-SECTION	Active	Engineering Store	PILOT BORE ( V-TYPE )\n	0.00	0.00	128	1	\N
3991	19821	PULLEY CI 4" X 2 WAY C-SECTION	Active	Engineering Store	PILOT BORE ( V-TYPE )\n	0.00	0.00	128	1	\N
3992	19822	PULLEY CI 5" X 3 WAY C-SECTION	Active	Engineering Store	PILOT BORE ( V-TYPE )\n	0.00	0.00	128	1	\N
3993	19829	MS BOLT FOR CLEAR JUICE HEATER T-TYPE (JSL/EVP/79/R1,PART -2) 30 X 190MM	Active	Engineering Store	\N	0.00	0.00	54	1	\N
3994	19835	SS PIPE 1 1/2" GRADE 304 SCH-40 ERW	Active	Engineering Store	\N	0.00	0.00	205	4	\N
3995	19841	MS BOLT 12 X 50MM, FULL THREAD	Active	Engineering Store	\N	0.00	0.00	54	3	\N
3996	19860	MECHANICAL SEAL DRIVE END FOR  MATHER + PLATT ,PN ISO-21	Active	Engineering Store	HEAD-55 MTR ,FLOW-65 M3/HR	0.00	0.00	267	1	\N
3997	19863	MS BEND SHORT 1/2" ERW, SCH-40,RADIUS 1.5 D	Active	Engineering Store	\N	0.00	0.00	213	1	\N
3998	19865	MS BEND SHORT 1" ERW, SCH-40,RADIUS 1.5 D	Active	Engineering Store	\N	0.00	0.00	213	1	\N
3999	19866	MS BEND SHORT 1 1/2" ERW, SCH-40,RADIUS 1.5 D	Active	Engineering Store	\N	0.00	0.00	213	1	\N
4000	19867	MS BEND SHORT 2 1/2" ERW, SCH-40,RADIUS 1.5 D	Active	Engineering Store	\N	0.00	0.00	213	1	\N
4001	19869	MS BEND SHORT 4" ERW, SCH-40,RADIUS 1.5 D	Active	Engineering Store	\N	0.00	0.00	213	1	\N
4002	19872	MS BEND SHORT 10" ERW, SCH-40,RADIUS 1.5 D	Active	Engineering Store	\N	0.00	0.00	213	1	\N
4003	19874	MS BEND SHORT 2" ERW, SCH-40,RADIUS 1.5 D	Active	Engineering Store	\N	0.00	0.00	213	1	\N
4004	19887	PIN FOR MS SLAT NYLON ROLLER	Active	Engineering Store	\N	0.00	0.00	128	1	\N
4005	19888	GI BOLT & NUT 8 X 30MM (ROUND HEAD) FOR NYLON SLAT	Active	Engineering Store	\N	0.00	0.00	128	1	\N
4006	19893	RUBBER CORD 32 X 10 X 19 X 5MM, T-TYPE FOR 800 STV TOP COVER (DRG:JSL/EVP/161)	Active	Engineering Store	\N	0.00	0.00	225	7	\N
4007	19894	SUCTION VALVE ASSEMBLY 7 X 5 NON LUB	Active	Engineering Store	\N	0.00	0.00	160	1	\N
4008	19895	PISTON NUT LOCK WASHER 7 X 5 NON LUB	Active	Engineering Store	\n	0.00	0.00	160	1	\N
4009	19936	BEARING SLEEVE H 326	Active	Engineering Store	\N	0.00	0.00	44	1	\N
4010	19953	FLOAT VALVE 3/4"	Active	Engineering Store	\N	0.00	0.00	208	1	\N
4011	19977	RETURN IDLER 80 X 690MM FOR MUD BELT CONVEYOR ( TYPE-1 ) DRG:JSL/CLR/106R1	Active	Engineering Store	\n	0.00	0.00	131	1	\N
4012	20005	SS BOLT & DOUBLE LOCK 8 X 30MM.FULL THREAD	Active	Engineering Store	\n	0.00	0.00	63	1	\N
4013	20016	RTD SCREENED CABLE SINGLE TRAID X 0.5 SQMM	Active	Engineering Store	EACH CORE SHOULD BE 0.5 SQMM\n	0.00	0.00	318	7	\N
4014	20045	PVC ID CARD	Active	Consumer store	\N	0.00	0.00	228	1	\N
4015	20049	MS BOLT & NUT 24 X 75MM,HALF THREAD	Active	Engineering Store	\n	0.00	0.00	\N	3	\N
4016	20051	MS BOLT & NUT 24 X 80MM,HALF THREAD	Active	Engineering Store	\n	0.00	0.00	\N	3	\N
4017	20052	COUNTER SHANK BOLT & NUT 20 X 210MM, ALLEN HEAD	Active	Engineering Store	\n	0.00	0.00	56	1	\N
4018	20053	COUNTER SHANK BOLT & NUT 20 X 90MM, ALLEN HEAD	Active	Engineering Store	\n	0.00	0.00	56	1	\N
4019	20054	HIGH TENSION BOLT & NUT 20 X 50MM,FULL THREAD	Active	Engineering Store	\n	0.00	0.00	59	1	\N
4020	20055	HIGH TENSION BOLT & NUT 20 X 210MM,FULL THREAD	Active	Engineering Store	\N	0.00	0.00	59	1	\N
4021	20056	HIGH TENSION BOLT & NUT 24 X 120MM,HALF THREAD	Active	Engineering Store	\n	0.00	0.00	59	1	\N
4022	20058	CANE CARRIER SLAT (DRG-JSL/MH/259/R0) 0.240MM  X 2128MM	Active	Engineering Store	\N	0.00	0.00	173	1	\N
4023	20059	RAKE FOR INTER CARRIER 300MM PITCH (DRG-JSL/MI/MH/03/14996)	Active	Engineering Store	\N	0.00	0.00	173	1	\N
4024	20060	RAKES FOR BAGASSE ELEVATOR (DRG-JSL/MH/453/R0)	Active	Engineering Store	\N	0.00	0.00	183	1	\N
4025	20061	COUPLING BOLT WITH NYLOCK NUT 17 X 78MM,TYPE-1 (JSL/MH/459)	Active	Engineering Store	\n	0.00	0.00	60	1	\N
4026	20062	FORGED LINK WITH PLATE FOR 1ST,2ND,3RD,4TH INTER CARRIER CHAIN (80-TON LOAD) DRG-SE/5322/300/R0) PART NO-SG009	Active	Engineering Store	\N	0.00	0.00	173	1	\N
4027	20063	COUPLING BOLT WITH NYLOCK NUT 13 X 86MM,TYPE-2 (JSL/MH/459)	Active	Engineering Store	\n	0.00	0.00	60	1	\N
4028	20064	FORGED LINK PLAIN FOR 1ST,2ND,3RD,4TH INTER CARRIER CHAIN (80-TON LOAD) DRG-SE/5322/300/R0) PART NO-SG008	Active	Engineering Store	\N	0.00	0.00	173	1	\N
4029	20065	COUPLING BOLT WITH NYLOCK NUT 20 X 132MM,TYPE-3 (JSL/MH/459)	Active	Engineering Store	\n	0.00	0.00	60	1	\N
4030	20067	COUPLING BOLT WITH NYLOCK NUT 20 X 90MM,TYPE-4 (JSL/MH/459)	Active	Engineering Store	\n	0.00	0.00	60	1	\N
4031	20068	COUPLING BOLT WITH NYLOCK NUT 18 X110MM,TYPE-5 (JSL/MH/459)	Active	Engineering Store	\n	0.00	0.00	60	1	\N
4032	20069	COUPLING BOLT WITH NYLOCK NUT 20 X 90MM,TYPE-6 (JSL/MH/459)	Active	Engineering Store	\n	0.00	0.00	60	1	\N
4033	20070	COUPLING BOLT WITH NYLOCK NUT 24 X 125MM,TYPE-7 (JSL/MH/459)	Active	Engineering Store	\N	0.00	0.00	60	1	\N
4034	20071	COUPLING BOLT WITH NYLOCK NUT 24 X 166MM,TYPE-8 (JSL/MH/459)	Active	Engineering Store	\n	0.00	0.00	60	1	\N
4035	20073	NYLOCK NUT 29MM, (DRG-JSL/MH/052/R2) PART NO-SG0012	Active	Engineering Store	\N	0.00	0.00	62	1	\N
4036	20075	PIN THREADED FOR 1ST,2ND,3RD,4TH INTER CARRIER CHAIN (80-TON LOAD) DRG-JSL/MH/550-RO) PART NO-SG003	Active	Engineering Store	\N	0.00	0.00	173	1	\N
4037	20076	HIGH TENSION STUD BOLT & DOUBLE NUT 50 X 1070MM, PART NO-1 ( DRG NO: MI/MH/SO3/14414 )	Active	Engineering Store	\n	0.00	0.00	61	1	\N
4038	20080	HIGH TENSION STUD BOLT & DOUBLE NUT 27 X 180MM,FULL THREAD	Active	Engineering Store	GR.ASTM A193,GR:B7/2H\n	0.00	0.00	61	1	\N
4039	20081	SS STUD BOLT WITH BOTH SIDE DOUBLE NUT 1 1/2" BSW X 12" LENGTH	Active	Engineering Store	\n	0.00	0.00	61	1	\N
4040	20082	SS STUD BOLT WITH BOTH SIDE DOUBLE NUT 1 1/2" BSW X 7" LENGTH	Active	Engineering Store	\n	0.00	0.00	61	1	\N
4041	20086	AIR FLOW CONTROL VALVE 1/8" X 8MM	Active	Engineering Store	\n	0.00	0.00	310	1	\N
4042	20106	C PVC BALL VALVE 1"	Active	Engineering Store	\n	0.00	0.00	208	1	\N
4043	20118	AIR FILTER ELEMENT WITH COMPLET MS FRAME ASSEMBLY SUITEBLE FOR 135 KW FRAME ILFC 250M, DC MOTER, IEC MAKE	Active	Electric Store	\n	0.00	0.00	110	14	\N
4044	20121	FRL UNIT 1/2"  FOR 7 X 5 LUB	Active	Engineering Store	\n	0.00	0.00	160	1	\N
4045	20123	CARBON BRUSH HOLDER SUITABLE FOR CARBON BRUSH SIZE-12.5 X 32 X 40MM FOR 135KW FRAME ILFC 250M DC MOTER, IEC MAKE	Active	Electric Store	\N	0.00	0.00	83	1	\N
4046	20127	BOLT 1/2" X 1" FOR 8 X 7 NON LUB	Active	Engineering Store	\n	0.00	0.00	296	1	\N
4047	20139	SS PIPE 6" ,GRADE-310 S,SCH 20	Active	Engineering Store	6-MTR LENGTH	0.00	0.00	214	4	\N
4048	20151	SIEMENS MAIN CONTACT KIT 3TF 50 (3TY7 500-0ZA)	Active	Electric Store	\N	0.00	0.00	99	1	\N
4049	20158	VORTEX FLOW METER 2" WITH REMOTE INDICATOR CABLE 10-MTR & MATCHING FLANGE	Active	Distillery Spares	FLOW RATE-40 TPH ,WATER TEMPRATURE-110 -120 DEG CEL ,PRESSURE-0-7KG/CM2 ,ACCURACY-0.25,POWER SUPPLY-230VAC, MEDIA-CONDENSET HOT WATER ,INSTALLATION & COMISSINING UNDER SUPPLIER SCOPE\n	0.00	0.00	72	1	\N
4050	20166	CONNECTOR D-9 MALE TYPE	Active	Engineering Store	\N	0.00	0.00	310	1	\N
4051	20167	CONNECTOR D-9 FEMALE TYPE	Active	Engineering Store	\N	0.00	0.00	310	1	\N
4052	20169	L&T AIR BREAK CONTACTOR MNX 32,COIL VOLT  220 V AC,32 AMPS,	Active	Electric Store	CAT NO-CS94111	0.00	0.00	89	1	\N
4053	20170	L&T AIR BREAK CONTACTOR MNX 40,COIL VOLT  220 V AC,40 AMPS,	Active	Electric Store	CAT NO-CS94190	0.00	0.00	89	1	\N
4054	20171	L&T AIR BREAK CONTACTOR MNX 70,COIL VOLT  220 V AC,70 AMPS,	Active	Electric Store	CAT NO-ST1900L	0.00	0.00	89	1	\N
4055	20173	L&T OVER LOAD RELAY TYPE-MK1,RANGE-9 TO 14 AMPS,CAT-SS9003500A0	Active	Electric Store	\N	0.00	0.00	92	1	\N
4056	20184	BEARING NU 313 ECP	Active	Engineering Store	CYLINDERCAL ROLLER	0.00	0.00	39	1	\N
4057	20206	TEMPRATURE GAUGE FOR TRANSFORMER WINDING RANGE : 0-150DEG CEL, PT-100, TYPE-ANALOG	Active	Engineering Store	WITH 2NO+2NC MICRO SWITCH SENSOR SIZE-100 X 10MM WITH 3METER FLEXIBLE METAL PROTECTED WIRE	0.00	0.00	234	1	\N
4058	20230	COUPLING WITH BOLT FOR FEEDER TABLE DRIVE SHAFT (JSL/MH/463)	Active	Engineering Store	MOC-CAST STEEL	0.00	0.00	239	14	\N
4059	20255	COUPLING ROD PIN FOR ROTO PUMP RLAB671R2CD3D	Active	Engineering Store	CAP-60M3/HR, RPM-225	0.00	0.00	275	1	\N
4060	20256	EXTERNAL CIRCLIP FOR ROTOR PUMP RLAB671R2CD3D	Active	Engineering Store	\N	0.00	0.00	275	1	\N
4061	20257	O RING FOR ROTOR PUMP RLAB671R2CD3D (PART NO-2,3 & 04)	Active	Engineering Store	\N	0.00	0.00	275	14	\N
4062	20260	SPRING PIN FOR ROTOR PUMP RLAB671R2CD3D (PART NO-04)	Active	Engineering Store	\N	0.00	0.00	275	1	\N
4063	20273	ALUMINIUM LUG 35SQMM,TUBELER TYPE,HEAY DUTY	Active	Electric Store	\N	0.00	0.00	87	1	\N
4064	20274	ALUMINIUM LUG  25SQMM,TUBELER TYPE,HEAY DUTY	Active	Electric Store	\N	0.00	0.00	87	1	\N
4065	20275	ALUMINIUM LUG 16SQMM,TUBELER TYPE,HEAY DUTY	Active	Electric Store	\N	0.00	0.00	87	1	\N
4066	20282	TIG ROD 3MM FOR ARGON WELDING,GRADE-309	Active	Engineering Store	1000MM LONG	0.00	0.00	257	3	\N
4067	20283	OIL SEAL 115 X 150 X 12MM	Active	Engineering Store	\n	0.00	0.00	224	1	\N
4068	20284	ELECTRO MAGNETIC FLOW METER 3" ,FLOW RATE-50M3/HR,TEMP-45 DEG CEL	Active	Engineering Store	PRESSURE-0-7 KG/CM2,I/P-230 V AC,DISPLAY REMOTE DISPLAY, WITH MATCHING FLANGES	0.00	0.00	309	1	\N
4069	20293	SS STUB END LONG 4",SCHEUDLE-40,GRADE-304	Active	Engineering Store	\n	0.00	0.00	211	1	\N
4070	20295	SS STUB END LONG 1 1/2",SCHEUDLE-40,GRADE-304	Active	Engineering Store	\n	0.00	0.00	211	1	\N
4071	20296	SS STUB END LONG 1",SCHEUDLE-40,GRADE-304	Active	Engineering Store	\n	0.00	0.00	211	1	\N
4072	20315	RUBBER HOSE PIPE 1/2" X 1700MM	Active	Engineering Store	\N	0.00	0.00	185	1	\N
4073	20318	4 JAWS CHUCK 10" FOR LATHE MACHINE	Active	Engineering Store	\N	0.00	0.00	260	1	\N
4074	20355	ELEMEX CONNECTOR 50 SQMM, TYPE  CBT 170 (BUS BAR BOLT & NUT)	Active	Electric Store	\N	0.00	0.00	85	1	\N
4075	20358	AIR HEATER FOR 2.2 MTR WIDTHHOPPER	Active	Engineering Store	FINNED TUBE TYPE AIR HEATER-SPECIFICATION-HEAT EXCHANGER-SIZE-1100 X 400 X 500MM,AIR INLET & OUTLET DUCTING-FABRICATED FROM 12 G MS PLATE,INLET STEAM CONNECTION-1 1/2 OD,OUTLET CONDENSET 3/4 OD,STEAM PRESSURE REQUIRED-80 TO 100 PSIG,TEMPERATURE RISE OF AIR 30 TO 75 CENTIGRADE,FINNED TUBE-CONTINUOUS SPIRAL CRIMPED FINS,BASE TUBE DIA-3/4 OD,FIN OD-39MM,MATERIAL OF CONSTRUCTION-SS304,NOS OF TUBES-47-NOS,BASE TO THICKNESS-14 G\n	0.00	0.00	129	1	\N
4076	20365	VACUUM INTERUPTER,TYPE-VS12025 GBF NO-TBW009811 FOR SIMENS 800-AMPS,MODEL-3AH0-104-1Z,26.3 KA/ 3 SEC, 12 KV	Active	Electric Store	\N	0.00	0.00	110	1	\N
4077	20388	BOLT NUT & WASHER 1 3/4"	Active	Building Store	\N	0.00	0.00	49	1	\N
4078	20402	FILTER ENGINE OIL (PART NO-47964417)	Active	Engineering Store	\N	0.00	0.00	254	1	\N
4079	20416	GLAND CUP KPD 50/13 QF,SS 316L	Active	Engineering Store	KIRLOSKAR PUMP-HEAD-25 MTR,CAP-30M3/HR	0.00	0.00	272	1	\N
4080	20417	SLEEVE SS KPD 50/13 QF SS	Active	Engineering Store	KIRLOSKAR PUMP-HEAD-25 MTR,CAP-30M3/HR ,MOC-SS 316L	0.00	0.00	270	1	\N
4081	20418	BUSH FOR STUFFING BOX KPD 50/13 QF, SS 316 L	Active	Engineering Store	KIRLOSKAR PUMP-HEAD-25 MTR,CAP-30M3/HR\n	0.00	0.00	272	1	\N
4082	20419	LATERN RING KPD 50/13 QF , SS 316 L	Active	Engineering Store	KIRLOSKAR PUMP-HEAD-25 MTR,CAP-30M3/HR	0.00	0.00	272	1	\N
4083	20420	SHAFT ETN-065-050-250-GGSCP  HEAD-70-MTR ,CAPACITY -45M3/HR,RPM-2900	Active	Engineering Store	KSB-MAKE,S/NO-9974231377/0/00701	0.00	0.00	271	1	\N
4084	20426	MS TEE CONNECTOR WITH FERRUL 3/8" X 3/8" X 3/8" WITH FERRUAL & NUT	Active	Engineering Store	\N	0.00	0.00	216	1	\N
4085	20427	MS CLAMPS 8MM	Active	Engineering Store	\N	0.00	0.00	219	1	\N
4086	20428	LABORATARY LOG BOOK FOR TANDEM B	Active	Consumer store	\N	0.00	0.00	227	1	\N
4087	20429	CANE CRUSHING REGISTER FOR A & B TANDEM	Active	Consumer store	\N	0.00	0.00	227	1	\N
4088	20439	SS STUD BOLT & NUT 16 X 50MM	Active	Engineering Store	\N	0.00	0.00	61	1	\N
4089	20441	A PVC BUSH 3/4" X 1/2"	Active	Engineering Store	\n	0.00	0.00	216	1	\N
4090	20477	MS CONNECTOR 1/4" X 12MM OD FOR TRAVELLING GRATE HYDRAULIC DRIVE	Active	Engineering Store	\N	0.00	0.00	154	1	\N
4091	20487	HAND DRILL MACHINE 26MM DIA WITH HAMMER	Active	Engineering Store	\N	0.00	0.00	235	1	\N
4092	20510	SS REDUCER 4" X  1 1/2"	Active	Engineering Store	\N	0.00	0.00	204	1	\N
4093	20512	SS BALL VALVE 2" FLANGE TYPE	Active	Engineering Store	\N	0.00	0.00	208	1	\N
4094	20517	V BELT XPA-1357	Active	Engineering Store	\n	0.00	0.00	243	1	\N
4095	20549	RUBBER HOSE PIPE 3/4" X 3/4" X 2MTR LONG,200-KG/CM2	Active	Engineering Store	\N	0.00	0.00	\N	1	\N
4096	20558	CLUTCH ASSEMBLY FOR CANE INFIELDER	Active	Engineering Store	\N	0.00	0.00	254	1	\N
4097	20572	WATER TANK 500 LIT CAPACITY HDPE	Active	Building Store	\N	0.00	0.00	46	1	\N
4098	20573	OFC CABLE FOR ACS 800 DRIVE	Active	Electric Store	3-MTR LONG	0.00	0.00	81	1	\N
4099	20587	ENGINEERING LOG BOOK (TANDEM B)	Active	Consumer store	AS PER SAMPLE ATTACHED (150 PAGE)	0.00	0.00	227	1	\N
4100	20623	GEAR BOX, HGP MM FLANGE MOUNTED M0720,RATIO:9.0:1-B5 SUITABLE FOR 132 FRAME B5 MOTOR,SPECIAL OUTPUT SHAFT AS PER RN 10-335-02	Active	Engineering Store	S.NO-M141255	0.00	0.00	241	1	\N
4101	20633	ZUPER BLOCK ( DRG-SSK-7662-3 )	Active	Engineering Store	\N	0.00	0.00	176	1	\N
4102	20641	CI NON RETURN VALVE 4",FLANGE TYPE	Active	Engineering Store	\N	0.00	0.00	208	1	\N
4103	20643	PU CONNECTOR 10MM X 1/2" BSP	Active	Engineering Store	\N	0.00	0.00	310	1	\N
4104	20666	LOAD CELL 34TON CAPACITY FOR 60 TON CAP WEIGH BRIDGE, I/P IMPEDANCE-700,O/P IMPENANCE-700	Active	Engineering Store	DESB LOAD CELL 34 TONS	0.00	0.00	309	1	\N
4105	20678	RADIUM JACKET	Active	Consumer store	\N	0.00	0.00	138	1	\N
4106	20681	CHAIN COUPLING WITH COVER,TYPE-NT 1218	Active	Engineering Store	\N	0.00	0.00	240	1	\N
4107	20682	CHAIN COUPLING WITH COVER,TYPE-NT 1818	Active	Engineering Store	\N	0.00	0.00	240	1	\N
4108	20683	MOTHER BOARD	Active	Consumer store	\N	0.00	0.00	228	1	\N
4109	20692	CONSENT LETTER FOR FARMER CANE SUPPLY	Active	Consumer store	100 COPIES IN EACH PAD (AS PER SPECIMAN COPY ENCLOSED)	0.00	0.00	227	20	\N
4110	20695	TARPAULIN PLASTIC 32 MTR X 12 MTR (200 GSM)	Active	Manufacturing Store	\N	0.00	0.00	327	1	\N
4111	20698	CARTRIDGE FILTER 5 MICRON X 40" LENGTH X 60MM DIA (SPUN TYPE)	Active	Manufacturing Store	\N	0.00	0.00	334	1	\N
4112	20707	MOVABLE BELT CONVEYOR 600MM WIDTH BELT (GRIP) 40 FEET LONG FOR LORRY LOADING	Active	Engineering Store	AS PER ENCLOSED LIST	0.00	0.00	128	1	\N
4113	20711	GLAND CUP CI KPD 100-40,40 MTR HEAD, DISCHARGE-150M3/HR, FOR CLEAR JUICE PUMP	Active	Engineering Store	KIRLOSKAR BROTHER MAKE,MOTOR 40 HP, 1440 RPM,PUMP S.NO-137	0.00	0.00	272	1	\N
4114	20712	WEAR PLATE CI KPD 100/40 ,40 MTR HEAD, DISCHARGE-150M3, FOR CLEAR JUICE PUMP	Active	Engineering Store	KIRLOSKAR BROTHER MAKE,MOTOR 40 HP, 1440 RPM,PUMP S.NO-137\n	0.00	0.00	279	1	\N
4115	20713	SHAFT KPD 125/40,55 MTR HEAD,150M3/HR WITH NUT ,SS	Active	Engineering Store	MAKE-KIRLOSKAR BROTHER ,MOTOR 60 HP,1440 RPM.S.NO-1373120002	0.00	0.00	271	1	\N
4116	20714	WEAR PLATE KPD 125/40, 55 MTR HEAD,150M3/HR ,CI FOR SULPHITED JUICE PUMP	Active	Engineering Store	MAKE-KIRLOSKAR BROTHER ,MOTOR 60 HP,1440 RPM.S.NO-1373120002\n	0.00	0.00	279	1	\N
4117	20721	CI NIPPLE 4"	Active	Engineering Store	\n	0.00	0.00	218	1	\N
4118	20728	PVC FAN FRAME 250 M FOR SIEMENS MAKE 50 HP MOTOR	Active	Electric Store	FAN BORE-74MM\n	0.00	0.00	110	1	\N
4644	22678	PVC CLAMP 1/2"	Active	Building Store	\N	0.00	0.00	\N	1	\N
4119	20733	BOTTOM SIDE SMALL COVER FOR WORM REDUCER GEAR BOX,TYPE-U800 2W,RATIO:-40:1L	Active	Engineering Store	GREAVES MAKE: S.NO-4R 35254,ORDER NO-160902\n	0.00	0.00	241	1	\N
4120	20755	AIR LUBRICATOR 1/2" FOR ASH HANDLING SYSTEM	Active	Engineering Store	\N	0.00	0.00	341	1	\N
4121	20756	AIR LITER 1/2"  FOR ASH HANDLING SYSTEM	Active	Engineering Store	\N	0.00	0.00	341	1	\N
4122	20757	AIR FILTER FOR VESSLE PRESSURE 1/4" OF ASH HANDLING SYSTEM	Active	Engineering Store	\N	0.00	0.00	341	1	\N
4123	20758	BLOW VALVE 50MM FOR ASH HANDLING SYSTEM	Active	Engineering Store	\N	0.00	0.00	341	1	\N
4124	20759	SEAL KIT FOR BLOW VLAVE 50MM OF ASH HANDLING SYSTEM	Active	Engineering Store	\N	0.00	0.00	341	1	\N
4125	20760	REPAIR KIT FOR BLOW VLAVE 50MM OF ASH HANDLING SYSTEM	Active	Engineering Store	\N	0.00	0.00	341	1	\N
4126	20761	BLOW VALVE 40MM FOR ASH HANDLING SYSTEM	Active	Engineering Store	\N	0.00	0.00	341	1	\N
4127	20762	SEAL KIT FOR BLOW VALVE 40MM OF ASH HANDLING SYSTEM	Active	Engineering Store	\N	0.00	0.00	341	1	\N
4128	20763	REPAIR KIT FOR BLOW VALVE 40MM OF ASH HANDLING SYSTEM	Active	Engineering Store	\N	0.00	0.00	341	1	\N
4129	20764	PNEUMATIC CYLINDER 6" X 12" FOR ASH HANDLING SYSTEM	Active	Engineering Store	\N	0.00	0.00	341	1	\N
4130	20765	SEAL KIT FOR 6" X 12" PNEUMATIC CYLINDER OF ASH HANDLING SYSTEM	Active	Engineering Store	\N	0.00	0.00	341	1	\N
4131	20766	FRONT CLAVISH FOR 6" X 12" PNEUMATIC CYLINDER OF ASH HANDLING SYSTEM	Active	Engineering Store	\N	0.00	0.00	341	1	\N
4132	20767	FLEXIBLE HOSE PIPE 1/2" X 2000MM FOR ASH HANDLING SYSTEM	Active	Engineering Store	\N	0.00	0.00	341	1	\N
4133	20768	FLEXIBLE HOSE PIPE 1/2" X 750MM FOR ASH HANDLING SYSTEM	Active	Engineering Store	\N	0.00	0.00	341	1	\N
4134	20769	FLEXIBLE HOSE PIPE 1/2" X 500MM FOR ASH HANDLING SYSTEM	Active	Engineering Store	\N	0.00	0.00	341	1	\N
4135	20770	CONVEYING NON RETURN VALVE 50MM FOR ASH HANDLING SYSTEM	Active	Engineering Store	\N	0.00	0.00	341	1	\N
4136	20771	SEAL KIT FOR CONVEYING NRV 50MM FOR ASH HANDLING SYSTEM	Active	Engineering Store	\N	0.00	0.00	341	1	\N
4137	20772	REPARI KIT FOR CONVEYING NRV 50MM	Active	Engineering Store	\N	0.00	0.00	341	1	\N
4138	20773	CONVEYING NRV 40MM FOR ASH HANDLING SYSTEM	Active	Engineering Store	\N	0.00	0.00	341	1	\N
4139	20774	SEAL KIT FOR CONVEYING NRV 40MM OF ASH HANDLING SYSTEM	Active	Engineering Store	\N	0.00	0.00	341	1	\N
4140	20775	REPAIR KIT FOR CONVEYING NRV 40MM	Active	Engineering Store	\N	0.00	0.00	341	1	\N
4141	20776	CONVEYING NRV 25MM OF ASH HANDLING SYSTEM	Active	Engineering Store	\N	0.00	0.00	341	1	\N
4142	20777	SEAL KIT FOR CONVEYING NRV 25MM OF ASH HANDLING SYSTEM	Active	Engineering Store	\N	0.00	0.00	341	1	\N
4143	20778	REPAIR KIT FOR CONVEYING NRV 25MM OF ASH HANDLING SYSTEM	Active	Engineering Store	\N	0.00	0.00	341	1	\N
4144	20779	CONVEYING NRV 3/4"	Active	Engineering Store	\N	0.00	0.00	341	1	\N
4145	20780	SEAL KIT FOR CONVEYING NRV 3/4"	Active	Engineering Store	\N	0.00	0.00	341	1	\N
4146	20781	REPAIR KIT FOR CONVEYING NRV 3/4"	Active	Engineering Store	\N	0.00	0.00	341	1	\N
4147	20782	CONVEYING NRV 1/2"	Active	Engineering Store	\N	0.00	0.00	341	1	\N
4148	20783	SEAL KIT FOR CONVEYING NRV 1/2" OF ASH HANDLING SYSTEM	Active	Engineering Store	\N	0.00	0.00	341	1	\N
4149	20787	IMPELLER SS KPD 125/40,DISCHARGE 150M3/HR,HEAD 55 MTR	Active	Engineering Store	KIRLOSKAR BROTHER MAKE, MOTOR 60 HP,1440 RPM,S.NO-1373120002	0.00	0.00	269	1	\N
4150	20788	SLEEVE SS KPD 125/40	Active	Engineering Store	DISCHARGE 150M3/HR,HEAD 55 MTR, KIRLOSKAR BROTHER MAKE, MOTOR 60 HP,1440 RPM,S.NO-1373120002	0.00	0.00	270	1	\N
4151	20789	BEARING HOUSING KPD 125/40,DISCHARGE 150M3/HR,HEAD 55 MTR	Active	Engineering Store	KIRLOSKAR BROTHER MAKE, MOTOR 60 HP,1440 RPM,S.NO-1373120002,MOC-CAST IRON\n	0.00	0.00	276	1	\N
4152	20790	CIRCLIP INTERNAL 105MM	Active	Engineering Store	\N	0.00	0.00	235	1	\N
4153	20794	LIMIT SWITCH,MODEL-SZL-WL-B-A20AH	Active	Distillery Spares	\N	0.00	0.00	72	1	\N
4154	20806	HUB FOR TRACTOR DRIVEN CART 3942 X 462, 7", 8-HOLE	Active	Cane Harvest & Transportation	\N	0.00	0.00	52	1	\N
4155	20807	DRILL BIT 4MM HSS	Active	Engineering Store	\N	0.00	0.00	263	1	\N
4156	20808	HANDLE FOR TAP SET 12"	Active	Consumer store	\N	0.00	0.00	137	1	\N
4157	20813	INPUT SHAFT WITH GEAR FOR GEAR BOX MODEL-HB-350,RATIO-40.1:1,HP-10	Active	Engineering Store	( REF NO-WW-80/MFG YEAR.04/98 )	0.00	0.00	241	1	\N
4158	20814	INPUT SHAFT WITH GEAR FOR  MODEL-4415,RATIO-479.:1	Active	Engineering Store	\N	0.00	0.00	241	1	\N
4159	20815	1ST STAGE HOUSING COVER , MODEL-4415,RATIO-479.:1	Active	Engineering Store	\n	0.00	0.00	241	1	\N
4160	20820	TURBINE LOG BOOK 2.4 MW	Active	Consumer store	AS PER ENCLOSURE FORMATE (100 PAGE)	0.00	0.00	227	1	\N
4161	20823	SS SPRAY NOZZLE FOR ROTORY JUICE SCREEN 1.8 MTR X 4 MTR LONG	Active	Engineering Store	MAKE-SUVIRON EQUIPMENT PVT LTD,SCREEN SIZE 0.5MM,TYPE OF SCREEN WELDED WEDGE BAR	0.00	0.00	180	1	\N
4162	20824	SS ADAPTOR FOR SPRAY NOZZLE JUICE SCREEN 1.8 MTR X 4 MTR LONG	Active	Engineering Store	MAKE-SUVIRON EQUIPMENT PVT LTD,SCREEN SIZE 0.5MM,TYPE OF SCREEN WELDED WEDGE BAR	0.00	0.00	180	1	\N
4163	20826	FILTER MESH FOR HOT WATER WASH OF ROTORY JUICE SCREEN 1.8 MTR X 4 MTR LONG	Active	Engineering Store	DRIVE DRUM ASSEMBLY WITHOUT SPROCKET  FOR ROTORY JUICE SCREEN 1.8 MTR X 4 MTR LONG	0.00	0.00	180	1	\N
4164	20827	TEFLON ROLLER FOR GUIDE ROLLER ASSEMBLY OF ROTORY JUICE SCREEN 1.8 MTR X 4 MTR LONG	Active	Engineering Store	MAKE-SUVIRON EQUIPMENT PVT LTD,SCREEN SIZE 0.5MM,TYPE OF SCREEN WELDED WEDGE BAR\n	0.00	0.00	180	1	\N
4165	20829	TEFLON ROLLER FOR STOPPER ROLLER ASSLY OF ROTORY JUICE SCREEN 1.8 MTR X 4 MTR LONG	Active	Engineering Store	MAKE-SUVIRON EQUIPMENT PVT LTD,SCREEN SIZE 0.5MM,TYPE OF SCREEN WELDED WEDGE BAR\n	0.00	0.00	180	1	\N
4166	20841	SHAFT FOR RISANSI MAKE PUMP MODEL: RTOH4460CCC X GP-TD (PART NO-220)	Active	Engineering Store	RISANSI MAKE SLOPE PUMP CAPACITY: 11.60M3/HR, HEAD: 20KG/CM2, S.NO-19-20/1/655\n	0.00	0.00	305	1	\N
4167	20842	BEARING 30311 (TAPER ROLLER)	Active	Engineering Store	\N	0.00	0.00	39	1	\N
4250	21074	HIGH TENSION BOLT & NYLOCK NUT 60 X 110MM	Active	Engineering Store	\N	0.00	0.00	59	1	\N
4168	20844	COUPLING ROD FOR RISANSI MAKE PUMP MODEL: RTOH4460CCC X GP-TD (PART NO-227)	Active	Engineering Store	RISANSI MAKE SLOPE PUMP CAPACITY: 11.60M3/HR, HEAD: 20KG/CM2, S.NO-19-20/1/655\n	0.00	0.00	305	1	\N
4169	20845	SLEEVE (TWO) FOR RISANSI MAKE PUMP MODEL: RTOH4460CCC X GP-TD (PART NO-230)	Active	Engineering Store	RISANSI MAKE SLOPE PUMP CAPACITY: 11.60M3/HR, HEAD: 20KG/CM2, S.NO-19-20/1/655\n	0.00	0.00	305	1	\N
4252	21076	TOP LEVER FOR PLOUGH CYLINDER FOR 1750 C/F  BATCH MACHINE	Active	Engineering Store	\n	0.00	0.00	125	1	\N
4170	20846	PIN (TWO) FOR RISANSI MAKE PUMP MODEL: RTOH4460CCC X GP-TD (PART NO231)	Active	Engineering Store	RISANSI MAKE SLOPE PUMP CAPACITY: 11.60M3/HR, HEAD: 20KG/CM2, S.NO-19-20/1/655\n	0.00	0.00	305	1	\N
4171	20848	SLEEVE RING (FOUR) FOR RISANSI MAKE PUMP MODEL: RTOH4460CCC X GP-TD (PART NO-233)	Active	Engineering Store	RISANSI MAKE SLOPE PUMP CAPACITY: 11.60M3/HR, HEAD: 20KG/CM2, S.NO-19-20/1/655\n	0.00	0.00	305	1	\N
4172	20850	BOOT SEAL (TWO) FOR RISANSI MAKE PUMP MODEL: RTOH4460CCC X GP-TD (PART NO-235)	Active	Engineering Store	RISANSI MAKE SLOPE PUMP CAPACITY: 11.60M3/HR, HEAD: 20KG/CM2, S.NO-19-20/1/655\n	0.00	0.00	305	1	\N
4173	20851	PROTECTOR (FOUR) FOR RISANSI MAKE PUMP MODEL: RTOH4460CCC X GP-TD (PART NO-2352)	Active	Engineering Store	RISANSI MAKE SLOPE PUMP CAPACITY: 11.60M3/HR, HEAD: 20KG/CM2, S.NO-19-20/1/655\n	0.00	0.00	305	1	\N
4174	20852	STATOR FOR RISANSI MAKE PUMP MODEL: RTOH4460CCC X GP-TD (PART NO-236)	Active	Engineering Store	RISANSI MAKE SLOPE PUMP CAPACITY: 11.60M3/HR, HEAD: 20KG/CM2, S.NO-19-20/1/655\n	0.00	0.00	305	1	\N
4175	20853	DEFLECTOR FOR RISANSI MAKE PUMP MODEL: RTOH4460CCC X GP-TD (PART NO-237)	Active	Engineering Store	RISANSI MAKE SLOPE PUMP CAPACITY: 11.60M3/HR, HEAD: 20KG/CM2, S.NO-19-20/1/655\n	0.00	0.00	305	1	\N
4176	20854	GLAND PACKING SET FOR RISANSI MAKE PUMP MODEL: RTOH4460CCC X GP-TD (PART NO-241)	Active	Engineering Store	RISANSI MAKE SLOPE PUMP CAPACITY: 11.60M3/HR, HEAD: 20KG/CM2, S.NO-19-20/1/655 \n	0.00	0.00	305	14	\N
4177	20868	MS BOLT & NUT 6 X 125MM FULL THREAD	Active	Engineering Store	\n	0.00	0.00	54	3	\N
4178	20870	AIR COMPRESSOR RECIPROCATING TWO STAGE CAP-44.1 CFM,DRIVEN BY 15 HP/11 KW WITH MOTOR & STARTER,BASE FRAME,MODE-TS15LB-12-BASE MOUNTED	Active	Engineering Store	\N	0.00	0.00	303	1	\N
4179	20877	SHAFT KPD 125/26,,CAP-170M3/HR,HEAD-20 MTR,SS	Active	Engineering Store	KIRLOSKAR MAKE,SUCTION 125 X 150,INPUT-15 HP,1450 RPM,.S.NO-1372920008,07	0.00	0.00	271	1	\N
4516	22249	SS ELBOW 1/4" X 10MM	Active	Engineering Store	\N	0.00	0.00	310	1	\N
4180	20878	SLEEVE KPD 125/26,,CAP-170M3/HR,HEAD-20 MTR,SS	Active	Engineering Store	KIRLOSKAR MAKE,SUCTION 125 X 150,INPUT-100 HP,1450 RPM,.S.NO-1372920008,07\n	0.00	0.00	270	1	\N
4181	20879	SHAFT CPHM 65/32,CAP 50M3,HEAD 30 MTR,SS	Active	Engineering Store	KIRLOSKAR MAKE,SIZE-65 X 100,9.3 KW,1450- PRM.S.NO-1791920033,34,35,36	0.00	0.00	271	1	\N
4182	20880	SLEEVE SS OPHM 65/32,CAP 50M3,HEAD 30 MTR	Active	Engineering Store	KIRLOSKAR MAKE,SIZE-65 X 100,9.3 KW,1450- PRM.S.NO-1791920033,34,35,36	0.00	0.00	270	1	\N
4183	20882	SS SHAFT CPHM 125/32,CAP-165M3,HEAD-35 MTR	Active	Engineering Store	KIRLOSKAR MAKE	0.00	0.00	271	1	\N
4184	20883	SLEEVE SS OPHM 125/32,CAP-165M3,HEAD-35 MTR	Active	Engineering Store	KIRLOSKAR MAKE\n	0.00	0.00	270	1	\N
4185	20884	SLEEVE SS SHM 150/40,CAP-200M3,HEAD 16 MTR	Active	Engineering Store	KIRLOSKAR MAKE\n	0.00	0.00	270	1	\N
4186	20886	SLEEVE SS SHM 80/26 N,CAP-80M3,HEAD 16 MTR	Active	Engineering Store	KIRLOSKAR MAKE\n	0.00	0.00	270	1	\N
4187	20887	SHAFT SMF 250/300,CAP-1100M3,HEAD,16 MTR,SS	Active	Engineering Store	SINTECH MAKE, SUCTION 250 X 300,INPUT-100 HP,1450 RPM,.S.NO-23666,23667	0.00	0.00	271	1	\N
4188	20888	SLEEVE SS SMF 250/300,CAP-1100M3,HEAD,16 MTR	Active	Engineering Store	SINTECH MAKE,SUCTION 250 X 300,INPUT-100 HP,1450 RPM,.S.NO-23666,23667	0.00	0.00	270	1	\N
4189	20889	SHAFT CPS 250/320N ,CAP 1100M3,HEAD-22 MTR,SS	Active	Engineering Store	SINTECH PUMP,SUCTION 300 X 250,INPUT-150 HP,1450 RPM,S.NO-23668,23669	0.00	0.00	271	1	\N
4190	20890	SLEEVE SS CPS 250/320N ,CAP 1100M3,HEAD-22 MTR	Active	Engineering Store	SINTECH MAKE,SUCTION 300 X 250,INPUT-150 HP,1450 RPM,S.NO-23668,23669	0.00	0.00	270	1	\N
4191	20897	MASTER CONNECTING LINK 3.5" PITCH,(COTTER PIN TYPE)	Active	Engineering Store	MINIMIUM TENSILE STRENGTH 2240000N	0.00	0.00	151	1	\N
4192	20898	OFF SET CHAIN LINK WITH JOINTING PINS 3.5" PTICH FOR TRIPLEX CHAIN	Active	Engineering Store	DRG-NO-S-08890.05TX	0.00	0.00	151	14	\N
4193	20908	DRIVE SHAFT ASSEMBLY WITH MOTOR & COUPLING AND GEAR SIDE COUPLING FOR TANDEM B- COOLING TOWER	Active	Engineering Store	\N	0.00	0.00	164	14	\N
4194	20914	PLUNGER FOR HP DOSING PUMP,MODEL-PL 3530,CAP-10 LPH,PRESSURE,P-130-KG/CM2	Active	Engineering Store	MAKE-POSITIVE METERING PUMPS	0.00	0.00	170	14	\N
4195	20917	SEALING RING FOR HP DOSING PUMP,MODEL-PL 3530,CAP-10 LPH,PRESSURE,P-130-KG/CM2	Active	Engineering Store	MAKE-POSITIVE METERING PUMPS	0.00	0.00	170	14	\N
4196	20940	GLAND CUP SMF 250/300,CAP-1100M3/HR,HEAD-16 MTR,	Active	Engineering Store	SINTECH MAKE,SUCTION 250 X 300,INPUT-100 HP,1450 RPM,.S.NO-23666,23667\n	0.00	0.00	272	1	\N
4197	20941	GLAND CUP CPS 250 / 320 N ,CAP-1100M3/HR,22 MTR HEAD,	Active	Engineering Store	SINTECH PUMP ,\n	0.00	0.00	272	1	\N
4199	20945	OIL SEAL 80 X 50 X 10	Active	Engineering Store	\N	0.00	0.00	253	1	\N
4200	20964	V BELT B-87	Active	Engineering Store	\N	0.00	0.00	243	1	\N
4201	20966	ROPE COUPLING FOR 33" X 66" 4TH MILL OF TANDEM B (DRG-JSL/MH/421)	Active	Engineering Store	MOTOR HP-500 ,SQUARE END SIZE FACE TO FACE DISTANCE BETWEEN SQUARE END TO TOP ROLLER & GEAR BOX	0.00	0.00	178	1	\N
4202	20971	TONER CARTRIDGE FOR SHARP MX-M265 NV ZEROX MACHINE	Active	Consumer store	\n	0.00	0.00	228	1	\N
4203	20973	SCRAPPER PLATE 40 MM PITCH FOR TOP 5TH MILL ULKA (DRG:JSL/MH/438.REV-1)	Active	Engineering Store	\N	0.00	0.00	178	1	\N
4204	20974	SCRAPPER PLATE 40 MM PITCH FOR BOTTOM 5TH MILL ULKA (DRG:JSL/MH/439.REV-1)	Active	Engineering Store	\N	0.00	0.00	178	1	\N
4205	20977	TIFFIN  COUPON	Active	Consumer store	\n\n	0.00	0.00	227	20	\N
4206	20978	MEALS  COUPON	Active	Consumer store	\n	0.00	0.00	227	20	\N
4207	20979	CANTEEN COUPON	Active	Consumer store	\n	0.00	0.00	227	20	\N
4208	20988	SWIVEL PIN WITH CASTEL NUT 22 X 94MM  FOR BAGASSE ELEVATOR ((JSL/COGEN/401)) PART NO-SG014	Active	Engineering Store	\N	0.00	0.00	183	1	\N
4209	20990	BAGASSE ELEVATOR CHAIN 200MM PITCH (BREAKING LOAD 80-TON) DRG-JSL/COGEN/401-RO)	Active	Engineering Store	\n	0.00	0.00	183	7	\N
4210	20991	BODY CASING KPD 200-46, 55 MTR HEAD,500M3/HR DISCHARGE	Active	Engineering Store	KIRLOSKAR PUMP INPUT-150 HP,1400 RPM.S.NO-1378520002\n	0.00	0.00	268	1	\N
4337	21397	SLEEVE SS KDS-83+	Active	Engineering Store	KIRLOSKER BROTHER-MAKE,DISCHARGE-18/11M3/HR,HEAD-18/20-MTR,2900-RPM\n	0.00	0.00	270	1	\N
4211	20992	WEAR PLATE KPD 200-46, 55 MTR HEAD,500M3/HR DISCHARGE	Active	Engineering Store	KIRLOSKAR PUMP INPUT-150 HP,1400 RPM.S.NO-1378520002\n	0.00	0.00	279	1	\N
4212	20993	IMPELLER KPD 200-46, SS, 55 MTR HEAD,500M3/HR DISCHARGE	Active	Engineering Store	KIRLOSKAR PUMP INPUT-150 HP,1400 RPM.S.NO-1378520002\n	0.00	0.00	269	1	\N
4213	20996	BODY CASING CI KPD 125/40, 55 MTR HEAD,150M3/HR ,FOR SULPHITED JUICE PUMP	Active	Engineering Store	MAKE-KIRLOSKAR BROTHER ,MOTOR 60 HP,1440 RPM.S.NO-1373120002\n	0.00	0.00	268	1	\N
4214	20997	IMPELLER SS KPD 125-40,55 MTR HEAD,DISCHARGE 150M3/HR	Active	Engineering Store	KIRLOSKAR BROTHER PUMP INPUT-60 HP,S.NO-1373120002,1440 RPM\n	0.00	0.00	269	1	\N
4215	20998	LANTERN BRACKET KPD 125-40,55 MTR HEAD,DISCHARGE 150M3/HR	Active	Engineering Store	KIRLOSKAR BROTHER PUMP INPUT-60 HP,S.NO-1373120002,1440 RPM	0.00	0.00	273	1	\N
4216	20999	IMPELLER SS KPD 100-40,40 MTR HEAD,150M3/HR DISCHARGE	Active	Engineering Store	KIRLOSKAR BROTHER PUMP INPUT-40 HP,S.NO-1372820014\n	0.00	0.00	269	1	\N
4217	21000	BEARING HOUSING KPD 100-40,40 MTR HEAD,150M3/HR DISCHARGE	Active	Engineering Store	KIRLOSKAR BROTHER PUMP INPUT-40 HP,S.NO-1372820014\n	0.00	0.00	276	1	\N
4218	21001	LANTERN BRACKET KPD 100-40,40 MTR HEAD,150M3/HR DISCHARGE	Active	Engineering Store	KIRLOSKAR BROTHER PUMP INPUT-40 HP,S.NO-1372820014\n	0.00	0.00	273	1	\N
4219	21007	BEARING COVER 65-BC-260 (DRIVE END)	Active	Engineering Store	GITA MAKE:MOL PUMP,SIZE:80 X 65MM,HEAD:20 MTR,50M3/HR,1450-RPM,INPUT:10-HP	0.00	0.00	276	1	\N
4220	21010	BEARING COVER MEGA G 80/315,35-MTR HEAD,DISCHARGE-140M3 (NDE)	Active	Engineering Store	MAKE-KSB, MOTOR-25HP, 1450RPM,DIA-327MM	0.00	0.00	276	1	\N
4221	21011	BEARING COVER MEGA G 80/315,35-MTR HEAD,DISCHARGE-140M3 (DE)	Active	Engineering Store	MAKE-KSB, MOTOR-25HP, 1450RPM,DIA-327MM	0.00	0.00	276	1	\N
4222	21020	WEAR PLATE ETN 100-080-315 GC,35 MTR HEAD,150 M3/HR,CI	Active	Engineering Store	KSB PUMP INPUT-30 HP,S.NO-9974353232/0100/02,1440 RPM\n	0.00	0.00	279	1	\N
4223	21024	BODY CASING ETN 100-080-315 GC,35 MTR HEAD,150 M3/HR,	Active	Engineering Store	KSB PUMP INPUT-30 HP,S.NO-9974353232/0100/02,1440 RPM\n	0.00	0.00	268	1	\N
4224	21027	SHAFT KWPD-125-500,WITH NUT SS, HEAD-75 MTR,DISCHARGE-300,1450 RPM	Active	Engineering Store	KSB MAKE,150 HP.S,NO-9974286004/100\n	0.00	0.00	271	1	\N
4225	21029	SLEEVE SS KWPD-125-500,HEAD-75 MTR,DISCHARGE-300,1450 RPM	Active	Engineering Store	KSB MAKE,150 HP.S,NO-9974286004/100\n	0.00	0.00	270	1	\N
4226	21032	OUTER LINK PLATE FOR CANE CARRIER (PIN HEAD SIDE) DRG-JSL/MH/002/R1) ITEM NO-1	Active	Engineering Store	150MM PITCH,BREAKING LOAD 50 TON	0.00	0.00	173	1	\N
4227	21033	OUTER LINK PLATE FOR CANE CARRIER (SPLIT PIN SIDE) DRG-JSL/MH/002/R1)  ITEM NO-2	Active	Engineering Store	150MM PITCH,BREAKING LOAD 50 TON	0.00	0.00	173	1	\N
4228	21034	INNER LINK (PIN HEAD SIDE) FOR CANE CARRIER DRG-JSL/MH/002/R1)  ITEM NO-3	Active	Engineering Store	150MM PITCH,BREAKING LOAD 50 TON	0.00	0.00	173	1	\N
4229	21035	PIN FOR CANE CARRIER (SPLIT PIN SIDE) DRG-JSL/MH/002/R1)  ITEM NO-4	Active	Engineering Store	150MM PITCH,BREAKING LOAD 50 TON\n	0.00	0.00	173	1	\N
4230	21036	BUSH FOR CANE CARRIER (DRG-JSL/MH/002/R1)  ITEM NO-5	Active	Engineering Store	150MM PITCH,BREAKING LOAD 50 TON\n	0.00	0.00	173	1	\N
4231	21037	ROLLER FOR CANE CARRIER (DRG-JSL/MH/002/R1)  ITEM NO-6	Active	Engineering Store	150MM PITCH,BREAKING LOAD 50 TON\n	0.00	0.00	173	1	\N
4232	21038	MS WASHER 4MM THK (DRG-JSL/MH/247/R1)	Active	Engineering Store	\N	0.00	0.00	173	1	\N
4233	21039	BUSH PLAIN FOR BAGASSE ELEVATOR (DRG-JSL/COGEN/248)	Active	Engineering Store	200MM PITCH,BREAKING LOAD 80 TON\n	0.00	0.00	183	1	\N
4234	21040	OUTER LINK PLAIN FOR BAGASSE ELEVATOR (DRG-JSL/COGEN/248) SG005	Active	Engineering Store	200MM PITCH,80 TON BREAKING LOAD	0.00	0.00	183	1	\N
4235	21041	OUTER LINK PLAIN FOR BAGASSE ELEVATOR (DRG-JSL/COGEN/248) SG006	Active	Engineering Store	200MM PITCH,80 TON BREAKING LOAD\n	0.00	0.00	183	1	\N
4236	21042	PIN WITH CASTROL NUT 24MM FOR BAGASSE ELEVATOR (DRG-JSL/COGEN/248)	Active	Engineering Store	200MM PITCH,80 TON BREAKING LOAD (SG0016)\n	0.00	0.00	183	1	\N
4237	21043	BUSH FOR 2ND,3RD & 4TH INTER RAKE CARRIER ( JSL/MH/247/R-1 ) SG011	Active	Engineering Store	\n	0.00	0.00	172	1	\N
4238	21044	RAKE FOR BAGASSE ELEVATOR ( JSL/MH/109/REV-0 )	Active	Engineering Store	\n	0.00	0.00	173	1	\N
4239	21045	WEAR PLATE KWPK CX 200-320 II A,HEAD-16 MTR, DISCHARGE-650 M3/HR,,(PART NO-135:1)	Active	Engineering Store	KSB MAKE ,DRIVE MOTOR 75 HP,1482-RPM,S,NO-9974632503/200	0.00	0.00	279	1	\N
4240	21046	SHAFT KWPK CX 200-320 II A ,WITH KEYHEAD-16 MTR, DISCHARGE-650 M3/HR,,(PART NO-210)	Active	Engineering Store	KSB MAKE ,DRIVE MOTOR 75 HP,1482-RPM,S,NO-9974632503/200	0.00	0.00	271	1	\N
4241	21047	IMPELLER SS KWPK CX 200-320 II A,HEAD-16 MTR, DISCHARGE-650 M3/HR,,(PART NO-230)	Active	Engineering Store	KSB MAKE ,DRIVE MOTOR 75 HP,1482-RPM,S,NO-9974632503/200 \n	0.00	0.00	269	1	\N
4242	21048	STUFFING BOX PRESSURE RING KWPK CX 200-320 II A,HEAD-16 MTR, DISCHARGE-650 M3/HR,,(PART NO-454)	Active	Engineering Store	KSB MAKE ,DRIVE MOTOR 75 HP,1482-RPM,S,NO-9974632503/200	0.00	0.00	276	1	\N
4243	21049	LANTERN RING KWPK CX 200-320 II A,HEAD-16 MTR, DISCHARGE-650 M3/HR,,(PART NO-458)	Active	Engineering Store	KSB MAKE ,DRIVE MOTOR 75 HP,1482-RPM,S,NO-9974632503/200 \n	0.00	0.00	273	1	\N
4244	21050	SLEEVE SS KWPK CX 200-320 II A,HEAD-16 MTR, DISCHARGE-650 M3/HR,,(PART NO-458)	Active	Engineering Store	KSB MAKE ,DRIVE MOTOR 75 HP,1482-RPM,S,NO-9974632503/200	0.00	0.00	270	1	\N
4245	21053	CASING WEAR RING ETN 150-125-400 GGCP (PART NO-502.01/02)	Active	Engineering Store	KSB MAKE PUMP ,HEAD-60 MTR,DISCHARGE-180, 1450 RPMS.NO-9973310648/0300 & 02\n	0.00	0.00	273	1	\N
4246	21057	O RINGS KWPK GC 150-400 IT AX (PART NO-412.1/2/3/4/5)	Active	Engineering Store	KSB PUMP,390M3/HR,HEAD-16 MTR,S.NO-997470617/100	0.00	0.00	273	1	\N
4247	21059	ALUMINIUM RIVIT 8 X 65MM	Active	Engineering Store	\N	0.00	0.00	64	1	\N
4248	21063	SCREW 65 X 8MM	Active	Building Store	\n	0.00	0.00	49	16	\N
4249	21065	RUBBER TYRE F 85	Active	Engineering Store	\n	0.00	0.00	242	1	\N
4251	21075	HIGH TENSION BOLT & NYLOCK NUT 20 X 90MM	Active	Engineering Store	\N	0.00	0.00	59	1	\N
4253	21078	HIGH TENSION BOLT & NYLOCK NUT 24 X 110MM	Active	Engineering Store	\N	0.00	0.00	59	1	\N
4254	21079	CHAIN FOR DECK CLEANING	Active	Engineering Store	\N	0.00	0.00	132	1	\N
4255	21080	CLAMP Z TYPE FOR 1750 C/F  BATCH MACHINE	Active	Engineering Store	\N	0.00	0.00	125	1	\N
4256	21081	SEAL KIT FOR PNEUMATIC CYLINDER 5" X 600 STROKE FOR 1750 C/F  BATCH MACHINE	Active	Engineering Store	\N	0.00	0.00	125	1	\N
4257	21082	SEAL KIT FOR PNEUMATIC CYLINDER 5" X 225 STROKE FOR 1750 C/F  BATCH MACHINE	Active	Engineering Store	\N	0.00	0.00	125	1	\N
4258	21083	CARDEN SHAFT TYPE-2 (1380MM)	Active	Engineering Store	MAGENSEN (INTERNATIONAL COMBUTION)	0.00	0.00	132	1	\N
4259	21086	TEPLON RING FOR ECCENTRIC BEARING HOUSING BEARING NO-23132 OF 2.2 MTR SUGAR HOPPER	Active	Engineering Store	\N	0.00	0.00	129	14	\N
4260	21090	FPR SLAT 600MM X 100MM WIDTH X 10MM THK FOR 2.2 MTR WIDTH HOPPER	Active	Engineering Store	\N	0.00	0.00	129	1	\N
4261	21091	BEARING COVER DRIVE END, TYPE-SP3L+	Active	Engineering Store	KIRLOSKAR MAKE,SIZE-80 X 80MM,DISCHARGE-12.5 LPS,PRIME MOVING RATING HEAD-3.715 M,HEAD-10-18 M,DISCHARGE-12.5 LPS,1450-RPM	0.00	0.00	269	1	\N
4262	21092	BEARING COVER NON DRIVE END TYPE-SP3L+	Active	Engineering Store	KIRLOSKAR MAKE,SIZE-80 X 80MM,DISCHARGE-12.5 LPS,PRIME MOVING RATING HEAD-3.715 M,HEAD-10-18 M,DISCHARGE-12.5 LPS,1450-RPM	0.00	0.00	269	1	\N
4263	21094	POLYMER RUNNER STRIP WITH SS CLADDING 50MM X 30MM X 1000MM (YELLOW) DRG-JSL/316/R1, TYPE-4	Active	Engineering Store	\N	0.00	0.00	178	1	\N
4264	21095	WEAR PLATE CD 150-125-260 GITA PUMP	Active	Engineering Store	\n	0.00	0.00	279	1	\N
4265	21096	IBR NON RETURN VALVE 1" X 150#	Active	Engineering Store	\n	0.00	0.00	208	1	\N
4266	21097	IBR GATE VALVE 1 1/2" X 150#	Active	Engineering Store	\N	0.00	0.00	208	1	\N
4268	21100	IMPELLER SS CPHM 80 X 40,CAP-61 MTR/HR,HEAD-60 MTR	Active	Engineering Store	KIRLOSKAR MAKE,SIZE DEL-80 X 125,22 KW,1450-RPM,S.NO-1782420008,06	0.00	0.00	269	1	\N
4353	21460	U/L TABLE BUSH FOR AIR COMPRESSOR MODEL-2HX2T-21X11	Active	Engineering Store	\n	0.00	0.00	169	1	\N
4269	21101	SHAFT CPHM 80 X 40 WITH NUT SS,CAP-61 MTR/HR,HEAD-60 MTR	Active	Engineering Store	KIRLOSKAR MAKE,SIZE DEL-80 X 125,22 KW,1450-RPM,S.NO-1782420008,06	0.00	0.00	271	1	\N
4270	21102	SLEEVE SS CPHM 80 X 40,CAP-61 MTR/HR,HEAD-60 MTR	Active	Engineering Store	KIRLOSKAR MAKE,SIZE DEL-80 X 125,22 KW,1450-RPM,S.NO-1782420008,06\n	0.00	0.00	270	1	\N
4271	21110	IMPELLER SS CPHM 65 X 32,HEAD-30 MTR,CAP-40 M3/HR	Active	Engineering Store	KIRLOSKAR MAKE,DEL-65 X 100,HP-7.5 KW,1450-RPM,S.NO-1781920031,03	0.00	0.00	269	1	\N
4272	21111	SHAFT CPHM 65 X 32,WITH NUT SS,HEAD-30 MTR,CAP-40 M3/HR	Active	Engineering Store	KIRLOSKAR MAKE,DEL-65 X 100,HP-7.5 KW,1450-RPM,S.NO-1781920031,03\n	0.00	0.00	271	1	\N
4273	21112	SLEEVE SS CPHM 65 X 32,HEAD-30 MTR,CAP-40 M3/HR	Active	Engineering Store	KIRLOSKAR MAKE,DEL-65 X 100,HP-7.5 KW,1450-RPM,S.NO-1781920031,03\n	0.00	0.00	270	1	\N
4274	21113	SLEEVE SS CPHM 65/32,CAP 50M3,HEAD 30 MTR	Active	Engineering Store	KIRLOSKAR MAKE,SIZE-65 X 100,9.3 KW,1450- PRM.S.NO-1791920033,34,35,36	0.00	0.00	270	1	\N
4275	21114	WEAR PLATE CI CPHM 65/32,CAP 50M3,HEAD 30 MTR	Active	Engineering Store	KIRLOSKAR MAKE,SIZE-65 X 100,9.3 KW,1450- PRM.S.NO-1791920033,34,35,36\n	0.00	0.00	279	1	\N
4276	21115	IMPELLER SS OPEN TYPE ,SHM-80 X 26 N,HEAD-16 MTR,CAP-90 M3/HR	Active	Engineering Store	KIRLOSKAR MAKE,10-HP,1450-RPM,S.NO-1460220087,86,66,94	0.00	0.00	269	1	\N
4277	21116	SHAFT SHM-80 X 26 N , WITH LOCK NUT SS, HEAD-16 MTR,CAP-90 M3/HR	Active	Engineering Store	KIRLOSKAR MAKE,10-HP,1450-RPM,S.NO-1460220087,86,66,94\n	0.00	0.00	271	1	\N
4278	21117	GLAND CUP CI,SHM-80 X 26 N,HEAD-16 MTR,CAP-90 M3/HR	Active	Engineering Store	KIRLOSKAR MAKE,10-HP,1450-RPM,S.NO-1460220087,86,66,94\n	0.00	0.00	272	1	\N
4279	21118	SLEEVE SS ,SHM-80 X 26 N,HEAD-16 MTR,CAP-90 M3/HR	Active	Engineering Store	KIRLOSKAR MAKE,10-HP,1450-RPM,S.NO-1460220087,86,66,94\n	0.00	0.00	270	1	\N
4280	21119	WEAR PLATE CI ,SHM-80 X 26 N,HEAD-16 MTR,CAP-90 M3/HR	Active	Engineering Store	KIRLOSKAR MAKE,10-HP,1450-RPM,S.NO-1460220087,86,66,94\n	0.00	0.00	279	1	\N
4281	21120	GLAND CUP CPHM 65/32,CAP 50M3,HEAD 30 MTR	Active	Engineering Store	KIRLOSKAR MAKE,SIZE-65 X 100,9.3 KW,1450- PRM.S.NO-1791920033,34,35,36\n	0.00	0.00	272	1	\N
4282	21121	IMPELLER CPS 250/320N ,CAP 1100M3,HEAD-22 MTR,SS	Active	Engineering Store	SINTECH PUMP,SUCTION 300 X 250,INPUT-150 HP,1450 RPM,S.NO-23668,23669	0.00	0.00	269	1	\N
4283	21122	IMPELLER SMF 250/300,CAP-1100M3,HEAD,16 MTR,SS	Active	Engineering Store	SINTECH MAKE, SUCTION 250 X 300,INPUT-100 HP,1450 RPM,.S.NO-23666,23667	0.00	0.00	269	1	\N
4284	21123	IMPELLER KPD 125/26,,CAP-170M3/HR,HEAD-20 MTR,SS	Active	Engineering Store	KIRLOSKAR MAKE,SUCTION 125 X 150,INPUT-20 HP,1450 RPM,.S.NO-1372920008,07	0.00	0.00	269	1	\N
4285	21124	BODY CASING SS, SHM 50/32N,,CAP-25M3/HR,HEAD-30 MTR	Active	Engineering Store	KIRLOSKAR MAKE,SUCTION 50 X 65,INPUT-15 HP,1450 RPM,.S.NO-1461420016,017	0.00	0.00	268	1	\N
4286	21125	IMPELLER SHM 50/32N,,CAP-25M3/HR,HEAD-30 MTR,SS	Active	Engineering Store	KIRLOSKAR MAKE,SUCTION 50 X 65,INPUT-15 HP,1450 RPM,.S.NO-1461420016,017	0.00	0.00	269	1	\N
4287	21126	SHAFT SHM 50/32N,,CAP-25M3/HR,HEAD-30 MTR WITH LOCK NUT,SS	Active	Engineering Store	KIRLOSKAR MAKE,SUCTION 50 X 65,INPUT-15 HP,1450 RPM,.S.NO-1461420016,017	0.00	0.00	271	1	\N
4288	21127	SLEEVE SS SHM 50/32N,,CAP-25M3/HR,HEAD-30 MTR ,SS 304	Active	Engineering Store	KIRLOSKAR MAKE,SUCTION 50 X 65,INPUT-15 HP,1450 RPM,.S.NO-1461420016,017	0.00	0.00	270	1	\N
4289	21128	MPELLER SHM 65/32N,,CAP-57M3/HR,HEAD-30 MTR,SS	Active	Engineering Store	KIRLOSKAR MAKE,SUCTION 65 X 80,INPUT-15KW,1450 RPM,.S.NO-146042207,074	0.00	0.00	269	1	\N
4290	21129	SS SHAFT WITH LOCK NUT  SHM 65/32N,,CAP-57M3/HR,HEAD-30 MTR	Active	Engineering Store	KIRLOSKAR MAKE,SUCTION 65 X 80,INPUT-20\nHP,1450 RPM,.S.NO-146042207,074	0.00	0.00	271	1	\N
4291	21130	GLAND CUP SHM 65/32N,,CAP-57M3/HR,HEAD-30 MTR,CI	Active	Engineering Store	KIRLOSKAR MAKE,SUCTION 65 X 80,INPUT-20 HP,1450 RPM,.S.NO-146042207,074	0.00	0.00	272	1	\N
4292	21131	SLEEVE SS SHM 65/32N,,CAP-57M3/HR,HEAD-30 MTR,SS 304	Active	Engineering Store	KIRLOSKAR MAKE,SUCTION 65 X 80,INPUT-20 HP,1450 RPM,.S.NO-146042207,074	0.00	0.00	270	1	\N
4389	21561	COMPOUND GAUGE 750MM HG-2 KG/CM2,150 MM DIAL, BOTTON CONNECTION-1/2" NPT	Active	Engineering Store	\N	0.00	0.00	319	1	\N
4392	21564	PRINTER INK , BLACK	Active	Consumer store	\N	0.00	0.00	228	1	\N
4293	21132	WEAR PLATE SHM 65/32N,,CAP-57M3/HR,HEAD-30 MTR,CI	Active	Engineering Store	KIRLOSKAR MAKE,SUCTION 65 X 80,INPUT-15 HP,1450 RPM,.S.NO-146042207,074	0.00	0.00	279	1	\N
4294	21133	IMPELLER CPHM 125/32,CAP-165M3,HEAD-35 MTR,SS	Active	Engineering Store	KIRLOSKAR MAKE,,INPUT-25 HP,1475 RPM,.S.NO-1783020020,021	0.00	0.00	269	1	\N
4295	21134	GLAND CUP CPHM 125/32,CAP-165M3,HEAD-35 MTR,CI	Active	Engineering Store	KIRLOSKAR MAKE,,INPUT-25 HP,1475 RPM,.S.NO-1783020020,021	0.00	0.00	272	1	\N
4296	21135	WEAR PLATE CPHM 125/32,CAP-165M3,HEAD-35 MTR,CI	Active	Engineering Store	KIRLOSKAR MAKE,,INPUT-25 HP,1475 RPM,.S.NO-1783020020,021	0.00	0.00	279	1	\N
4297	21136	IMPELLER CPHM 100/40,CAP-162M3,HEAD-50 MTR,SS	Active	Engineering Store	KIRLOSKAR MAKE,,INPUT-50 HP,1450 RPM,.S.NO-1782020004&,05	0.00	0.00	269	1	\N
4298	21137	SHAFT CPHM 100/40WITH LOCK NUT,CAP-162M3,HEAD-50 MTR ,SS	Active	Engineering Store	SS IMPELLER CPHM 100/40,CAP-162M3,HEAD-50 MTR	0.00	0.00	271	1	\N
4299	21138	GLAND CUP CPHM 100/40,CAP-162M3,HEAD-50 MTR,CI	Active	Engineering Store	KIRLOSKAR MAKE,,INPUT-50 HP,1450 RPM,.S.NO-1782020004&,05	0.00	0.00	272	1	\N
4300	21139	SLEEVE SS CPHM 100/40,CAP-162M3,HEAD-50 MTR,SS 304	Active	Engineering Store	KIRLOSKAR MAKE,,INPUT-50 HP,1450 RPM,.S.NO-1782020004&,05	0.00	0.00	270	1	\N
4301	21140	WEAR PLATE CPHM 100/40,CAP-162M3,HEAD-50 MTR,CI	Active	Engineering Store	KIRLOSKAR MAKE,,INPUT-50 HP,1450 RPM,.S.NO-1782020004&,05	0.00	0.00	279	1	\N
4302	21141	IMPELLER SS CPHM 150/40N,CAP-198M3,HEAD-16 MTR,OPEN TYPE	Active	Engineering Store	KIRLOSKAR MAKE,SECTION 150 X 150 ,INPUT-30 HP,975 RPM,.S.NO-1461120032 & 33	0.00	0.00	269	1	\N
4303	21142	SS SHAFT WITH LOCK NUT CPHM 150/40N,CAP-198M3,HEAD-16 MTR	Active	Engineering Store	KIRLOSKAR MAKE,SECTION 150 X 150 ,INPUT-30 HP,975 RPM,.S.NO-1461120032 & 33	0.00	0.00	271	1	\N
4304	21143	GLAND CUP SHM 150/40N,CAP-198M3/HR,16-MTR HEAD,CI	Active	Engineering Store	KIRLOSKAR MAKE,SIZE-150 X 150 ,30-HP,975 RPM,.S.NO-1461120032 & 33	0.00	0.00	272	1	\N
4515	22248	SS TEE CONNECTOR 1/4" X 6MM	Active	Engineering Store	\N	0.00	0.00	310	1	\N
4305	21144	IMPELLER CPHM 65/32,CAP 50M3,HEAD 30 MTR,SS-304,SS	Active	Engineering Store	KIRLOSKAR MAKE,SIZE-65 X 100,9.3 KW,1450- PRM.S.NO-1791920033,34,35,36	0.00	0.00	269	1	\N
4306	21148	WEAR PLATE CPS 250 / 320 N ,CAP-1100M3/HR,22 MTR HEAD,CI	Active	Engineering Store	SINTECH PUMP,SUCTION 300 X 250,INPUT-150 HP,1450 RPM,S.NO-23668,23669	0.00	0.00	279	1	\N
4307	21149	TAPER WEDAGES OF WIL 33" X 66" MILL DRG NO-JSL/MH/267	Active	Engineering Store	\n	0.00	0.00	176	1	\N
4308	21199	BEARING  FOR PPI-VWS-300 VACUUM PUMP (V-BLET TYPE)	Active	Distillery Spares	\N	0.00	0.00	70	1	\N
4309	21200	GASKET SET FOR PPI-VWS-300 VACUUM PUMP (V-BLET TYPE)	Active	Distillery Spares	\N	0.00	0.00	70	14	\N
4310	21202	TEFLON BALL (DRIVE &NON DRIVE SIDE) FOR PPI-VWS-300 VACUUM PUMP (V-BLET TYPE)	Active	Distillery Spares	\N	0.00	0.00	70	14	\N
4311	21203	AUTOMATIC DRAIN VALVE FOR PPI-VWS-300 VACUUM PUMP (V-BLET TYPE)	Active	Distillery Spares	\N	0.00	0.00	70	1	\N
4312	21207	LANTERN RING FOR PPI-VWS-300 VACUUM PUMP (V-BLET TYPE)	Active	Distillery Spares	\N	0.00	0.00	70	1	\N
4314	21221	MECHANICAL SEAL  (DOUBLE) FOR MICROFINISH PUMP ,MODE-2K.6 X 4-13 A/OP	Active	Distillery Spares	S.NO-59714	0.00	0.00	70	14	\N
4315	21225	MECHANICAL SEAL (SINGLE)FOR MICROFINISH PUMP (SINGLE) ,MODE-1K. 3 X 1.5-6	Active	Distillery Spares	S.NO-45782	0.00	0.00	70	14	\N
4316	21229	COPPER LUG 70 SQMM CRIMPING TYPE, SINGLE HOLE 10 SQMM STUD HOLE	Active	Electric Store	MODULE:CUS-358,\n	0.00	0.00	87	1	\N
4317	21230	ALUMINIUM LUG 4-SQMM,INGLE HOLE 5-SQMM STUD HOLE MODULE:ALS-317,	Active	Electric Store	\N	0.00	0.00	87	1	\N
4318	21231	ALUMINIUM LUG 95SQMM CRIMPING TYPE, SINGLE HOLE 12 SQMM STUD HOLE	Active	Electric Store	\N	0.00	0.00	87	1	\N
4319	21237	CARBON BRUSH HOLDER SUITABLE FOR CARBON BRUSH SIZE-25 X 32 X 50MM FOR IEC MAKE DC MOTER 750KW, FRAME ILFC 500M	Active	Electric Store	\n	0.00	0.00	83	1	\N
4320	21297	MS BOLT 20 X 65MM,FULL THREAD	Active	Engineering Store	\N	0.00	0.00	54	3	\N
4321	21310	SLEEVE SS 1K.3 X 2-6 FOR MICROFINISH PUMP	Active	Distillery Spares	S NO-45736	0.00	0.00	70	1	\N
4322	21313	SLEEVE SS ETN-080-065-200 FFSC FOR KSB PUMP	Active	Distillery Spares	S.NO-9974392262/01/00/03	0.00	0.00	70	1	\N
4323	21334	LUBE OIL FOR AIR COMPRESSOR CPB-20-25 ( PART NO-1630144520 )	Active	Engineering Store	MAKE-ROTAIR ADVANCE ( 20-LTR EACH )\n\n\n	0.00	0.00	196	10	\N
4324	21344	DIAPHRAGM FOR DOSING PUMP MODEL-GB 404	Active	Engineering Store	MILTON ROY LTD,S.NO-2980,MAX O/P-400 LPM,MAX PRESS-5-KG/CM2 \n	0.00	0.00	170	1	\N
4325	21345	LUBE OIL FILTER TYPE DUPLEX,CAP-IGPM220 FOR 22MW TRIVENI TURBINE (DRG-JSL/TURBINE/51)	Active	Engineering Store	WORKING PRE-6 TO 8 KG/CM2,FILTRATION-10 MICRON\n	0.00	0.00	148	1	\N
4326	21346	CONTROL OIL FILTER TYPE DUPLEX,CAP-IGPM 30 FOR TRIVENI TURBINE 22 MW (DRG-JSL/TURBINE/51)	Active	Engineering Store	WORKING PRE-25 -KG/CM2,FILTRATION-10 MICRON\n	0.00	0.00	148	1	\N
4327	21348	NEUTRIOZYME CT CHEMICAL	Active	Distillery Spares	\N	0.00	0.00	76	3	\N
4328	21353	ROTOR HEAD FOR RISANASI PUMP RTOH4460CCC X GP-TD (PART NO-2341)	Active	Engineering Store	HEAD-20KG/CM2,CAP-11.60M3/HR	0.00	0.00	305	1	\N
4329	21360	TIE BOLT & NUT 230 X 6MM FOR KIRLOSKAR MOTOR 3.7 KW,FRAME:112L	Active	Engineering Store	\N	0.00	0.00	54	1	\N
4330	21361	TERMINAL BOX 3.7 KW FOR KIRLOSKAR MOTOR FRMAE-112L	Active	Electric Store	\N	0.00	0.00	110	1	\N
4331	21364	TERMINAL BOX 2.2 KW FOR KIRLOSKAR MOTOR FRMAE-100L	Active	Electric Store	\N	0.00	0.00	110	1	\N
4332	21375	SLEEVE SS CCR-50-160-R652L3 (REPEATED CODE NO-15401)	Active	Engineering Store	JOHNSON-MAKE,DISCHARGE:50/80M3/HR,HEAD:30/33,PRESSURE:6.6,RPM-2900\n	0.00	0.00	270	1	\N
4333	21381	LOCK NUT MATHER + PLATT ET ISO 19,DISCHARGE:121M3/HR,HEAD:24-MTR,1460-RPM	Active	Engineering Store	\n	0.00	0.00	274	1	\N
4334	21382	STUFFING BOX CI MATHER + PLATTET ET ISO-19	Active	Engineering Store	DISCHARGE:121M3/HR,HEAD:24MTR,1460-RPM\n	0.00	0.00	272	1	\N
4335	21384	GLAND CUP CI MF-25 X 25	Active	Engineering Store	KIRLOSKER BROTHER-MAKE, DISCHARGE-750M3/HR.HEAD-22-MTR\n	0.00	0.00	272	1	\N
4336	21385	LOCK NUT SS MF-25 X 25	Active	Engineering Store	KIRLOSKER BROTHER-MAKE ,DISCHARGE-750M3/HR,HEAD-22-MTR\n	0.00	0.00	274	1	\N
4338	21398	GLAND CUP CI KDS-83+	Active	Engineering Store	KIRLOSKER BROTHER-MAKE,DISCHARGE-18/11M3/HR,HEAD-18/20-MTR,2900-RPM\n	0.00	0.00	272	1	\N
4339	21399	LOCK NUT SS KDS-83+	Active	Engineering Store	KIRLOSKER BROTHER-MAKE,DISCHARGE-18/11M3/HR,HEAD-18/20-MTR,2900-RPM\n	0.00	0.00	272	1	\N
4340	21400	SLEEVE SS KDS-1030++	Active	Engineering Store	KIRLOSKER BROTHER-MAKE,DISCHARGE-18/11M3/HR,HEAD-18/29-MTR,2900-RPM\n	0.00	0.00	270	1	\N
4341	21401	GLAND CUP CI KDS-1030++	Active	Engineering Store	KIRLOSKER BROTHER-MAKE,DISCHARGE-18/11M3/HR,HEAD-18/29-MTR,2900-RPM\n	0.00	0.00	272	1	\N
4342	21403	LOCK NUT SS KDS-1030++	Active	Engineering Store	KIRLOSKER BROTHER-MAKE,DISCHARGE-18/11M3/HR.HEAD-18/29-MTR,2900-RPM\n	0.00	0.00	272	1	\N
4343	21409	RUBBER CORD 36 X 15 X 13 X 5MM, T-TYPE FOR 425M2 SULPHUR JUICE HEATER (DRG: JSL/EVP/38-R1)	Active	Engineering Store	EPDM RUBBER\n	0.00	0.00	225	7	\N
4344	21410	RUBBER CORD 9.5 X 10.5 X 18MM FOR VACUUM FILTER NO-3 (JSL/EV/382)	Active	Engineering Store	\n	0.00	0.00	225	7	\N
4345	21413	GM BUSH 138 X 205 X 350MM	Active	Engineering Store	FOR IRTC\n	0.00	0.00	68	3	\N
4346	21419	BUSSMANN SEMICONDUCTOR FUSE 630 AMP,690 VOLT,200 KA,TYPE-170M6010,SIZE-3,BOILT & NUT TYPE	Active	Electric Store	\n	0.00	0.00	98	1	\N
4347	21436	GUN METAL BEARING LINER FOR 1ST & 2ND MILL BOTTOM ROLLER OF 42" X 84"(DRG-MI/MH/03/4525)	Active	Engineering Store	MERU MAKE MILL (1-SET CONTAIN 2-PCS)\n	0.00	0.00	178	1	\N
4348	21441	HAMMERTONE YELLOW PAINT	Active	Engineering Store	\n	0.00	0.00	186	10	\N
4349	21442	FITTING KIT FOR DOOR	Active	Building Store	\n	0.00	0.00	49	14	\N
4350	21455	AIR FILTER FOR HYDRA	Active	Engineering Store	\N	0.00	0.00	252	1	\N
4351	21458	CONNECTING ROD BIG END BEARING PART NO-1901000051 FOR AIR COMPRESSOR MODEL-2HX2T-21X11	Active	Engineering Store	\n	0.00	0.00	169	1	\N
4352	21459	UNLOADER SPRING PART NO-1903347708 FOR AIR COMPRESSOR MODLE-2HX2T-21X11	Active	Engineering Store	\n	0.00	0.00	169	1	\N
4354	21461	U/L TABLE BOLT FOR AIR COMPRESSOR MODEL-2HX2T-21X11	Active	Engineering Store	\n	0.00	0.00	169	1	\N
4355	21462	U/L TABLE WASHER FOR AIR COMPRESSOR MODEL-2HX2T-21X11	Active	Engineering Store	\n	0.00	0.00	169	1	\N
4356	21463	UNLOADER TABLE FOR AIR COMPRESSOR MODEL-2HX2T-21X11	Active	Engineering Store	\n	0.00	0.00	169	1	\N
4357	21464	COPPER GASKET PART NO-1903073808 FOR AIR COMPRESSOR MODEL-2HX2T-21X11	Active	Engineering Store	\n	0.00	0.00	169	1	\N
4358	21465	WASHER SPRING 5/16" SS FOR 7 X 5 NON LUB COMPRESSOR	Active	Engineering Store	\n	0.00	0.00	160	1	\N
4359	21466	WASHER SPRING 1/4" FOR 7 X 5 NON LUB COMPRESSOR	Active	Engineering Store	\n	0.00	0.00	160	1	\N
4360	21467	COPPER WASHER 1/2 FOR 7 X 5 NON LUB COMPRESSOR	Active	Engineering Store	\n	0.00	0.00	160	1	\N
4361	21469	SIEMENS BIMETAL RELAY 4-6.3 AMPS	Active	Electric Store	3UA5000-1G\n	0.00	0.00	105	1	\N
4362	21471	OIL SEAL 45 X 65 X 10	Active	Engineering Store	\N	0.00	0.00	224	1	\N
4363	21472	OIL SEAL 52 X 72 X 10	Active	Engineering Store	\N	0.00	0.00	224	1	\N
4364	21473	OIL SEAL 45 X 64 X 8	Active	Engineering Store	\N	0.00	0.00	224	1	\N
4365	21474	OIL SEAL 50 X 70 X 8	Active	Engineering Store	\N	0.00	0.00	224	1	\N
4366	21487	BEARING SUPPORT RING FOR RISANSI MAKE PUMP MODEL: RTOH4460CCC X GP-TD (PART NO-221)	Active	Engineering Store	RISANSI MAKE SLOPE PUMP CAPACITY: 11.60M3/HR, HEAD: 20KG/CM2, S.NO-19-20/1/655	0.00	0.00	305	1	\N
4367	21488	STUD (FOUR) FOR RISANSI MAKE PUMP MODEL: RTOH4460CCC X GP-TD (PART NO-258)	Active	Engineering Store	RISANSI MAKE SLOPE PUMP CAPACITY: 11.60M3/HR, HEAD: 20KG/CM2, S.NO-19-20/1/655\n	0.00	0.00	305	1	\N
4368	21489	GLAND BOLT (TWO) FOR RISANSI MAKE PUMP MODEL: RTOH4460CCC X GP-TD (PART NO-2152)	Active	Engineering Store	RISANSI MAKE SLOPE PUMP CAPACITY: 11.60M3/HR, HEAD: 20KG/CM2, S.NO-19-20/1/655\n	0.00	0.00	305	1	\N
4369	21497	PLOTTER PAPER-0.915 X 50 MTR,90 GSM	Active	Consumer store	\N	0.00	0.00	230	26	\N
4370	21504	MOTOR PROTECTION RELAY,TYPE:MM10240 X 225,AUX SUPPLY:230 AC,50/60-HZ	Active	Electric Store	SIZE-96 X 96MM	0.00	0.00	103	1	\N
4371	21508	GEAR BOX FOR CRANE MAKE BUTTERFLY VALVE 12"	Active	Engineering Store	\N	0.00	0.00	241	1	\N
4372	21510	BEARING NU 303	Active	Engineering Store	\N	0.00	0.00	39	1	\N
4373	21520	RUBBER JOINTING SHEET 3MM BLACK	Active	Manufacturing Store	\N	0.00	0.00	327	3	\N
4374	21526	PILLOW BEARING UC 208	Active	Engineering Store	\n	0.00	0.00	38	1	\N
4375	21527	BEARING 30206 A	Active	Engineering Store	\n	0.00	0.00	39	1	\N
4376	21528	BEARING 6036 C3	Active	Engineering Store	\n	0.00	0.00	42	1	\N
4377	21529	BEARING 6032 C3	Active	Engineering Store	\n	0.00	0.00	42	1	\N
4378	21530	BEARING 61826	Active	Engineering Store	\n	0.00	0.00	42	1	\N
4379	21531	BEARING 23022 ECW33	Active	Engineering Store	\n	0.00	0.00	38	1	\N
4380	21532	BEARING 6052	Active	Engineering Store	\n	0.00	0.00	42	1	\N
4381	21533	BEARING 6222 C3	Active	Engineering Store	\n	0.00	0.00	42	1	\N
4382	21534	BEARING 6015 C3	Active	Engineering Store	\n	0.00	0.00	42	1	\N
4383	21535	SHAFT HEAD FOR RISANSI MAKE PUMP MODEL: RTOH4460CCC X GP-TD (PART NO-226)	Active	Engineering Store	\N	0.00	0.00	305	1	\N
4384	21543	SS GRUB SCREW 6 X 20MM	Active	Engineering Store	\N	0.00	0.00	67	1	\N
4385	21549	RUBBER RING 232 X 150 X 13MM FOR CI NRV VALVE 8" ( ITEM NO-4) DRG-JSL/EV/042/R2)	Active	Engineering Store	\N	0.00	0.00	225	1	\N
4386	21555	MECHANICAL SEAL ETN 125-100-315 GCSCO,HEAD-30 MTR,DISCHARG-200M3/HR	Active	Engineering Store	KSB MAEK PUMP	0.00	0.00	270	1	\N
4387	21556	MECHANICAL SEAL ETN 100-080-315 GCSCO,HEAD-35 MTR,DISCHARG-150M3/HR	Active	Engineering Store	KSB MAKE PUMP	0.00	0.00	270	1	\N
4388	21560	DIGITAL INDICATOR,MODEL-PIC152,DIGITAL TYPE,7 SEGMENT	Active	Engineering Store	TEMP RANGE 0 TO 1000 DEG CEL,SIZE-96 X 48MM, I/P 240 VAC	0.00	0.00	309	1	\N
4390	21562	VACUUM GAUGE _ 760 MM HG,DIAL:150MM X 1/2" BSP	Active	Engineering Store	\N	0.00	0.00	316	1	\N
4391	21563	INDICATOR (TC513BX,TC203BX,TC303BX) DIGITAL TYPE 3-DIGIT	Active	Engineering Store	I/P SIGNAL: THERMOCOUPLE (J,K,R,S,RT) 230 VAC,SIZE-72 X 72	0.00	0.00	309	1	\N
4396	21574	1ST STAGE CASE ASSEMBLY FOR MODEL:2000M4,T2 47110NM,3.7 KW MAGTORQ GEAR BOX,, BORE-164.8MM,N2-1RPM	Active	Engineering Store	S/NO-807604420808\n	0.00	0.00	241	1	\N
4397	21575	HIGH TENSION BOLT & NYLOCK NUT 10 X 80MM,HALF THREAD	Active	Engineering Store	\N	0.00	0.00	59	1	\N
4398	21576	OIL INDICATOR 3/8" FOR GEAR BOX	Active	Engineering Store	\N	0.00	0.00	241	1	\N
4399	21578	GUN METAL BEARING FOR 2ND GRPF ( DRG-JSL/MH/219 )	Active	Engineering Store	\n	0.00	0.00	178	1	\N
4400	21582	OPTIFERM CR PLUG	Active	Distillery Spares	\N	0.00	0.00	76	3	\N
4401	21583	OPTIFERM CR PRO	Active	Distillery Spares	\N	0.00	0.00	76	3	\N
4402	21586	RUBBER BELT 600 MM WIDTH X 10MM THK X 4 FLY,OPEN END	Active	Engineering Store	\N	0.00	0.00	223	7	\N
4403	21587	SS PERAFORATED SHEET 620MM WIDTH X 2180MM LONG X 30 SWG FOR 14' X 28' VACUUM FILTER	Active	Engineering Store	\N	0.00	0.00	127	1	\N
4404	21590	COOLING FAN MOTOR FOR ACS 800 D S UNIT,MODEL-D2E146-AP47-C3	Active	Electric Store	EBM PAPST MADE IN GERMANY-MAKE,300-WATT,230 VAC,AC,RPM-2050 TOPOUT,SINGLE PHASE\n	0.00	0.00	110	1	\N
4405	21600	FRP PAINT (RUSTOSEAL-1002)	Active	Engineering Store	\N	0.00	0.00	186	3	\N
4406	21604	MESCHART KNIFE BEAM (DRG:JSL/MH/470)	Active	Engineering Store	\N	0.00	0.00	176	1	\N
4407	21609	GROOVING TOOL 32 X 32 X 300MM X 6MM WITDH (MECHART INSIDE TIP)	Active	Engineering Store	\N	0.00	0.00	264	1	\N
4408	21613	O RING 225MM ID X 5MM THK	Active	Engineering Store	\N	0.00	0.00	125	1	\N
4409	21615	GI BEND 1 1/2" (40MM) SHORT	Active	Engineering Store	TABLE 1.5D\n	0.00	0.00	213	1	\N
4410	21616	RUBBER SEAT FOR 500MM BUTTERFLY VALVE TVT AMKE (JSL/BH/272)	Active	Engineering Store	\N	0.00	0.00	225	1	\N
4411	21619	U/L KIT 8 X 7 NON LUB COMPRESSOR 8 X 7 (95745186)	Active	Engineering Store	\N	0.00	0.00	296	14	\N
4412	21622	PORT PLATE OUTER END 8 X 7 NON LUB (37803137)	Active	Engineering Store	\N	0.00	0.00	296	1	\N
4413	21623	PORT PLATE FRM END 8 X 7 NON LUB (37803145)	Active	Engineering Store	\N	0.00	0.00	296	1	\N
4414	21626	SS REDUCER 6" X 3"	Active	Engineering Store	GRADE-406	0.00	0.00	204	1	\N
4415	21628	NYLON SPIRAL BRUSH WITH MALE THREAD 10MM DIA X 150MM LONG	Active	Manufacturing Store	\N	0.00	0.00	331	1	\N
4416	21633	DRIVE ASSEMBLY KIT FOR COOLING TOWER MODEL-452-202 (PART NO-SR.6QCLINBM INSERT)	Active	Engineering Store	CT S.NO-20-2-0098C & CT S.NO-15-2-24	0.00	0.00	164	1	\N
4417	21639	DISTILLERY POWER PLANT LOG BOOK 2500 KW	Active	Consumer store	300-PAGES\n	0.00	0.00	227	1	\N
4418	21668	GRAPHITE PRESSURE BALANCING RING WITH METAL DISC DN-150, SEAT-113MM	Active	Engineering Store	FOR 50TON PRDS PRESSURE CONTROLL VALVE APP.NO-A1000810, SERIES 547-L2, OA.NO-411400611, ANSI-600\n	0.00	0.00	317	14	\N
4419	21678	DISTILLERY BOILER LOG BOOK 23 TPH	Active	Consumer store	100-PAGES ( AS PER ENCLOSED FORMAT )\n\n	0.00	0.00	227	1	\N
4420	21679	TRIVENI TURBINE 2.5 MW LOG BOOK	Active	Consumer store	100-PAGES ( AS PER ENCLOSED FORMAT )\n	0.00	0.00	227	1	\N
4421	21680	RUBBER SPIDER RRS 225/100	Active	Engineering Store	\n	0.00	0.00	245	1	\N
4422	21682	LIMIT SWITCH (BCH) FOR RSB SOOT BLOWER TYPE-LLGS	Active	Engineering Store	A15 AT415V 1.5A,  D13 AT240V 0.1A\n	0.00	0.00	309	1	\N
4423	21683	RF LEVEL SWITCH FOR FLUE GAS LEVEL	Active	Engineering Store	MAKE- ENVIRO LEVEL CONTROL PVT LTD (EIP)\n	0.00	0.00	309	1	\N
4424	21685	A PVC TANK NIPPLE 2"	Active	Engineering Store	\n	0.00	0.00	218	1	\N
4425	21686	A PVC ELBOW 2"	Active	Engineering Store	\n	0.00	0.00	206	1	\N
4426	21714	CROMPTON GREAVES MAKE MOTOR 3 PHASE INDUCTION MOTOR 25 HP / 18.5 KW,1460-RPM,FRAME:180 M-4,TEFC,IE2,DUTY:S1,FLANGE MOUNTED TYPE	Active	Electric Store	\n	0.00	0.00	110	1	\N
4427	21719	COUPLING BOLT & NUT 10 X 75MM,TYPE-3 ( DRG-JSL/BH/385 )	Active	Engineering Store	\n	0.00	0.00	60	1	\N
4428	21720	COUPLING BOLT & NUT 16 X 98MM.TYPE-4 ( DRG-JSL/BH/385 )	Active	Engineering Store	\n	0.00	0.00	60	1	\N
4429	21721	RUBBER CORD 20 X 20 X 8 X 6 X 6 X 4 X 10 X 10MM,U-TYPE( MUD SEALING RING ) FOR CLARIFIER-3 (JSL/BH/387)	Active	Engineering Store	\N	0.00	0.00	225	7	\N
4430	21722	RUBBER BUSH 16MM ID X 38MM OD X 42MM LENGHT (JSL/BH/286) TYPE-1	Active	Engineering Store	\N	0.00	0.00	222	1	\N
4431	21723	RUBBER BUSH 16MM ID X 35MM OD X 36MM LENGHT (JSL/BH/286 ) TYPE-2	Active	Engineering Store	\N	0.00	0.00	222	1	\N
4432	21724	RUBBER BUSH 19MM ID X 30MM OD X 30MM LENGHT (JSL/BH/286 ) TYPE-3	Active	Engineering Store	\N	0.00	0.00	222	1	\N
4433	21725	RUBBER BUSH 20MM ID X 48MM OD X 52MM LENGHT (JSL/BH/286 ) TYPE-4	Active	Engineering Store	\N	0.00	0.00	222	1	\N
4434	21726	RUBBER BUSH 25MM ID X 62MM OD X 50MM LENGHT (DRG-JSL/BH/286) TYPE-5	Active	Engineering Store	\N	0.00	0.00	222	1	\N
4435	21728	PRESSORE SENSOR ( SENSOR GP-PR ) FOR 725 KVA DG SET,PART NO-1638516	Active	Electric Store	\N	0.00	0.00	115	1	\N
4436	21729	SPEED SENSOR ( SENSOR GP-SP ) PART NO-3181180	Active	Electric Store	\n	0.00	0.00	115	1	\N
4437	21735	ALUMINIUM PATTI 1 1/2" X 8 FEET LONG	Active	Building Store	\N	0.00	0.00	49	1	\N
4438	21741	OIL SEAL 75 X 100 X 12	Active	Engineering Store	\N	0.00	0.00	224	1	\N
4439	21742	OIL SEAL 40 X 68 X 7	Active	Engineering Store	\N	0.00	0.00	224	1	\N
4440	21749	SS SPRAY NOZZLE 5/6	Active	Engineering Store	GRADE 304, SIZE 2 BSP FEMALE	0.00	0.00	346	1	\N
4441	21750	SS SPRAY NOZZLE 7.5/6	Active	Engineering Store	GRADE 304, SIZE 2 BSP FEMALE	0.00	0.00	346	1	\N
4442	21754	PLAIN TRAY HOPPER FOR 2.2 MTR WIDTH X 300MM HEIGHT X 12 MTR LONG WITHF RIVIT & YOKE FIXING ARRANGMENT	Active	Engineering Store	\N	0.00	0.00	129	1	\N
4443	21758	IMPELLER TMH 32 H FOR 15 HP MONOBLCOK PUMP ,SIZE 65 X 50	Active	Engineering Store	\N	0.00	0.00	269	1	\N
4444	21761	DIGITAL INDICATOR,MODEL-UM33A-000-10/DC	Active	Engineering Store	SUPPLY-24VAC/DC, DC-7VA, AC-50/60HZ,11VA, AMB TEMP: -10 TO 50 DEGREE CELCIUS\n	0.00	0.00	309	1	\N
4445	21762	DIGITAL INDICATOR,MODEL-UM33A-020-10/DC	Active	Engineering Store	SUPPLY-24VAC/DC, DC-7VA, AC-50/60HZ,11VA, AMB TEMP: -10 TO 50 DEGREE CELCIUS	0.00	0.00	309	1	\N
4446	21779	HIGH TENSION BOLT 20 X 200MM,HALF THREAD	Active	Engineering Store	\N	0.00	0.00	59	1	\N
4448	21785	SS BOLT 10 X 50MM	Active	Engineering Store	\N	0.00	0.00	63	1	\N
4449	21786	SS BOLT 10 X 60MM	Active	Engineering Store	\N	0.00	0.00	63	1	\N
4450	21787	SS BOLT 8 X 30MM	Active	Engineering Store	\N	0.00	0.00	63	1	\N
4451	21793	WORM WHEEL WITH SHAFT  V-700,RATIO:39:1 FOR GREAVES MAKE GEAR BOX	Active	Engineering Store	\n	0.00	0.00	244	1	\N
4452	21805	FILTER FOR AIR FILTER REGULATOR MODEL: 11-4SN-201M-N16KA-NS	Active	Engineering Store	\n	0.00	0.00	322	1	\N
4453	21806	DIAPHRAGM FOR AIR FILTER REGULATOR MODEL: 11-4SN-201M-M6KA-NS	Active	Engineering Store	\n	0.00	0.00	322	1	\N
4454	21830	LED TUBE LIGHT WATER PROOF OUT DOOR  1 X 20 WATTS COMPLEATE FITTING WITH 4 FEET TUBE	Active	Electric Store	\n	0.00	0.00	79	1	\N
4455	21840	CAT 6 RJ 45 EHTERNET PATCH CABLE 1 MTR	Active	Consumer store	\N	0.00	0.00	228	1	\N
4456	21841	CAT 6 RJ 45 EHTERNET PATCH CABLE 2 MTR	Active	Consumer store	\N	0.00	0.00	228	1	\N
4457	21850	DRILL BIT CONCRETE 18MM	Active	Engineering Store	\n	0.00	0.00	263	1	\N
4458	21865	END SHIELD ( COVER ) DRIVE END SIDE FOR 40 HP/30 KW MOTOR FLANGE MOUNTED FRAME-VD 200 L	Active	Electric Store	MARATHON-MAKE\n	0.00	0.00	110	1	\N
4459	21866	END SHIELD ( COVER ) NON DRIVE SIDE FOR 40 HP/30 KW MOTOR FLANGE MOUNTED FRAME-VD 200 L	Active	Electric Store	MARATHON-MAKE\n	0.00	0.00	110	1	\N
4460	21867	COOLING FAN MOTOR ,WATT-372,RPM-1400,MODEL-GPW45043	Active	Electric Store	MARATHON-MAKE,3 PHASE,415 V,AC 50 H3\n	0.00	0.00	110	1	\N
4461	21871	GROOVING TOOL 40 X 40 X 300MM ( 35 DEGREE )	Active	Engineering Store	\n	0.00	0.00	264	1	\N
4462	21872	MS BOLT & NUT 20 X 150MM FULL THREAD	Active	Engineering Store	\n	0.00	0.00	54	3	\N
4463	21873	NYLON BRUSH 14MM DIA X 150MM LONG	Active	Manufacturing Store	\n	0.00	0.00	331	1	\N
4464	21875	NICKEL SCREEN 0.09 MM FOR WK-1500/30 WIL (DRG-JSL/BH/389/1/R0 & JSL/BH/389)	Active	Manufacturing Store	0.09 X 2.21 X 0.27MM (6+3 SEGMENT)	0.00	0.00	328	14	\N
4465	21887	ELECTRONIC WEIGHING SCALE 50 KG CAPACITY,MODEL-DS-252	Active	Engineering Store	BENCH SCALE,SIZE 370 X 370\n	0.00	0.00	235	1	\N
4466	21889	RUBBER RING FOR 100 TON PAN DISCHARGE VALVE 770 X 520 X 12MM THK (DRG-JSL/BH/383)	Active	Engineering Store	\n	0.00	0.00	225	1	\N
4467	21894	CABLE JOINTING TERMINAL KIT OUTDOOR TYPE 11-KV HT XPLE,3 CORE X 300 SQMM 11KV UE	Active	Electric Store	\N	0.00	0.00	81	1	\N
4468	21897	MS BOLT & NUT 6 X 150MM,FULL THREAD	Active	Engineering Store	\N	0.00	0.00	54	3	\N
4469	21901	PILLOW BEARING F 210	Active	Engineering Store	\N	0.00	0.00	38	1	\N
4470	21904	VFD PANEL FOR RAW JUICE MOTOR 60 HP / 45 KW WITH 120 % MORE RATED CAPACITYRPM-1480,3 PHASE 415 VOLT 50 HZ	Active	Electric Store	AS PER ANNEXURE SPECIFICATION	0.00	0.00	103	14	\N
4471	21937	SCREW 8 X 35	Active	Building Store	\N	0.00	0.00	49	13	\N
4472	21962	NYLON SLING 32MM X 30 FEET LONG	Active	Cane Harvest & Transportation	FOR TRACTOR\n	0.00	0.00	53	1	\N
4473	21963	2ND STAGE DOUBLE ENDED SUN PINION FOR TOP GEAR BOX,MODEL-2515,RATIO-37.95	Active	Engineering Store	CODE-FFH-251537.95,S NO-09081342\n\n	0.00	0.00	241	1	\N
4474	21973	OIL SEAL 170 X 200 X 13	Active	Engineering Store	\n	0.00	0.00	224	1	\N
4475	21974	LIMIT SWITCH ,TYPE-NLL1 FOR LRSB SOOT BLOWER (BCH)	Active	Engineering Store	AC 15,AT415V,DC 13 AT 240 V,O01 A	0.00	0.00	309	1	\N
4476	21976	INDICATOR CUM TRANSMITTER FOR CANE BLANKET LEVEL	Active	Engineering Store	PRODUCT CODE-ASD-HE-CBLIT-1005-1-2,230 V DC,50 HZ, DISPLAY-4 DIGIT LED,O/P-4 TO 20 MA	0.00	0.00	312	1	\N
4477	21979	RADIATORS FOR 2500 KVA TRANSFORMER	Active	Electric Store	MAKE -VOLTAMPS,CONVERTER DUTY TRANSFORMER S.NO-14982/1,YEAR OF MFG 2009,11 KV /0.690-0.690 KV,CURRENT-131.22/1250-1250,DRAWING-3RD14982/0	0.00	0.00	111	14	\N
4478	21989	OIL SEAL 110 X 140 X 12	Active	Engineering Store	\n	0.00	0.00	224	1	\N
4479	21990	RUBBER SPIDER UWS-190	Active	Engineering Store	\n	0.00	0.00	245	1	\N
4480	22001	MS STUD BOLT & NUT 22 X 150MM ,FULL THREAD	Active	Engineering Store	\N	0.00	0.00	61	1	\N
4481	22008	SRING DOWEL 5 X 30 FOR-DOSING PUMP ,MODEL-GB 404	Active	Engineering Store	MILTON ROY PVT LTD-MAKE\n	0.00	0.00	170	1	\N
4482	22021	LOOPER DRIVE ECCENTRIC ASSEMBLY MODEL-90000 E FOR-STITCHING M/C	Active	Engineering Store	\n	0.00	0.00	120	1	\N
4483	22078	QUALITY AND RECORD FEED STOCK (PRODUCTION DATA FOR SUGAR CANE JUICE / SYRUP)	Active	Consumer store	200 PAGE	0.00	0.00	227	9	\N
4484	22088	LABORATARY LOG BOOK FOR TANDEM A	Active	Consumer store	200 PAGE	0.00	0.00	227	9	\N
4485	22095	OIL SEAL 62 X 72 X 10	Active	Engineering Store	\N	0.00	0.00	224	1	\N
4486	22096	OIL SEAL 50 X 75 X 13	Active	Engineering Store	\N	0.00	0.00	224	1	\N
4487	22097	OIL SEAL 52 X 80 X 10	Active	Engineering Store	\N	0.00	0.00	224	1	\N
4488	22098	OIL SEAL 55 X 80 X 13	Active	Engineering Store	\N	0.00	0.00	224	1	\N
4489	22102	ELECTRICAL ENGINEERS LOG BOOK TANDEM B-MILL	Active	Consumer store	300 PAGE (AS PER ENCLOSED FORMATE)	0.00	0.00	227	9	\N
4490	22103	ELECTRICAL ENGINEERS LOG BOOK 70 TPH BOILER	Active	Consumer store	300 PAGE  (AS PER ENCLOSED FORMATE)	0.00	0.00	227	9	\N
4491	22112	A PVC COLLER 1 1/2"	Active	Engineering Store	\N	0.00	0.00	209	1	\N
4492	22121	TEA BUFFER (TRITHANOLANINE)	Active	Manufacturing Store	\N	0.00	0.00	\N	24	\N
4493	22128	GLAND SIDE COVER 150-BC-320	Active	Engineering Store	HEAD-18 MTR,CAP-150M3/HR,960 RPM	0.00	0.00	272	1	\N
4494	22137	MOVABLE BELT CONVEYOR 600MM WIDTH BELT 40 FEET LONG	Active	Engineering Store	AS PER ENCLOSED LIST	0.00	0.00	128	1	\N
4495	22138	AIR HEATER TUBE (ERW) 63.5MM OD X 2.03MM THK X 2580MM LONG	Active	Engineering Store	MOC-SA 423 GR-1	0.00	0.00	346	1	\N
4496	22139	AIR HEATER TUBE (ERW) 63.5MM OD X 2.03MM THK X 2540MM LONG	Active	Engineering Store	MOC-SA 423 GR-1	0.00	0.00	346	1	\N
4497	22141	ELECTRO PNEUMATIC POSITIONER WITH RETROFITS,MODE-YT 1000,LINK SCALE 100MM	Active	Engineering Store	\N	0.00	0.00	309	1	\N
4498	22144	PVC SADDLE 2" X 1/2"	Active	Engineering Store	\N	0.00	0.00	216	1	\N
4499	22145	RAM DDR4 8 GB	Active	Consumer store	\N	0.00	0.00	228	1	\N
4500	22147	CHAIN 20MM DIA HEAVY DUTY,LIFTING CAP 20-MT	Active	Engineering Store	\N	0.00	0.00	235	7	\N
4501	22166	KNIFE GATE VALVE 300NB WITH CYLINDER FOR ASH HANDLING SYSTEM	Active	Engineering Store	\N	0.00	0.00	341	1	\N
4502	22168	ELECTRO PNEUMATIC POSITIONER DIAPHRAGM,MODEL-8013,SIGNAL 4 TO20MA DC,SUPPLY MAX 75 PSI	Active	Engineering Store	\N	0.00	0.00	309	1	\N
4503	22176	OIL FILTER FOR ELGI AIR COMPRESSOR MODEL-EG45-7.5	Active	Engineering Store	\N	0.00	0.00	346	1	\N
4504	22177	AIR FILTER FOR ELGI AIR COMPRESSOR MODEL-EG45-7.5	Active	Engineering Store	\N	0.00	0.00	346	1	\N
4505	22178	OIL AIR LUBE UT SYNTHETIC FOR AIR COMPRESSOR EG-45 7.5	Active	Engineering Store	\N	0.00	0.00	196	10	\N
4506	22179	ANAEROBIC CULTURE	Active	Manufacturing Store	\N	0.00	0.00	329	3	\N
4507	22187	BATTERY KNB 45-L FOR WIRELESS HANDSET 7.4 VDC,2000MAH	Active	Engineering Store	N1-MH	0.00	0.00	318	1	\N
4508	22188	MICROPHONE FOR WIRELESS HAND SET MODEL-TK-2207	Active	Engineering Store	\N	0.00	0.00	318	1	\N
4509	22227	MECHANICAL SEAL MODEL-3K.10 X 8-14 FOR MICROFINISH PUMP (SINGLE)	Active	Distillery Spares	CAP-455M3/HR,HEAD-25MTR,SLNO-59053	0.00	0.00	71	1	\N
4510	22228	MECHANICAL SEAL MODEL-2K. 4 X 3-8 FOR MICROFINISH PUMP (SINGLE)	Active	Distillery Spares	S.NO-59666	0.00	0.00	71	1	\N
4511	22229	MECHANICAL SEAL MODEL-2K.6 X 5-13 SP1 FOR MICROFINISH PUMP (SINGLE)	Active	Distillery Spares	CAP-230 M3/HR,20 MTR,	0.00	0.00	71	1	\N
4512	22230	MECHANICAL SEAL MODEL-1K.3 X 2-6 FOR MICROFINISH PUMP (SINGLE)	Active	Distillery Spares	CAP-50M3/HR,HEAD-22 MTR	0.00	0.00	71	1	\N
4513	22240	STRAIGHT UNION 1/8" X 8MM	Active	Engineering Store	\N	0.00	0.00	179	1	\N
4514	22247	BRASS CONNECTOR 1/4" X 6MM	Active	Engineering Store	\N	0.00	0.00	310	1	\N
4517	22250	SS CONNECTOR 1/8" X 6MM	Active	Engineering Store	\N	0.00	0.00	310	1	\N
4518	22251	SS ELBOW CONNECTOR 1/4" X 6MM	Active	Engineering Store	\N	0.00	0.00	310	1	\N
4519	22254	SUGAR HOUSE CHECK WEIGHMENT REGISTER	Active	Consumer store	\N	0.00	0.00	227	1	\N
4520	22261	CI IMPELLER ETN-080-065-200 FFSCP	Active	Engineering Store	KSB-MAKE\n	0.00	0.00	269	1	\N
4521	22262	IMPELLER ETN-080-065-200 FFSCP, SS	Active	Engineering Store	KSB-MAKE\n	0.00	0.00	269	1	\N
4522	22268	PLOTTER CARTIDGE FOR HP DESIGNJET T-830 YELLOW	Active	Consumer store	\N	0.00	0.00	228	1	\N
4523	22269	VERNIER CALIPER 12",DIAL TYPE	Active	Engineering Store	LEAST COUNT 0.02MM\n	0.00	0.00	260	1	\N
4524	22273	COUPLING BOLT & NYLOCK NUT 17 X 96MM (JSL/MH/508)	Active	Engineering Store	\N	0.00	0.00	60	1	\N
4525	22286	DIESEL ISSUE LETTER FOR CANE HARVESTING MACHINE	Active	Consumer store	\N	0.00	0.00	227	20	\N
4526	22293	ANALOG OUTPUT MODULE FOR ABB PLC PM 851	Active	Engineering Store	\N	0.00	0.00	312	1	\N
4527	22294	ANALOG OUTPUT MODULE FOR ABB PLC PM 851	Active	Engineering Store	\N	0.00	0.00	312	1	\N
4528	22295	DIGITAL INPUT MODULE FOR ABB PLC PM 851	Active	Engineering Store	\N	0.00	0.00	312	1	\N
4529	22296	DIGITAL OUTPUT MODULE FOR ABB PLC PM 851	Active	Engineering Store	\N	0.00	0.00	312	1	\N
4530	22297	DISTILLERY ENERGY METER READING LOG BOOK	Active	Consumer store	360- PAGE	0.00	0.00	227	9	\N
4531	22299	PIN BUSH COUPLING 9" WITH PILOT BORE	Active	Engineering Store	NO OF BOLT 06 ( FBC-5 )	0.00	0.00	240	14	\N
4532	22302	SS SKIRT RING FOR KC-1350 CC/F MACHINE	Active	Engineering Store	\N	0.00	0.00	124	1	\N
4533	22304	GASKET FOR HEAT EXCHANGER PLATE TYPE,MODEL-PHF N-40	Active	Distillery Spares	S.NO-IN-185/80169,PRESSURE-6-BAR,TEST PRESSURE-7.8-BAR,TEMP-120 DEG CEL,MAKE KELVION INDIA	0.00	0.00	71	1	\N
4534	22308	SUBMERSIBLE PUMP WITH MOTOR 5 HP / 3.7 KW, OPEN WELL TYPE,HEAD 40-50 MTR, DISCHARGE-20 TO 25 M3/HR,	Active	Electric Store	WITH 50-MTR SUITABLE CABLE,STARTER SET, WITH VOLT METER,AMITER LEVEL SWITCH, GI BOX	0.00	0.00	110	14	\N
4535	22321	TURK HEAD WIRE BRUSH 98MM	Active	Manufacturing Store	\n	0.00	0.00	331	1	\N
4536	22322	TURK HEAD WIRE BRUSH 99MM	Active	Manufacturing Store	\n	0.00	0.00	331	1	\N
4537	22323	BEARING 23120 E1C3	Active	Engineering Store	\n	0.00	0.00	38	1	\N
4538	22324	BEARING 22213 E1C3	Active	Engineering Store	\n	0.00	0.00	38	1	\N
4539	22325	BEARING 12140 C3	Active	Engineering Store	\n	0.00	0.00	37	1	\N
4540	22335	OIL COOLER 150 LPM FOR GEAR BOX	Active	Engineering Store	\N	0.00	0.00	\N	1	\N
4541	22337	LUBE OIL FILTER FOR 50 LPM COOLER	Active	Engineering Store	\N	0.00	0.00	\N	1	\N
4542	22346	OIL SEAL 25 X 65 X 8	Active	Engineering Store	\n	0.00	0.00	224	1	\N
4543	22347	AB + TRIVOC CHEMICAL (BIOSIDE BASE)	Active	Manufacturing Store	\N	0.00	0.00	334	10	\N
4544	22352	HP 150 NW PRINTER CARTRIDGE YELLOW  (W2092A )	Active	Consumer store	\n	0.00	0.00	228	1	\N
4545	22353	HP 150 NW TONER CARTIDGE MAGENTA (W2093A )	Active	Consumer store	\N	0.00	0.00	228	1	\N
4546	22354	HP 150 NW TONER CARTRIDGE CYAN (W2091A )	Active	Consumer store	\n	0.00	0.00	228	1	\N
4547	22355	HP 150 NW TONER CARTIDGE BLACK (W2090A )	Active	Consumer store	\n	0.00	0.00	228	1	\N
4548	22359	STUFFING BOX CS MODEL-3K.10 X 8-14 (COVER)	Active	Engineering Store	MOC-WCB-CS	0.00	0.00	170	1	\N
4549	22360	SLEEVE SS 3K.10 X 8-14 FOR MICROFINISH PUMP	Active	Engineering Store	\N	0.00	0.00	270	1	\N
4550	22362	END SHIELD (COVER) NON DRIVE SIDE  FOR NGEF MOTOR 132 HP/180 KW,FRAME:AMW 315M2A1,2988 RPM,  FOOT MOUNTED	Active	Electric Store	\N	0.00	0.00	110	1	\N
4551	22363	BEARING COVER DRIVE SIDE INNER & OUTER FOR NGEF MOTOR 180 HP /132 KW,2988 RPM,FOOT MOUNTED,TYPE-AMW315M2A1	Active	Electric Store	\n	0.00	0.00	110	14	\N
4552	22364	BEARING COVER NON DRIVE SIDE INNER & OUTER FOR NGEF MOTOR 180 HP /132 KW,2988 RPM,FOOT MOUNTED,TYPE-AMW315M2A1	Active	Electric Store	\n	0.00	0.00	110	14	\N
4553	22388	SEAL SEAT FOR RISANSI MAKE PUMP MODEL: RTOH4460CCC X GP-TD (PART NO-2174)	Active	Engineering Store	RISANSI MAKE SLOPE PUMP CAPACITY: 11.60M3/HR, HEAD: 20KG/CM2, S.NO-19-20/1/655\n	0.00	0.00	305	1	\N
4695	22767	SS WIRE MESH 15SQMM X 2 MTR WIDTH X 6 MTR LONG,WIRE DIA 3.2MM (SWG8)	Active	Manufacturing Store	\N	0.00	0.00	328	1	\N
4554	22389	MECHANICAL SEAL   (SINGLE TYPE) FOR RISANSI MAKE PUMP MODEL: RTOH4460CCC X GP-TD  ( PART NO-2172 )	Active	Engineering Store	RISANSI MAKE SLOPE PUMP CAPACITY: 11.60M3/HR, HEAD: 20KG/CM2, S.NO-19-20/1/655	0.00	0.00	305	1	\N
4555	22390	GASKET FOR RISANSI MAKE PUMP MODEL: RTOH4460CCC X GP-TD ( PART NO-2175 )	Active	Engineering Store	RISANSI MAKE SLOPE PUMP CAPACITY: 11.60M3/HR, HEAD: 20KG/CM2, S.NO-19-20/1/655	0.00	0.00	305	1	\N
4556	22424	VORTEX FLOW METER 4" WITH SUITABLE FLANGE	Active	Distillery Spares	PUMP CAP-30M3/HR,MAX FLOW-30M3/HR,PUMP DISPLAY-7-KG/CM2,TEMPRATURE-105 DEG CEL,DISCHARGE-10-KG/CM2,MEDIA: STEAM CONDENSATE WATER,DENSITY-0.6 TO 1-KG/M3	0.00	0.00	72	1	\N
4557	22425	VORTEX FLOW METER 2 1/2" WITH SUITABLE FLANGE	Active	Distillery Spares	PUMP CAP-15M3/HR,MAX FLOW-15M3/HR,PUMP DISPLAY-4.4-KG/CM2,TEMPRATURE-105 DEG CEL,MEDIA: STEAM CONDENSATE WATER,DENSITY-0.6 TO 1 KG/M3	0.00	0.00	72	1	\N
4558	22431	HUB BOLT & NUT 7/8" X 70MM,11 TPI FOR TRACTOR DRIVEN CARTS	Active	Cane Harvest & Transportation	\N	0.00	0.00	52	1	\N
4559	22433	CONSENT LETTER FOR CANE HARVESTING THROUGH HARVESTING MACHINE	Active	Consumer store	100 COPY PER PAD (AS PER SPECIMAN)	0.00	0.00	227	20	\N
4560	22442	TEMPRATURE CONTROL VALVE,SIZE 1" IBR	Active	Distillery Spares	APPLICATION- STEAM MEDIA, MEDIA-FEED WATER, TEMP MAX 160 DEG CEL,MIN 130 DEG CEL,INLET PRESSURE- MIN 70 KG/CM2,MAX FLOW 12 TPH,MAX 75 KG/CM,TYPE BUT WELD ,OPERTING-AIR FAIL TO CLOSE,POSTIONER-ELECTOPNEUMATIC WITH FEED BACK	0.00	0.00	72	1	\N
4561	22452	ALARAM ANNUNICIATOR WITH HOOTER AUDIO VISUAL,SIZE-523MM WIDTH X 335MM HEIGHT,	Active	Engineering Store	42 CHANNEL WINDOW(AUDIL VISUAL) AUTO RESET,I/P-230 VAC,CHANNEL 2 (SEQUENCE)	0.00	0.00	309	1	\N
4562	22469	GLAND CUP RMCC641R2CDID FOR ROTO PUMP, CI	Active	Engineering Store	S NO-GH202012	0.00	0.00	272	1	\N
4563	22470	JUNCTION BOX FOR DIGITAL WEIGHING INDICATOR SI-815,MODEL0969	Active	Engineering Store	\N	0.00	0.00	338	1	\N
4564	22471	JUMBO DISPLAY FOR DIGITAL WEIGHING INDICATOR	Active	Engineering Store	SUPPLY-230 VAC 50 HZ	0.00	0.00	338	1	\N
4565	22476	SPRING WASHER 14MM	Active	Engineering Store	\N	0.00	0.00	58	1	\N
4566	22478	PORTABLE VIBRATION METER KIT VIB-15	Active	Engineering Store	\N	0.00	0.00	343	1	\N
4567	22479	IBR GATE VALVE 1" X 1500 #	Active	Engineering Store	END CONN:SW, MOC-SA182 F22, TEMP-550 DEG CEL, WITH TEST CERTIFICATE	0.00	0.00	208	1	\N
4568	22482	AIR DRYER CAP-450 CFM,TYPE-DESICANT,MODEL-DP-768 V2	Active	Distillery Spares	\N	0.00	0.00	72	1	\N
4569	22486	IMPELLER TMH-18H, 12.5-HP,CI	Active	Engineering Store	\n	0.00	0.00	269	1	\N
4570	22490	GLAND CUP SP2HM,CI	Active	Engineering Store	\n	0.00	0.00	272	1	\N
4571	22505	IMPELLER TMH 44,SIZE-65 X 50,RPM 2900 FOR MONOBLOCK PUMP,SS	Active	Engineering Store	\N	0.00	0.00	269	1	\N
4572	22506	WEAR PLATE TMH 4 H,SIZE 65 X 50 FOR 10 HP MONOBLOCK PUMP,SS	Active	Engineering Store	\N	0.00	0.00	279	1	\N
4573	22507	WEAR PLATE TMH 10 H,SIZE 65 X 50 FOR 7.5 HP MONOBLOCK PUMP,SS	Active	Engineering Store	\N	0.00	0.00	279	1	\N
4574	22508	BODY CASING TMH 4 H,SIZE 65 X 50 FOR 10-HP MONOBLOCK PUMP,CI	Active	Engineering Store	\N	0.00	0.00	268	1	\N
4575	22509	BODY CASING TMH 10 H,SIZE 75 X 50 FOR 7.5-HP MONOBLOCK PUMP,CI	Active	Engineering Store	\N	0.00	0.00	268	1	\N
4576	22510	IMEPLLER PPH9MS,CAP-65M3/HR,SS	Active	Engineering Store	S.NO-H19LH7M	0.00	0.00	269	1	\N
4577	22529	U/L KIT 7 X 5 NON LUB	Active	Engineering Store	\n	0.00	0.00	160	1	\N
4578	22530	COUPLING BOLT & NYLOCK NUT WITH SPRING WASHER12 X 68MM (JSL/MH/508)	Active	Engineering Store	\N	0.00	0.00	60	1	\N
4579	22533	BEARING 6309 ZZC3	Active	Engineering Store	\n	0.00	0.00	42	1	\N
4580	22534	MARATHAN MOTOR 1-HP/0.75-KW (REPAIRED)	Active	Electric Store	\n	0.00	0.00	114	1	\N
4581	22539	BOX SPANNER 1-5/16 (33MM)	Active	Engineering Store	\N	0.00	0.00	236	1	\N
4582	22541	SS STUD BOLT & NUT 8 X 50MM	Active	Engineering Store	\N	0.00	0.00	61	1	\N
4583	22542	SS STUD BOLT & NUT 12 X 50MM	Active	Engineering Store	\N	0.00	0.00	61	1	\N
4584	22545	BEARING BRAKET ETN 150 X 125 X 400 GC CP (PART NO-330)	Active	Engineering Store	KSB MAKE PUMP ,HEAD-60 MTR,DISCHARGE-180, 1450 RPMS.NO-9973310648/0300 & 02	0.00	0.00	267	1	\N
4585	22556	WEAR PLATE KPD 150 /40,HEAD 40 MTR,DISCHARGE 350M3/HR,	Active	Engineering Store	KIRLOSKAR BROTHERS PUMP:DISCHARGE:350M3/HR,HEAD:40 MTR,SIZE:150 X 200MM,1460-RPM,INPUT-51.16 KW\n	0.00	0.00	279	1	\N
4586	22559	LANTERN BRACKET KPD 150/40	Active	Engineering Store	\n\n	0.00	0.00	276	1	\N
4587	22560	BODY CASING MEGA G 80 /315,HEAD 35 MTR,CAP-140M3/HR	Active	Engineering Store	KSB AMKE,1450 RPM,INPUT-25 HP\n	0.00	0.00	268	1	\N
4588	22568	WEAR PLATE KWPC 125/500,HEAD 75MTR,DISCHARGE 300M3/HR,	Active	Engineering Store	KSB MAKE,1450 RPM,INPUT 150 HP	0.00	0.00	279	1	\N
4589	22570	LEVEL CONTROL VALVE (DEARATOR) LINE SIZE:125MM,	Active	Engineering Store	TEMP 120 DEG CEL,TYPE-GLOBE  2 WAT BUT WELD,PRESSURE 10 TO 12 KG/CM2,OPERTING-AIR TO OPEN,POSITIONER-MIL CONTROLS (8013 ) LINEAR,ACCESSORIES,MANUAL WHEEL,AFR & POSITION F /B	0.00	0.00	317	1	\N
4632	22662	STACK CHAMBER FOR HIGH PRESSURE PUMP MODLE-10SV06F022T	Active	Distillery Spares	HEAD-67-34 MTR,CAP-5-14M3/HR	0.00	0.00	70	1	\N
4633	22663	EXPANSION BELLOW 2 1/1"	Active	Distillery Spares	MOC-SS	0.00	0.00	70	1	\N
4590	22573	PRESSURE CONTROL VALVE 3" LINEAR TYPE FOR PRDS	Active	Engineering Store	INPUT PRESSURE-64 KG/CM2,OUT PUT PRESSURE-42 KG/CM2,TYPE-GLOBE 2 WAY BUT WELD,POSTIONER-MIL 8013,OPERTION-AIT TO OPEN,TEMP-500 TO 600 DEG ,ACCESSORIES-AFR 7 POSITION FEED BACK WITH MANUL WHEEL	0.00	0.00	317	1	\N
4591	22574	DISTANCE PIECE CPS 250 X 320 N,DISCHARGE-1100M3/HR,22 MTR HEAD	Active	Engineering Store	SINTECH PUMP,SIZE SUCTION 300 X 250,INPUT-150 HP,1450 RPM, S NO-23668,23669\n	0.00	0.00	268	1	\N
4592	22576	BODY CASING KPD 125 X 26 ,CAP-170M3/HR,20-MTR HEAD	Active	Engineering Store	KIRLOSKAR-MAKE,SIZE-DEL125 X 150,15 KW,1450-RPM,S.NO-137292000,07\n	0.00	0.00	268	1	\N
4593	22577	BEARING HOUSING KPD 125 X 26,CAP-170M3/HR,20-MTR HEAD	Active	Engineering Store	KIRLOSKAR-MAKE,SIZE-DEL125 X 150,15 KW,1450 RPM,S.NO-1372920008,07\n	0.00	0.00	276	1	\N
4594	22578	GLAND CUP KPD 125 X 26 ,CAP-170M3/HR,20-MTR HEAD,CI	Active	Engineering Store	KIRLOSKAR-MAKE,SIZE-DEL 125 X 150,15 KW,1450 RPM,S.NO-1372920008,07\n	0.00	0.00	272	1	\N
4996	23158	CIRCLIP 45.5MM ID X 53.7MM OD	Active	Engineering Store	\N	0.00	0.00	235	1	\N
4595	22579	WEAR PLATE KPD 125 X 26,CAP-170M3/HR,20-MTR HEAD	Active	Engineering Store	KIRLOSKAR-MAKE,SIZE-DEL125 X 150,15 KW,1450 RPM,S.NO-1372920008,07\n	0.00	0.00	279	1	\N
4596	22580	BEARING HOUSING CPHM 80 X 40,CAP-61M3/HR,60-MTR HEAD	Active	Engineering Store	KIRLOSKAR-MAKE,SIZE-DEL-80 X 125,22 KW,1450 RPM,S.NO-1782420008,06\n	0.00	0.00	276	1	\N
4597	22581	WEAR PLATE CPHM 65 X 32 ,CAP-40M3/HR,30-MTR HEAD	Active	Engineering Store	KIRLOSKAR-MAKE,SIZE-D-65 X 100,7.5 KW,1450 RPM,S.NO-1781920031.032\n	0.00	0.00	279	1	\N
4598	22582	BODY CASING CI CPHM 65 X 32,CAP-60M3/HR,30-MTR HEAD	Active	Engineering Store	KIRLOSKAR-MAKE,SIZE-D65 X 100,9.3 KW,1450 RPM,S.NO-1781920033,34,35,36\n	0.00	0.00	268	1	\N
4599	22583	BEARING HOUSING CPHM 65 X 32,CAP-60M3/HR,30-MTR HEAD	Active	Engineering Store	KIRLOSKAR-MAKE,SIZE-D 65 X 100,9.3 KW,1450 RPM,S.NO-1781920033,034,35,36\n	0.00	0.00	276	1	\N
4600	22584	BEARING HOUSING CPHM 125 X 32,CAP-162M3/HR,35-MTR HEAD, CI	Active	Engineering Store	KIRLOSKAR-MAKE,SIZE-D125 X 150,HP-25,1475 RPM,S.NO-1783020020,021\n	0.00	0.00	276	1	\N
4601	22585	BODY CASING CPHM 125 X 32,CAP-162M3/HR,35-MTR HEAD,  CI	Active	Engineering Store	KIRLOSKAR-MAKE,SIZE-D125 X 150,HP 25,1475 RPM,S.NO-1783020020,021\n	0.00	0.00	268	1	\N
4602	22586	WEAR PLATE SHM 150 X 40N,CAP-198M3/HR,16-MTR HEAD,CI	Active	Engineering Store	KIRLOSKAR-MAKE,SIZE-150 X 150,HP:-30, RPM 975,S.NO-1461120032,33\n	0.00	0.00	279	1	\N
4603	22587	BEARING HOUSING SHM 150 X 40N,CAP-198M3/HR,16-MTR HEAD, CI	Active	Engineering Store	KIRLOSKAR-MAKE,SIZE-150 X 150,HP-30, RPM 975,S NO-1461120032,33\n	0.00	0.00	276	1	\N
4803	22897	SEAL FOR-725 KVA DG ( PART NO-2H3931 )	Active	Electric Store	\n	0.00	0.00	115	1	\N
4604	22588	BODY CASING SHM 150 X 40N,CAP-198M3/HR,16-MTR HEAD,CI	Active	Engineering Store	KIRLOSKAR-MAKE,SIZE-150 X 150,HP-30, RPM 975,S.NO-1461120032,33\n	0.00	0.00	268	1	\N
4605	22589	BEARING HOUSING SHM 80 X 26N,CAP-90M3/HR,16-MTR HEAD	Active	Engineering Store	KIRLOSKAR-MAKE,SIZE-D80 X100,HP-10,RPM-1450,S.NO-1460220087,086,066,094\n	0.00	0.00	276	1	\N
4606	22590	BODY CASING SHM 80 X 26N,CAP-90M3/HR,16-MTR HEAD,CI	Active	Engineering Store	KIRLOSKAR-MAKE,SIZE-D80 X 100,HP-10,RPM-1450,S.NO-1460220087,086,066,094\n	0.00	0.00	268	1	\N
4607	22591	WEAR PLATE CPHM 80 X 40,CAP-61M3/HR,60-MTR HEAD	Active	Engineering Store	KIRLOSKAR-MAKE,SIZE-DEL 80 X 125,KW-22,RPM-1450,S.NO-1782420008,06\n	0.00	0.00	269	1	\N
4608	22592	IMPELLER SHM 150 X 40N,OPEN TYPE,CAP-198M3/HR,16-MTR HEAD,SS	Active	Engineering Store	KIRLOSKAR-MAKE,HP-30,RPM-975,SIZE-150 X 150,S.NO-1461120032,33\n	0.00	0.00	269	1	\N
4609	22595	BUSH CASING FOR CRI MAKE MVC2/11 MR RO WATER PUMP	Active	Manufacturing Store	\N	0.00	0.00	334	1	\N
4610	22597	ANALOG INPUT MODULE-1794-IB 32 FOR ALLEN BRADLEY DCS	Active	Distillery Spares	\N	0.00	0.00	72	1	\N
4611	22598	ANALOG OUTPUT MODULE-1794-OE12 FOR ALLEN BRADLEY DCS	Active	Distillery Spares	\N	0.00	0.00	72	1	\N
4612	22605	SPLIT PIN 3/8" X 2 1/2" LONG	Active	Engineering Store	\N	0.00	0.00	66	1	\N
4613	22608	CROSS HEAD FOR LP DOSING PUMP, MODEL-PL1011,CAP 10-LPH,PRESSURE-10KG/CM2	Active	Engineering Store	MAKE--POSITIVE METERING PUMPS LTD, S.NO-10151500\n	0.00	0.00	170	1	\N
4614	22612	GUIDE PIN FOR LP DOSING PUMP, MODEL-PL1011,CAP 10-LPH,PRESSURE-10KG/CM2	Active	Engineering Store	MAKE--POSITIVE METERING PUMPS LTD, S.NO-10151500\n	0.00	0.00	170	1	\N
4615	22613	SLIDER FOR LP DOSING PUMP, MODEL-PL1011,CAP 10-LPH,PRESSURE-10KG/CM2	Active	Engineering Store	MAKE--POSITIVE METERING PUMPS LTD, S.NO-10151500\n	0.00	0.00	170	1	\N
4616	22623	TEFLON GLAND ROPE 4MM	Active	Engineering Store	\n	0.00	0.00	199	3	\N
4617	22625	CAMERA CCTV IP BULLET (REPAIRED)	Active	Consumer store	\N	0.00	0.00	233	1	\N
4618	22628	CROMPTON GREAVES MOTOR 75 HP/ 55 KW,1470 RPM ( REPAIRED )	Active	Electric Store	\n	0.00	0.00	114	1	\N
4619	22629	MCC PANEL NO-1 FOR ETP	Active	Electric Store	AS PER ANNEXURE TECHINICAL SPECIFICATION	0.00	0.00	103	1	\N
4620	22630	MCC PANEL NO-2 FOR ETP	Active	Electric Store	AS PER ANNEXURE TECHINCAL SPECIFICICATION	0.00	0.00	103	1	\N
4621	22633	V BELT SPB-2060	Active	Engineering Store	\n	0.00	0.00	243	1	\N
4622	22647	DRAG FEEDER CHAIN 101.6MM PITCH FOR 23 TPH BOILER (DRG-JB0973-50220501-209-0010)	Active	Engineering Store	\N	0.00	0.00	166	7	\N
4623	22649	TONER KIT COMPATABLE 158X	Active	Consumer store	\N	0.00	0.00	228	1	\N
4624	22654	ALLEN KEY BOLT 16 X 175MM,HALF THREAD	Active	Engineering Store	\n	0.00	0.00	55	1	\N
4625	22655	SS BOLT & NUT 30 X 70MM, FULL THREAD	Active	Engineering Store	\n	0.00	0.00	125	1	\N
4626	22656	SS BOLT & NUT 30 X 170MM, HALF  THREAD	Active	Engineering Store	\n	0.00	0.00	125	1	\N
4627	22657	SS BOLT & NUT 36 X 120MM, HALF  THREAD	Active	Engineering Store	\n	0.00	0.00	125	1	\N
4628	22658	SS BOLT & NUT 30 X 670MM, FULL  THREAD	Active	Engineering Store	\n	0.00	0.00	125	1	\N
4629	22659	DISPLAY CARTRIDGE FOR ABB MAGNETIC FLOW TRANSMITTER	Active	Distillery Spares	PART NO-D674A906U01,SUPPLY- AC 110V-230 V\n	0.00	0.00	72	1	\N
4630	22660	INPUT SHAFT WITH GEAR FOR  MODEL-350SMR GM,RATIO-40.:1,HP-5, RPM-1440	Active	Engineering Store	\n	0.00	0.00	241	1	\N
4631	22661	GEAR BOX TOP & BOTTOM CASING,ELECON MAKE MODEL-S320 HN-1-A-00-0355-1Y-LL,RATIO:35.42:1	Active	Engineering Store	S.NO-H688047,HP-30/1440 RPM	0.00	0.00	241	14	\N
4634	22664	ARGON TORCH NOZZLE (INSIDE)	Active	Engineering Store	\N	0.00	0.00	258	1	\N
4635	22665	ARGON TORCH	Active	Engineering Store	GAS COOLED 200 AMPS	0.00	0.00	258	1	\N
4636	22666	STRAIGHT THROUGH END COVER ,MODEL-RMCC652RCD10	Active	Distillery Spares	CAP-44.5,PRESSURE 11.6,290 RPM,	0.00	0.00	70	1	\N
4637	22668	SPROCKET 14 TEETH X 300MM PITCH FOR RAKE TYPE CANE  CARRIER (DRG-JSL/MH/545) S.NO-1	Active	Engineering Store	\N	0.00	0.00	173	1	\N
4638	22669	SPROCKET 14 TEETH X 300MM PITCH FOR RAKE TYPE CANE  CARRIER (DRG-JSL/MH/545) S.NO-2	Active	Engineering Store	\N	0.00	0.00	173	1	\N
4639	22670	SPROCKET 14 TEETH X 300MM PITCH FOR RAKE TYPE CANE  CARRIER (DRG-JSL/MH/545) S.NO-3	Active	Engineering Store	\N	0.00	0.00	173	1	\N
4640	22671	RAKE CARRIER HEAD END SHAFT (DRG-JSL/MH/544)	Active	Engineering Store	\N	0.00	0.00	173	1	\N
4641	22672	RAKE CARRIER TAIL END SHAFT (DRG-JSL/MH/544)	Active	Engineering Store	\N	0.00	0.00	172	1	\N
4642	22673	BEARING HOUSING FOR RAKE CARRIER TAIL END SHAFT (DRG-JSL/MH/546)	Active	Engineering Store	\N	0.00	0.00	172	1	\N
4643	22677	SWR CLAMP 4"	Active	Building Store	\N	0.00	0.00	\N	1	\N
4645	22679	VORTEX FLOW METER 3" WITH SUITABLE FLANGE	Active	Distillery Spares	PUMP CAP-& MAX FLOW 27M3,PRESSURE 0 TO 4KG/CM2,,TEMPRATURE-30 TO 45 DEG CEL, MEDIA-DM WATER,DENSITY-1-KG/M3	0.00	0.00	72	1	\N
4646	22688	COOLING FAN FOR ELGI MAKE AIR COMPRESSOR MODEL-EG45-8.5	Active	Electric Store	FAB NO-B0DS040160,MOTOR 45 KW,CAP-7.73M3/MIN,RATING PRESSURE 8.0,PART NO-018400026	0.00	0.00	110	1	\N
4647	22689	COOLING FAN FOR ELGI MAKE AIR COMPRESSOR,MODEL-EG45-7.5	Active	Electric Store	\N	0.00	0.00	110	1	\N
4648	22693	POWER PACK UNIT FOR HYDRAULIC TIPPLER 40 TON CAPACITY	Active	Engineering Store	HYDRAULIC PUMP 1-NO, CONTROL VALVE 1-NO, GATE VALVE 1-NO, RLF 1-NO,FILLER BREATHER 1-NO,S/C HOSE PIPE 1-NO, DELIVERY HOSE PIPE 1-NO,STAR COUPLING 1-NO CHECK VLAVE , ELECTRICAL PANEL 1-NO,PRESSUE GUAGE 1-NO, SOLENOID VALVE 3-NO, PROXIMITY SENSOR 4-NO,	0.00	0.00	185	14	\N
4649	22695	SEAMLESS PIPE,  FITTNGS & FLEXIBLE HOSE PIPE	Active	Engineering Store	SEAMLESS PIPE 100 MTR, FITTING 50-NO & FLEXIBLE HOSE PIPE 8-NO	0.00	0.00	185	14	\N
4650	22699	UNKNOWN STEEL WELDING ELECTRODES 3.15MM	Active	Engineering Store	\N	0.00	0.00	257	3	\N
4651	22700	BAGASSE BELT CONVEYOR 1200MM WIDTH X 40 TPH CAP	Active	Engineering Store	AS PER ANNEXURE	0.00	0.00	149	14	\N
4652	22702	HOSE SAE 100R2 1/4" ID 008,1040	Active	Engineering Store	\n\n	0.00	0.00	\N	1	\N
4705	22777	FORGED SPANNER 1 1/4" ( DE NEER DEEP OFFSET RING SLOGGING WRENCH 33 MM )	Active	Engineering Store	\N	0.00	0.00	236	1	\N
4653	22710	GEAR BOX WITH MOTOR 18.5 KW,4 POLE,FRAME-180M,MODEL-M1322,BASE MOUNTED,RATO:36,RPM-40,SF-2.02 FOR RBC BELT CONVEYOR	Active	Engineering Store	AS PER ANNEXUTE	0.00	0.00	241	14	\N
4654	22714	FILTER ELEMENT (MUFFLER FILTER NOISE SILENCER 1/4") FOR SOLENOID VALVE PNUEMATIC	Active	Distillery Spares	\N	0.00	0.00	72	1	\N
4655	22715	BARREL FOR LP DOSING PUMP MODEL: PR 10,RATIO:15-1,CAP 11 LIT/HR,PRESSURE-6 KG/CM2	Active	Engineering Store	\N	0.00	0.00	170	1	\N
4656	22716	PLUMMER BLOCK SNH 524	Active	Engineering Store	\N	0.00	0.00	45	1	\N
4657	22717	PLUMMER BLOCK SNH 528	Active	Engineering Store	\N	0.00	0.00	45	1	\N
4658	22719	IBR GATE VALVE 2" X 1500 #	Active	Engineering Store	END CONN:SW, MOC-SA182 F22, TEMP-550 DEG CEL, WITH TEST CERTIFICATE\n	0.00	0.00	208	1	\N
4659	22720	IBR GATE VALVE 1 1/2" X 1500 #	Active	Engineering Store	END CONN:SW, MOC-SA182 F22, TEMP-550 DEG CEL, WITH TEST CERTIFICATE\n	0.00	0.00	208	1	\N
4660	22721	IBR GATE VALVE 1/2" X 1500 #	Active	Engineering Store	END CONN:SW, MOC-SA182 F22, TEMP-550 DEG CEL, WITH TEST CERTIFICATE\n	0.00	0.00	208	1	\N
4661	22724	ALLEN HEAD BOLT & NUT 12 X 50MM,FULL THREAD	Active	Engineering Store	\N	0.00	0.00	55	1	\N
4662	22725	HIGH TENSION BOLT & NUT DOUBLE 3/8" X 3",FULL THREAD	Active	Engineering Store	16TPI BSW ,GRADE-10.9\n	0.00	0.00	59	1	\N
4663	22726	HIGH TENSION BOLT & NUT 12 X 75MM WITH PLAIN WASHER ,FULL THREAD	Active	Engineering Store	GRADE-10.9\n	0.00	0.00	59	1	\N
4664	22727	HIGH TENSION BOLT & NUT 10 X 75MM WITH PLAIN WASHER ,FULL THREAD	Active	Engineering Store	\N	0.00	0.00	59	1	\N
4665	22728	HIGH TENSION BOLT & NUT 8 X 75MM WITH PLAIN WASHER ,FULL THREAD	Active	Engineering Store	\N	0.00	0.00	59	1	\N
4666	22729	HIGH TENSION BOLT 6 X 75MM,FULL THREAD	Active	Engineering Store	\N	0.00	0.00	59	1	\N
4667	22730	ALLEN HEAD BOLT & NUT 20 X 130MM,WITH PLAIN WASHER,FULL THREAD	Active	Engineering Store	\N	0.00	0.00	59	1	\N
4668	22733	WIRELESS HAND SET WITH ACESSORIES MODEL-DR-138 VHF ,TYPE-BASE STATION	Active	Engineering Store	FIRST MICRPHONE,POWER SUPPLY UNIT CUM CHARGER,GP ANTENA,RG 213 CABLE WITH 30 NTR,POWER CHORD & SUITABLE CONNECTORS	0.00	0.00	318	14	\N
4669	22734	COUPLING WITH DISTANCE PIECE UWS 95/90 FOR RUBBER SPIDER	Active	Engineering Store	\N	0.00	0.00	246	14	\N
4670	22735	COUPLING WITH DISTANCE PIECE UWS 110/90 FOR RUBBER SPIDER	Active	Engineering Store	\N	0.00	0.00	246	14	\N
4671	22736	COUPLING WITH DISTANCE PIECE UWS 100/90 FOR RUBBER SPIDER	Active	Engineering Store	\N	0.00	0.00	246	14	\N
4672	22737	COUPLING WITH DISTANCE PIECE UWS 150/90 FOR RUBBER SPIDER	Active	Engineering Store	\N	0.00	0.00	246	14	\N
4673	22738	COUPLING WITH DISTANCE PIECE RRS 226/140 FOR RUBBER SPIDER	Active	Engineering Store	\N	0.00	0.00	246	14	\N
4674	22739	COUPLING WITH DISTANCE PIECE RRS 276/140 FOR RUBBER PAD	Active	Engineering Store	\N	0.00	0.00	246	14	\N
4675	22740	COUPLING WITH DISTANCE PIECE KR 280/180 FOR RUBBER PAD	Active	Engineering Store	\N	0.00	0.00	246	14	\N
4676	22741	COUPLING WITH DISTANCE PIECE KR 226/140 FOR RUBBER PAD	Active	Engineering Store	\N	0.00	0.00	246	14	\N
4677	22742	COUPLING WITH DISTANCE PIECE KR 226/180 FOR RUBBER PAD	Active	Engineering Store	\N	0.00	0.00	246	14	\N
4678	22743	COUPLING WITH DISTANCE PIECE UWS 280/135 FOR RUBBER PAD	Active	Engineering Store	\N	0.00	0.00	246	14	\N
4679	22744	COUPLING WITH DISTANCE PIECE UWS 225/90 FOR RUBBER PAD	Active	Engineering Store	\N	0.00	0.00	246	14	\N
4680	22745	DISTANCE PIECE UWS 190/90	Active	Engineering Store	\N	0.00	0.00	246	1	\N
4681	22746	RUBBER SPIDER UWS 95	Active	Engineering Store	\N	0.00	0.00	245	1	\N
4682	22748	MECHANICAL SEAL SINGLE FOR LOWARA 105V06F022T (SINGLE)	Active	Distillery Spares	\N	0.00	0.00	70	1	\N
4683	22749	MECHANICAL SEAL FOR KSB MOVITEC VF 15/06-08(SINGLE)	Active	Distillery Spares	\N	0.00	0.00	70	1	\N
4684	22750	MECHANICAL SEAL FOR KSB MOVITEC VF 10/04-06 (SINGLE)	Active	Distillery Spares	\N	0.00	0.00	70	1	\N
4685	22751	MECHANICAL SEAL FOR KSB MOVITEC VF 60/05-08 (SINGLE)	Active	Distillery Spares	\N	0.00	0.00	70	1	\N
4686	22752	SS SKIRT RING FOR WK-1500 CONTINOUS C/F MACHINE	Active	Engineering Store	\N	0.00	0.00	125	1	\N
4687	22755	CIRCLIP PLIER INSIDE 10"	Active	Engineering Store	\N	0.00	0.00	235	1	\N
4688	22756	CIRCLIP PLIER OUTSIDE 10"	Active	Engineering Store	\n	0.00	0.00	235	1	\N
4690	22759	ALUMINIUM CABLE 12 SQMM ( SERVICE WIRE )	Active	Electric Store	\n	0.00	0.00	81	7	\N
4691	22760	3RD STAGE CARRIER ASSEMBLY 380-R-457-934 FOR PLANETARY GEAR BOX,MODEL:3380GM,RATIO-89.28	Active	Engineering Store	S NO-20081609\n	0.00	0.00	241	1	\N
4692	22761	SS NON RETURN VALVE 12" WAFER TYPE	Active	Engineering Store	\N	0.00	0.00	208	1	\N
4693	22763	MONITOR 21.5" HP M22F DISPLAY	Active	Consumer store	ZE2Y3AA# ACJ	0.00	0.00	228	1	\N
4694	22766	SS WIRE MESH 25SQMM X 2 MTR WIDTH X 6 MTR LONG,WIRE DIA 3.2MM (SWG8)	Active	Manufacturing Store	\N	0.00	0.00	328	1	\N
4696	22768	NON METALLIC JOINTING SHEET 3MM THK (STYLE-20 )	Active	Engineering Store	2-MTR X 6-MTR	0.00	0.00	197	3	\N
4697	22769	DIAPHRAGM FOR SOLENOIDE VALVE,PART NO-24106-52-16G-B15-S2	Active	Distillery Spares	\N	0.00	0.00	72	1	\N
4698	22770	RTD WITH THERMOWELL 265MM LENGTH X 8MM X 1/2 MALE CONNECTOR	Active	Distillery Spares	\N	0.00	0.00	72	1	\N
4699	22771	RTD WITH TTHERMOWELL 375MM LENGTH X 6MM X 1/2 MALE CONNECTOR	Active	Distillery Spares	\N	0.00	0.00	72	1	\N
4700	22772	RTD WITH TTHERMOWELL 300MM LENGTH X 6MM X 1/2 MALE CONNECTOR	Active	Distillery Spares	\N	0.00	0.00	72	1	\N
4701	22773	THERMOCOUPLE 700MM LENGTH X 6MM X 1/2" MALE CONNECTOR	Active	Distillery Spares	\N	0.00	0.00	72	1	\N
4702	22774	THERMOWELL 700MM LENGTH X 6MM X 1/2" MALE CONNECTOR	Active	Distillery Spares	\N	0.00	0.00	72	1	\N
4703	22775	PROXIMITY PROBE,PROXIMITY EXTENSION CABLE 4 MTR LONG, PROXIMITY DRIVES WITH 5 MTR SYSTEM FOR VS800 PROXIMITY SENSOR,	Active	Distillery Spares	\N	0.00	0.00	72	14	\N
4704	22776	MS BEND 3" C-CLASS FOR MONO VERTICAL COIL (DRG-JSL/BH/390)	Active	Engineering Store	\N	0.00	0.00	213	1	\N
4900	23018	GM ROUND BAR 18 X 500MM	Active	Engineering Store	\n	0.00	0.00	69	3	\N
4706	22778	ACCELEROMETER SENSOR PART NO-SAR-ACC-100 WITH ARMOURED COAXIAL CABLE 5 MTR,PART NO-SAR-EXT-05	Active	Distillery Spares	\N	0.00	0.00	72	14	\N
4707	22779	FORGED SPANNER 47MM ( DE NEER DEEP OFFSET RING SLOGGING WRENCH )	Active	Engineering Store	\n	0.00	0.00	236	1	\N
4708	22780	ALUMINIUM LUG 6SQMM,PIN TYPE	Active	Electric Store	\N	0.00	0.00	87	1	\N
4709	22781	MCB 40 AMPS, 2 POLE	Active	Electric Store	\N	0.00	0.00	86	1	\N
4710	22782	IMPELLER SS KDS -83+	Active	Engineering Store	KIRLOSKAR BROTHERSPARES FOR WTP SOFTNER PUMP MAKE-KIRLOSKAR BROTHER,TYPE-KDS-83+ ,DISCARGE-18/11 M3 /HR ,HEAD-18/20 MTR\nRPM-2900	0.00	0.00	269	1	\N
4711	22783	IMPELLER SS KDS-1030++	Active	Engineering Store	KIRLOSKAR BROTHER TYPE -KDS-1030++ DISCHARGE -18/11 3/HR -HEAD-18/29 MTR RPM-2900\n	0.00	0.00	269	1	\N
4712	22784	SPROCKET 23 TEETH X 3/4" PITCH (DRG-JSL/BLR/403)	Active	Engineering Store	PILOT BORE	0.00	0.00	155	1	\N
4713	22785	CHAIN LINK FULL 3/4" PITCH	Active	Engineering Store	INT REF 60 H-1,MODEL-D122-01	0.00	0.00	151	1	\N
4714	22787	RING GEAR 380-R-457-934 FOR PLANETARY GEAR BOX,MODEL:3380GM,RATIO-89.28	Active	Engineering Store	\N	0.00	0.00	241	1	\N
4715	22790	EXPANSION BELLOW RUBBER ID 670MM X  890MM FOR ISGEC BOILER ASH BIN (DGR-JSL/DIST/BLR/509)	Active	Engineering Store	TEMPRATURE WITHSTAND 300 DEG CEL	0.00	0.00	346	1	\N
4716	22791	EXPANSION BELLOW SS FOR KCP BOILERSUPER HEATER RAV (DGR-JSL/DIST/BLR/508)	Active	Engineering Store	TEMPRATURE 500 DEG CEL,MOC SS 304	0.00	0.00	346	1	\N
4717	22792	RETURN IDLER 89MM OD X 800MM LENGHT FOR 650MM SBC BELT CONVEYOR (DRG/JSL/DIST/BLR/016)	Active	Engineering Store	\N	0.00	0.00	339	1	\N
4718	22793	CARRYING IDLER 89MM OD X 353MM LENGHT FOR ISGEC SBC BELT BELT CONVEYOR (DRG/JSL/DIST/BLR/017)	Active	Engineering Store	\N	0.00	0.00	346	1	\N
4719	22794	RETURN IDLER 89MM OD X 800MM LENGHT FOR 1050MM SBC BELT CONVEYOR (DRG/JSL/DIST/BLR/018)	Active	Engineering Store	\N	0.00	0.00	346	1	\N
4720	22796	SS PIPE 3",GRADE 416	Active	Engineering Store	\N	0.00	0.00	205	4	\N
4721	22798	SS PIPE 4",GRADE 416	Active	Engineering Store	\N	0.00	0.00	205	4	\N
4722	22799	SS PIPE 6",GRADE 416,SCH-20	Active	Engineering Store	6-MTR LENGTH	0.00	0.00	205	4	\N
4723	22801	SS PIPE 1",GRADE 310,SCHE 40	Active	Engineering Store	\N	0.00	0.00	205	1	\N
4724	22803	TUBE ASSEMBLY 8 X 7 NON LUB	Active	Engineering Store	\n	0.00	0.00	296	14	\N
4725	22804	PULLEY 13" X 4 WAY GROOVE ,C -SECTION FOR-8 X 7 NON LUB COMPRESSOR	Active	Engineering Store	SUITEBLE FOR BELT C-136,PILOT BORE\n	0.00	0.00	296	1	\N
4726	22805	ISMC 150X 50	Active	Engineering Store	6-MTR LONG\n	0.00	0.00	190	5	\N
4727	22807	CHANGE OVER SWITCH 100 AMPS,3 PHASE	Active	Electric Store	\N	0.00	0.00	101	1	\N
4728	22808	CABLE JOINTING TERMINAL KIT 3 CORE X 95SQMM,INDORE TYPE,11 KV (UE)	Active	Electric Store	\N	0.00	0.00	87	1	\N
4729	22809	COPPER LUG 95SQMM,TUBLER TYPE (CONNECTOR) HEAVY DUTY	Active	Electric Store	\N	0.00	0.00	87	1	\N
4730	22810	COPPER LUG 70SQMM,TUBLER TYPE (CONNECTOR) HEAVY DUTY	Active	Electric Store	\N	0.00	0.00	87	1	\N
4731	22811	COPPER LUG 50SQMM,TUBLER TYPE (CONNECTOR) HEAVY DUTY	Active	Electric Store	\N	0.00	0.00	87	1	\N
4732	22812	COPPER LUG 50SQMM,TUBLER TYPE (CONNECTOR) HEAVY DUTY	Active	Electric Store	\N	0.00	0.00	87	1	\N
4733	22813	COPPER LUG 35SQMM,TUBLER TYPE (CONNECTOR) HEAVY DUTY	Active	Electric Store	\N	0.00	0.00	87	1	\N
4734	22814	COPPER LUG 25SQMM,TUBLER TYPE (CONNECTOR) HEAVY DUTY	Active	Electric Store	\N	0.00	0.00	87	1	\N
4735	22815	COPPER LUG 20SQMM,TUBLER TYPE (CONNECTOR) HEAVY DUTY	Active	Electric Store	\N	0.00	0.00	87	1	\N
4736	22816	COPPER LUG 16SQMM,TUBLER TYPE (CONNECTOR) HEAVY DUTY	Active	Electric Store	\N	0.00	0.00	87	1	\N
4737	22817	COPPER LUG 10SQMM,TUBLER TYPE (CONNECTOR) HEAVY DUTY	Active	Electric Store	\N	0.00	0.00	87	1	\N
4738	22818	COPPER LUG 6SQMM,TUBLER TYPE (CONNECTOR) HEAVY DUTY	Active	Electric Store	\N	0.00	0.00	87	1	\N
4739	22825	AFTER COOLER ASSEMBLY 7 X 5 N/L AIR COMPRESSOR	Active	Engineering Store	\N	0.00	0.00	160	1	\N
4740	22826	SS WASHER 6MM (FLAT)	Active	Engineering Store	\N	0.00	0.00	58	1	\N
4741	22827	GUN METAL LINER FOR VACUUM FILTER 14' X 28' HIGH FLOW VALVE (DGR-JSL/BH/388/RO)	Active	Engineering Store	\N	0.00	0.00	127	1	\N
4742	22829	HIGH TENSION BOLT & NUT  WITH WASHER 38 X 150MM (10.9 SERIES)	Active	Engineering Store	\N	0.00	0.00	59	1	\N
4743	22830	DC DRIVE TYPE-DCS 800-S01-2000-07 ABB AUTOMATION PRODUCTION GMBH WITH 35 A FIELD CARD ,TYPE-DCS880-S01-2000-07	Active	Electric Store	,I/P V-3 PHASE 690 VOLTS,I/P I-1630 AMPS,O/P V-800 V DC, O/P I-2000 AMPS,5CCR-100 KA,FAN-230 V AC	0.00	0.00	103	1	\N
4744	22831	CURRENT TRANSFORMER RATIO:350/1-1 AMPS,,INS CLASS-B,TYPE-WINDOW-IL-12/35/75KVP-HSV-12KV,STC:40KA/3SEC	Active	Electric Store	CORE-1,CLASS:0.2,VA:30,TERM:1S1-1S2, CORE:2 CLASS:5P20,VA:20,TERM:2S1-2S2 ( DRG JSL/ELE/283 )	0.00	0.00	111	1	\N
4997	23161	SS ELBOW 1/2",SCH-40	Active	Engineering Store	\N	0.00	0.00	213	1	\N
4745	22832	INTERCOOLER ASSEMBLY FOR CHICAGO PNEUMATIC MODE:2 H X 2T-21/11 PA (DRG-JSL/BLR/405)	Active	Engineering Store	\N	0.00	0.00	169	1	\N
4746	22833	ACTUATOR DIAPHRAM FOR-ATTEMPERATOR ( TCV-201 )APP NO-A900184,SERIES=11	Active	Engineering Store	OA- NO-1401402122,KV0VALNE-1.64,ACTUATOR-UV-100S,DN-3/1\n	0.00	0.00	317	1	\N
4747	22834	SEAL KIT FOR BOTTOM VALVE CYLINDER 6" X 8 1/2",MODEL-HU-BDV,RD 6.8	Active	Engineering Store	S.NO-284,MAKE HERAMB UDYOG	0.00	0.00	125	1	\N
4748	22835	GRAPHITE PRESSURE BALANCING RING FOR-START UP VENT CONTROL VALVE  ( PCV-202 ) DN-150	Active	Engineering Store	APP NO-AO901755,SERIES-118-L3,SEAT-143 KV VALVE-88,ACTUATOR-UV-60V,BODY MATERAL-A2\n17WC6	0.00	0.00	317	1	\N
4749	22836	GLAND PACKING RING GRAPHITE FOR-START UP VENT CONTROL VALVE ( PCV-202 )APP NO-A0901755,SERIES-118-L3	Active	Engineering Store	\N	0.00	0.00	317	1	\N
4750	22837	KEYPAD FOR WEIGHING CONTROLLER INDICATOR,MODEL-I410	Active	Distillery Spares	MAKE PRECIAMODEN	0.00	0.00	72	1	\N
4751	22838	ACTUATOR DIAPHRAM FOR START UP VENT CONTROL VALVE ( PCV-202)APP NO-A0901755 SERIES-118-L3	Active	Engineering Store	DN NO-150 ,SEAT-143MM,BODY MATERIAL-A217WC6 ,ACTUATOR-CV-60.V, KV-VALAE-88\n	0.00	0.00	317	1	\N
4752	22839	GRAPHITE PRESSURE BALANCING RING FOR SOOT BLOWER CONTROL VALVE (PCV-203) APP NO-A0901768 ,SERIES-112-L2,DN-50 ,SEAT-32MM	Active	Engineering Store	\n	0.00	0.00	317	1	\N
4753	22840	GRAPHITE GLAND PACKING RING FOR SOOT BLOWER CONTROL VALVE (PCV-203)APP NO-A0901768 ,SERIES-112-L2,	Active	Engineering Store	DN-50 ,SEAT-32MM\n	0.00	0.00	317	1	\N
4754	22841	ACTUATOR DIAPHRAM FOR SOOT BLOWER CONTROL VALVE (PCV-203) APP NO-A0901768 ,SERIES-112-L2,	Active	Engineering Store	DN NO-50, SEAT-32MM ,BODY MATERIAL -A217WC6 ,TYPE-SS,KV VALVE-13.80, ACTUATOR -U111-30.V\n	0.00	0.00	317	1	\N
4755	22842	ACTUATOR DIAPHRAM FOR 30% FEED CONTROL VALVE (FCV-403) APP NO-A0901772 ,SERIES-117-P1,DN-100	Active	Engineering Store	BODY MATERIAL -A216WCB ,TYPE-SS ,ACTUATOR-U111-30.N ,KV VALVE-100 ,SEAT-73MM\n	0.00	0.00	317	1	\N
4756	22844	EXPANSION BELLOW FOR BAGASSE SCREW FEEDER DISCHARGE DUCTING (DRG-JSL/BLR/406)	Active	Engineering Store	\N	0.00	0.00	154	1	\N
4757	22845	TARPAULIN PLASTIC 30  X 30 MTR  ( 200 GSM )	Active	Manufacturing Store	\n	0.00	0.00	327	1	\N
4758	22846	TARPAULIN PLASTIC 10 X 10 MTR  ( 200 GSM )	Active	Manufacturing Store	\n	0.00	0.00	327	1	\N
4759	22847	RUBBER SPIDER LOCKING RING WITH SCREW SET RRS-110/100	Active	Engineering Store	\n	0.00	0.00	245	14	\N
4760	22848	RUBBER SPIDER LOCKING RING WITH SCREW SET RRS-095/100	Active	Engineering Store	\n	0.00	0.00	245	14	\N
4761	22849	RUBBER SPIDER LOCKING RING WITH SCREW SET  RRS-150/100	Active	Engineering Store	\n	0.00	0.00	245	14	\N
4762	22850	RUBBER SPIDER LOCKING RING WITH SCREW SET RRS-100/100	Active	Engineering Store	\n	0.00	0.00	245	14	\N
4763	22851	RUBBER SPIDER LOCKING RING WITH SCREW SET  RRS-150/140	Active	Engineering Store	\n	0.00	0.00	245	14	\N
4764	22852	RUBBER SPIDER LOCKING RING WITH SCREW SET RRS-225/100	Active	Engineering Store	\n	0.00	0.00	245	14	\N
4765	22853	RUBBER SPIDER LOCKING RING WITH SCREW SET SWQ-280/180	Active	Engineering Store	\n	0.00	0.00	245	14	\N
4766	22854	RUBBER STAR LOCKING RING WITH SCREW SET L-095	Active	Engineering Store	\n	0.00	0.00	245	14	\N
4767	22855	RUBBER STAR LOCKING RING WITH SCREW SET L-100	Active	Engineering Store	\n	0.00	0.00	245	14	\N
4768	22856	RUBBER STAR LOCKING RING WITH SCREW SET L-150	Active	Engineering Store	\n	0.00	0.00	245	14	\N
4769	22857	RUBBER PAD LOCKING RING WITH SCREW SET US-190	Active	Engineering Store	\n	0.00	0.00	245	14	\N
4770	22858	RUBBER PAD LOCKING RING WITH SCREW SET US-110	Active	Engineering Store	\n	0.00	0.00	245	14	\N
4771	22859	RUBBER STAR LOCKING RING WITH SCREW SET L-070	Active	Engineering Store	\n	0.00	0.00	245	14	\N
4772	22866	OIL SEAL 25 X 38 X 8MM	Active	Engineering Store	\n	0.00	0.00	224	1	\N
4773	22867	GITA PUMP CD-80-50-160,HEAD-25 MTR , CAP-35 MTR/HR,SIZE-80 X 50MM WITH MOTOR 5.5 HP,2900 RPM FOR CAKE WASH HOT WATER	Active	Engineering Store	WITH BASE FRAME &\n	0.00	0.00	267	1	\N
4774	22868	GITA MAKE HYDRAULIC PUMP MODEL-CD-100-65-400,SIZE-100 X 65 WITH MOTOR 5.5 HP ,DISCHARGE-30M3/HR,HEAD-50-MTR,	Active	Engineering Store	\n	0.00	0.00	267	1	\N
4775	22869	SS PERAFORATED SHEET 620MM WIDTH X 3000MM LONG X 6MM HOLE DIA X 8MM PITCH	Active	Engineering Store	SS-304\n	0.00	0.00	193	1	\N
4776	22870	DRIVE FLEXIBLE COUPLING SR-K6 FOR-NEW COOLING TOWER CT FAN MOTOR	Active	Engineering Store	\n	0.00	0.00	164	14	\N
4777	22871	SOCKET CONNECTOR FOR-725 KVA DG ( PART NO-8T8730 )	Active	Electric Store	\n	0.00	0.00	115	1	\N
4778	22872	SEAL O RING FOR-725 KVA DG ( PART NO-2147568 )	Active	Electric Store	\n	0.00	0.00	115	1	\N
4779	22873	PIN FOR-725 KVA DG ( PART NO-8T8729 )	Active	Electric Store	\n	0.00	0.00	115	1	\N
4780	22874	ADAPTER FOR-725 KVA DG ( PART NO-9X3271 )	Active	Electric Store	\n	0.00	0.00	115	1	\N
4781	22875	SENSOR GP FOR-725 KVA DG ( PART NO-4309449 )	Active	Electric Store	\n	0.00	0.00	115	1	\N
4782	22876	PLUG AS CONNECTOR FOR-725 KVA DG ( PART NO-1338750 )	Active	Electric Store	\n	0.00	0.00	115	1	\N
4783	22877	WIRES FOR-725 KVA DG ( PART NO-6A3361)	Active	Electric Store	\n	0.00	0.00	115	1	\N
4784	22878	CM WIRE SOCKET FOR-725 KVA DG ( PART NO-6V2744 )	Active	Electric Store	\n	0.00	0.00	115	1	\N
4785	22879	BLOCK TERMINAL FOR-725 KVA DG ( PART NO-2624255 )	Active	Electric Store	\n	0.00	0.00	115	1	\N
4786	22880	SENSOR GP-TE FOR-725 KVA DG ( PART NO-1916587 )	Active	Electric Store	\n	0.00	0.00	115	1	\N
4787	22881	RECEPTACLE FOR-725 KVA DG ( PART NO-9W1951 )	Active	Electric Store	\n	0.00	0.00	115	1	\N
4788	22882	RECEPT-A FOR-725 KVA DG ( PART NO-9X0145 )	Active	Electric Store	\n	0.00	0.00	115	1	\N
4789	22883	RESISTOR FOR-725 KVA DG ( PART NO-2624237 )	Active	Electric Store	\n	0.00	0.00	115	1	\N
4790	22884	PLUG-A FOR-725 KVA DG ( PART NO-7X6222 )	Active	Electric Store	\n	0.00	0.00	115	1	\N
4791	22885	FUSE FOR-725 KVA DG ( PART NO-2624622 )	Active	Electric Store	\n	0.00	0.00	115	1	\N
4792	22886	PLUG KT CONNECTOR FOR-725 KVA DG ( PART NO-1552270 )	Active	Electric Store	\n	0.00	0.00	115	1	\N
4793	22887	CIRCUIT BREAKER FOR-725 KVA DG ( PART NO-1259962 )	Active	Electric Store	\n	0.00	0.00	115	1	\N
4794	22888	FUSE HOLDER FOR-725 KVA DG ( PART NO-2624621 )	Active	Electric Store	\n	0.00	0.00	115	1	\N
4795	22889	CONTROL GP-A FOR-725 KVA DG ( PART NO-5034411 )	Active	Electric Store	\n	0.00	0.00	115	1	\N
4796	22890	FUSE FOR-725 KVA DG ( PART NO-2624623 )	Active	Electric Store	\n	0.00	0.00	115	1	\N
4797	22891	SENSOR AS-EL FOR-725 KVA DG ( PART NO-2468150 )	Active	Electric Store	\n	0.00	0.00	115	1	\N
4798	22892	BOX AS WELD FOR-725 KVA DG ( PART NO-4335322 )	Active	Electric Store	\n	0.00	0.00	115	1	\N
4799	22893	HINGE AS FOR-725 KVA DG ( PART NO-4237326 )	Active	Electric Store	\n	0.00	0.00	115	1	\N
4800	22894	PANEL DOOR AS FOR-725 KVA DG ( PART NO-4237324 )	Active	Electric Store	\n	0.00	0.00	115	1	\N
4801	22895	PLUG AS FOR-725 KVA DG ( PART NO-1552269 )	Active	Electric Store	\n	0.00	0.00	115	1	\N
4802	22896	SOLENOID FOR-725 KVA DG ( PART NO-1052939 )	Active	Electric Store	\n	0.00	0.00	115	1	\N
4804	22898	CONTROL-G FOR-725 KVA DG ( PART NO-3H0445 )	Active	Electric Store	\n	0.00	0.00	115	1	\N
4805	22899	SEAL O RING FOR-725 KVA DG ( PART NO-7F8607 )	Active	Electric Store	\n	0.00	0.00	115	1	\N
4806	22900	SEAL O RING FOR-725 KVA DG ( PART NO-6V1903 )	Active	Electric Store	\n	0.00	0.00	115	1	\N
4807	22901	SOLENOID AS FOR-725 KVA DG ( PART NO-3E0076 )	Active	Electric Store	\n	0.00	0.00	115	1	\N
4808	22902	NUT FOR-725 KVA DG ( PART NO-4W1480 )	Active	Electric Store	\n	0.00	0.00	115	1	\N
4809	22903	CONT GP FOR-725 KVA DG ( PART NO-3339312 )	Active	Electric Store	\n	0.00	0.00	115	1	\N
4810	22904	CONT GP FOR-725 KVA DG ( PART NO-1373401 )	Active	Electric Store	\n	0.00	0.00	115	1	\N
4811	22905	CONTROL-G FOR-725 KVA DG ( PART NO-7X1043 )	Active	Electric Store	\n	0.00	0.00	115	1	\N
4812	22906	SEAL O RING FOR-725 KVA DG ( PART NO-6V5048 )	Active	Electric Store	\n	0.00	0.00	115	1	\N
4813	22907	SEAL FOR-725 KVA DG ( PART NO-3J1907 )	Active	Electric Store	\n	0.00	0.00	115	1	\N
4814	22910	VFD DRIVE SINAMICS G-120 FOR COGEN BAGASSE HANDLING SYSTEM,POWER MODULE:PM240-2,CONROL UNIT:CU240E-2,OPERATAR PANEL BOP-2,11KW,415,AC 50HZ,3-PHASE,	Active	Electric Store	WIITH RETROFITTING & COMMISSINING \n	0.00	0.00	103	14	\N
4815	22911	SS REDUCER 6 " X 12"	Active	Engineering Store	GRADE-406\n	0.00	0.00	204	1	\N
4816	22912	SS REDUCER 8" X 12"	Active	Engineering Store	GRADE-406	0.00	0.00	204	1	\N
4817	22913	BEARING 33206	Active	Engineering Store	\n	0.00	0.00	39	1	\N
4818	22914	MS TEE 1"	Active	Engineering Store	FEMALE THREDED\n	0.00	0.00	207	1	\N
4819	22915	L&T SWITCH DISCONNECTOR FUSE FN-100 AMPS,TYPE-FN-100,CART NO-ST30287	Active	Electric Store	\n	0.00	0.00	94	1	\N
4820	22916	L&T AUXILIARY CONTACT LEFT SIDE MOUNTING FOR-MOG MPCB 1NC +1NC,	Active	Electric Store	CART NO-ST419450000\n	0.00	0.00	89	1	\N
4821	22917	L&T AUXILIARY CONTACT SHORT CIRCUIT ALARAM LEFT SIDE MOUNTING FOR-MOG MPCB,1NC + 1NC	Active	Electric Store	CART NO-ST419500000\n	0.00	0.00	89	1	\N
4822	22918	L&T AIR BREAK CONTACTOR, MX 9 WITH AUX BLOCK 1NO,COIL 220 VAC ,9 AMPS	Active	Electric Store	CART NO-CS94014\n\n	0.00	0.00	89	1	\N
4823	22919	L&T CONTACTOR ML-10,3-POLE,2NO+2NC,200-AMPS,220 VAC, CART NO-SS90935	Active	Electric Store	\n	0.00	0.00	89	1	\N
4824	22920	OIL SEAL 40 X 68 X 10	Active	Engineering Store	'' ''\n	0.00	0.00	224	1	\N
4825	22921	OIL SEAL 95 X 120 X 10	Active	Engineering Store	'' ''\n	0.00	0.00	224	1	\N
4826	22922	OIL SEAL 45 X 75 X 10	Active	Engineering Store	'' ''\n	0.00	0.00	224	1	\N
4827	22923	OIL SEAL 32 X 52 X 7	Active	Engineering Store	'' ''\n	0.00	0.00	224	1	\N
4828	22924	OIL SEAL 40 X 63 X 8	Active	Engineering Store	'' ''\n	0.00	0.00	224	1	\N
4829	22925	L&T CONTACTOR ML-4 ,3-POLE,2NO+2NC,70 AMPS,220 VAC,CART NO-SS90910	Active	Electric Store	\n	0.00	0.00	89	1	\N
4830	22928	OIL SEAL 30 X 42 X 8	Active	Engineering Store	'' ''\n	0.00	0.00	224	1	\N
4831	22929	OIL SEAL 30 X 40 X 8	Active	Engineering Store	'' ''\n	0.00	0.00	224	1	\N
4875	22989	CABLE GLAND 12MM,NYLON MM THREAD	Active	Electric Store	\n	0.00	0.00	87	1	\N
4832	22932	END SHIELD (COVER) DRIVE SIDE END FOR-C G MOTOR 335 HP/250 KW,2980 RPM,FOOT MOUNTED TYPE FRAME-ND 355LX,	Active	Electric Store	\n	0.00	0.00	110	1	\N
4833	22933	END SHIELD (COVER) NON DRIVE END SIDE FOR-C G MOTOR 335 HP / 250 KW,RPM-2980,FOOT MOUNTED, TYPE FRAME ND 355LX	Active	Electric Store	\n	0.00	0.00	110	1	\N
4834	22934	CONNECTING SHAFT WITH COUPLING FOR GENERATOR AND TRACTOR, 25 KVA ,ALTERNATOR/GENATOR	Active	Electric Store	\n	0.00	0.00	110	14	\N
4835	22935	SEPARATOR ELEMENT FOR ELGI AIR COMPRESSOR MODEL-EG 45-7.5	Active	Engineering Store	\n	0.00	0.00	346	1	\N
4836	22936	OIL SEAL 380 X 420 X 20	Active	Engineering Store	\n	0.00	0.00	224	1	\N
4837	22937	SIEMENS BIMETAL RELAY 2.5-4AMPS	Active	Electric Store	3UA50 00-1E\n	0.00	0.00	105	1	\N
4838	22938	GM BUSH 35 X 100 X 300MM	Active	Engineering Store	\n	0.00	0.00	68	3	\N
4839	22939	GM BUSH 45 X 120 X 300MM	Active	Engineering Store	\n	0.00	0.00	68	3	\N
4840	22940	GM BUSH 50 X 140 X 300MM	Active	Engineering Store	\n	0.00	0.00	68	3	\N
4841	22941	GM BUSH 60 X 85 X 300MM	Active	Engineering Store	\n	0.00	0.00	68	3	\N
4842	22942	DIAL BORE GAUGE 50MM TO 150MM	Active	Engineering Store	\n	0.00	0.00	234	1	\N
4843	22945	DIAPHARM FOR 50 TON PRDS PRESSURE CONTROL VALVE,DN-150,APP NO-A1000810,O A NO-411400611,NO-4024100482	Active	Engineering Store	SERICS:547-L2 ANSJ:600,BODY:WCB,TYPE:SS,SEAT-113 KV-VALVE132,ACTUATOR:UV-60V\n	0.00	0.00	317	1	\N
4844	22946	DIAPHARM FOR ATTEMEPERATOR CONTROL VALVE,SIZE-1 1/2"MODEL-VSC VA1RCV:6.3,LIFT-25MM,	Active	Engineering Store	S NO-9817073,BODY-A216WCB,PARKING-GRAFOIL,,O.R NO-2440625	0.00	0.00	317	1	\N
4845	22947	DIAPHARM FOR DEAERATOR LEVEL CONTROL VALVE,SIZE-4",MODEL-VST-VA2D	Active	Engineering Store	S NO-9816356,OR NO-2440625,RATING-ANSI150RF,BODY-A216WCB,CV-175,PAKING-TEPLON,GASKET-\nV-543	0.00	0.00	317	1	\N
4846	22948	DIAPHARM FOR DEAERATOR PRESSURE CONTROL VALVE,SIZE-150MM,SEAT DIA:113 KV-VALVE:260	Active	Engineering Store	S NO-03/30,ANDI:-300,BODY TYPE:GLOBE,BODY MATERIAL:A216WCB,ACTAVTOR TYPE:A2-60X\n	0.00	0.00	317	1	\N
4847	22949	DIAPHARM  FOR FEED WATER CONTROL VALVE,SIZE-3 X 2 1/2"MODEL-VSC VA-20,LIFT-37.5MM	Active	Engineering Store	OR NO-2440625,RATING-ANSI600RF,BODY-A216WCB,PACKING-GRAFOIL\n	0.00	0.00	317	1	\N
4848	22950	GRAPHITE PRESSURE BALANCING RING WITH DIAPHARM FOR ATTEMTERATOR CONTROL VALVE,SIZE-1 1/2",MODEL-VSC VAIR	Active	Engineering Store	S NO-9817073,TAG NO-SCV-01,OR NO-2440625,BODY-A216WCB,LIFT-25MM,PAKING-GRAFOIL,\nRATING-ANSI 600RF	0.00	0.00	317	1	\N
4849	22951	GRAPHITE PRESSURE BALANCING RING FOR DEAERATOR PRESSURE CONTROL VALVE,SIZE-150MM,SEAT-113,KV VALVE-260	Active	Engineering Store	S NO-03/30,BODY TYPE-GLOBE,BODY METAL-A216WCB,ACTU TYPE-A2-60X,ANSI-300	0.00	0.00	317	1	\N
4850	22952	TEFLON GLAND PACKING RING FOR DEAERATOR LEVEL CONTROL VALVE,SIZE-4",MODEL-VST VA2D	Active	Engineering Store	S NO-9816356,OR NO-2440625,BODY-A216WCB,CV-175,PACKING-TEFLON,GASKET-V-543,RATING-ANSI 150RF\n	0.00	0.00	317	1	\N
5005	23170	BEARING 23032 CCK/C3 W33	Active	Engineering Store	\n	0.00	0.00	38	1	\N
4851	22953	PVC FAN FRAME 90 L  FOR MOTOR COOLING (3-HP)	Active	Electric Store	SHAFT DIA -25MM\n	0.00	0.00	110	1	\N
4852	22954	PVC FAN FRAME 80 FOR MOTOR COOLING (0.9-HP)	Active	Electric Store	SHAFT DIA -18MM\n	0.00	0.00	110	1	\N
4853	22955	PVC FAN FRAME 90 S FOR MOTOR COOLING (1.5-HP)	Active	Electric Store	SHAFT DIA -25MM\n	0.00	0.00	110	1	\N
4854	22960	WEIGHING SCALE 150-KG CAP ( PLATFORM-TYPE ) ACCURACY-10-GRM,MODEL-DS-451	Active	Engineering Store	\n	0.00	0.00	234	1	\N
4855	22961	BOOT SEAL RETAINER FOR ROTO PUMP 4" X 4",TYPE-RMAB612R2CD1D,CAP-25M3/HR,484-RPM,PART NO-2812	Active	Engineering Store	\n	0.00	0.00	308	1	\N
4856	22963	EXTERNAL CIRCLIP  FOR ROTO PUMP 4" X 4",TYPE-RMAB612R2CD1D,CAP-25 M3/HR,484-RPM,PART NO-05	Active	Engineering Store	\n	0.00	0.00	308	1	\N
4857	22964	O RING FOR ROTO PUMP 4" X 4",TYPE-RMAB612R2CD1D,CAP-25 M3/HR,484-RPM,PART NO-03	Active	Engineering Store	\n	0.00	0.00	308	1	\N
4858	22965	SPRING PIN FOR ROTO PUMP 4" X 4",TYPE-RMAB612R2CD1D,CAP-25M3/HR,484-RPM,PART NO-01	Active	Engineering Store	\n	0.00	0.00	308	1	\N
4859	22966	BOOT SEAL FOR ROTO PUMP 4" X 4",TYPE-RMAB612R2CD1D,CAP-25M3/HR,484-RPM,PART NO-1510	Active	Engineering Store	\n	0.00	0.00	308	1	\N
4860	22967	UNIVERSAL JOINT FOR ROTO PUMP 4" X 4" ,TYPE-RMAB612R2CD1D,CAP-25M3/HR,484-RPM,PART NO-20	Active	Engineering Store	\n	0.00	0.00	308	1	\N
4861	22968	GREASE SEAL FOR ROTO PUMP 4" X 4",TYPE-RMAB612R2CD1D,CAP-25M3/HR,484-RPM,PART NO-0410	Active	Engineering Store	\n	0.00	0.00	308	1	\N
4862	22969	GREASE SEAL FOR ROTO PUMP 4" X 4",TYPE-RMAB612R2CD1D,CAP-25M3/HR,484-RPM,PART NO-0110	Active	Engineering Store	\n	0.00	0.00	308	1	\N
4863	22973	SHAFT FOR ROTO PUMP 4" X 4",TYPE-RMAB612R2CD1D,CAP-25M3/HR,484-RPM,PART NO-3200	Active	Engineering Store	\n	0.00	0.00	308	1	\N
4864	22974	UJ PIN FOR ROTO PUMP 4" X 4",TYPE-RMAB612R2CD1D,CAP-25M3/HR,484-RPM,PART NO-2912	Active	Engineering Store	\n	0.00	0.00	308	1	\N
4865	22975	UJ HEAD FOR ROTO PUMP 4" X 4" ,TYPE-RMAB612R2CD1D,CAP-25M3/HR,484-RPM,PART NO-4010	Active	Engineering Store	\n	0.00	0.00	308	1	\N
4866	22976	UJ RING FOR ROTO PUMP 4" X 4" ,TYPE-RMAB612R2CD1D,CAP-25M3/HR,484-RPM,PART NO-4202	Active	Engineering Store	\n	0.00	0.00	308	1	\N
4867	22978	ANGLE RING 8" X 8" FOR PSP MAGMA PUMP	Active	Engineering Store	\n	0.00	0.00	281	1	\N
4868	22979	ROTOR WITH SHAFT 8" X 8" FOR PSP MAGMA PUMP	Active	Engineering Store	\n	0.00	0.00	281	1	\N
4869	22980	BODY CASING SS CPK GC-150/500	Active	Engineering Store	KSB-MAKE,DISCHARGE:300M3/HR,HEAD:75 MTR,INPUT-150 HP,1450-RPM\n	0.00	0.00	268	1	\N
4870	22981	WEAR PLATE SS CPK GC-150/500 ( CASING COVER )	Active	Engineering Store	KSB-MAKE,DISCHARGE:300M3/HR,HEAD:75 MTR,1450-RPM,INPUT-100 HP\n	0.00	0.00	279	1	\N
4871	22982	TYRE 8.25-16 ( REPAIRED )	Active	Engineering Store	\n	0.00	0.00	251	1	\N
4872	22983	PENDENT HOLDER 6-AMPS ( THREADING TYPE )	Active	Electric Store	\n	0.00	0.00	79	1	\N
4873	22987	PUSH BUTTON LATCHING RED,CODE-2AML4,MUSHROOM TYPE ACTUATOR 22.5 DIA	Active	Electric Store	\n	0.00	0.00	96	1	\N
4874	22988	SELECTOR SWITCH 3 WAY OFF POSITION 22.5 DIA,BLOCK, CODE-2AS2E-3P	Active	Electric Store	\n	0.00	0.00	101	1	\N
4876	22990	CABLE GLAND 16MM ,NYLON MM THREAD	Active	Electric Store	\n	0.00	0.00	87	1	\N
4877	22991	CABLE GLAND 20MM ,NYLON MM THREAD	Active	Electric Store	\n	0.00	0.00	87	1	\N
4878	22992	CABLE GLAND 25MM , NYLON MM THREAD	Active	Electric Store	\n	0.00	0.00	87	1	\N
4879	22993	BEARING 23036 C3	Active	Engineering Store	\N	0.00	0.00	38	1	\N
4880	22994	PLANETARY GEAR BOX MODEL-3725 WITHOUT MOTOR TYPE-FOOT MOUNTED GEAR BOX-100 HP WITH BASE FRAME	Active	Engineering Store	CHAIN LINEAR SPEED-32-MTR/MIN, CHAIN LOAD-80 TON BREAKING LOAD,TOTAL LENGTH OF CARRIER-24-MTR,CRUSHING RATE-460 TCH/10000 TCD,APPLICATION-SUGAR MILL RAKE TYPE CANE CARRIER,SPROCKET DETAILS-14TEETH X 300 PITCH X 1348 PCD	0.00	0.00	241	1	\N
4881	22995	CONNECTING SHAFT WITH COUPLING FOR GENERATOR AND TRACTOR ( REPAIRED )	Active	Building Store	\n	0.00	0.00	51	14	\N
4882	22996	SINGLE END SLOG TYPE FORGED OPEN SPANNER 40MM	Active	Engineering Store	\N	0.00	0.00	236	1	\N
4883	22997	NEEDLE THREAD GUIDE FOR STITCHING M/C, MODEL-90000E	Active	Engineering Store	\n	0.00	0.00	120	1	\N
4884	22998	MAIN SHAFT BUSH FOR STITCHING M/C MODEL-90000E	Active	Engineering Store	\n	0.00	0.00	120	1	\N
4885	22999	NEEDLE LEVER BUSH FOR STITCHING M/C MODEL-90000E	Active	Engineering Store	\n	0.00	0.00	120	1	\N
4886	23000	REAR BUSH ASSEMBLY FOR STITCHING M/C MODEL-90000E	Active	Engineering Store	\n	0.00	0.00	120	1	\N
4887	23001	ROCKER FOR STITCHING M/C MODEL-90000E	Active	Engineering Store	\n	0.00	0.00	120	1	\N
4888	23002	LOOPER SHAFT COLLOR FOR STITCHING M/C MODEL-90000E	Active	Engineering Store	\n	0.00	0.00	120	1	\N
4889	23003	LOOPER AVOID ASSEMBLY FOR STITCHING M/C MODEL-S 90/T2	Active	Engineering Store	\n	0.00	0.00	120	1	\N
4890	23004	PLUG SCREW FOR STITCHING M/C MODEL-90000E	Active	Engineering Store	\n	0.00	0.00	120	1	\N
4891	23005	SUCTION STAINER 65MM CI	Active	Engineering Store	\n\n	0.00	0.00	269	1	\N
4994	23156	VICTAULIC COUPLING BOLT & NUT 16 X 75MM SS	Active	Manufacturing Store	\N	0.00	0.00	334	1	\N
4892	23006	MECHANICAL SEAL DRIVE END FOR HDA 50/15 KSB PUMP	Active	Engineering Store	S NO-9974245880/100-1,RPM-2980,HEAD-715,DISCHARGE-30.7M3/HR,\n	0.00	0.00	304	1	\N
4893	23007	MECHANICAL SEAL NON DRIVE END FOR HDA 50/15 KSB PUMP	Active	Engineering Store	S NO-9974245880/100-1,HEAD-715,RPM-2980,DISCHARGE-33.7M3/HR\n	0.00	0.00	304	1	\N
4894	23008	CYLINDER FOR AIR COMPRESSOR MODEL: EH 200 MS	Active	Engineering Store	KIRLOSKAR MAKE	0.00	0.00	\N	1	\N
4895	23010	DIGITAL OUTPUT CARD (MODULE) WITH BASE C-300	Active	Engineering Store	MAKE-HONEY WELL,CHANNEL-22 (24  VDC),PART NO-51454472-175	0.00	0.00	318	1	\N
4896	23011	ANALOG OUTPUT CARD (MODULE) WITH BASE	Active	Engineering Store	MAKE- HONEWELL,PART NO-51454469-175	0.00	0.00	318	1	\N
4897	23012	CI STAINER 2.5"	Active	Electric Store	\n	0.00	0.00	110	1	\N
4898	23016	GM ROUND BAR 14 X 500MM	Active	Engineering Store	\n	0.00	0.00	69	3	\N
4899	23017	GM ROUND BAR 22 X 500MM	Active	Engineering Store	\n	0.00	0.00	69	3	\N
4901	23022	CARRYING IDLER 76MM OD X 700MM LONG FOR SUGAR BELT CONVEYOR ( TYPE-4 ) DRG-JSL/BH/407	Active	Engineering Store	\n	0.00	0.00	128	1	\N
4902	23023	CARRYING IDLER 76MM OD X 685MM LONG FOR SUGAR BELT CONVEYOR ( TYPE-3 ) DRG-JSL/BH/407	Active	Engineering Store	\n	0.00	0.00	128	1	\N
4903	23026	STUFFING BOX 2K.6 X 5-13,HEAD-25 MTR,CAP-320M3/HR	Active	Engineering Store	MAKE MICROFINISH PUMP.S.NO-59673	0.00	0.00	170	1	\N
4904	23027	MAGMA PUMP, TYPE-150 RMG,SIZE-6" X 6",CAP-20 TPH,SPEED-36 RPM,HEAD-40 MTR	Active	Engineering Store	GITA-MAKE,APPLICATION-B-MASSECAITE\n	0.00	0.00	281	1	\N
4905	23028	RUBBER BELT 1000MM WIDTH X 10MM THK ,3 PLY	Active	Engineering Store	HEAT RESISTANCE WITH  TEST CERTIFICATE\n	0.00	0.00	223	7	\N
4906	23029	VFD PANEL BOARD FOR RTCC MOTOR 100 HP/75 KW, 1440 RPM, WITH 120 % MOTOR RATED,3 PHASE,415 VOLT,50 HZ AC (AS PER ANNEXURE)	Active	Electric Store	MODULE-ACS 560 WITH ADVANCED OPERATING PAENL\n	0.00	0.00	103	14	\N
4907	23030	L&T SPARE KIT MK-2 WITHOUT COIL	Active	Electric Store	\N	0.00	0.00	90	1	\N
4908	23032	CONDENSER COIL COPPER FOR 1.5 TON AC,MODEL-B0-3HW18FBU	Active	Electric Store	S.NO-3HW18FBU116A31217,COOLING CAPACITY-4900 W	0.00	0.00	107	1	\N
4909	23033	LHP MAKE MOTOR 1 HP,1420 RPM FOR CROSS TRAVEL GANTRY CRANE	Active	Electric Store	\N	0.00	0.00	110	1	\N
4910	23034	BEARING 4T-29586/29520	Active	Engineering Store	TAPERED ROLLER\n	0.00	0.00	40	1	\N
4911	23035	BEARING 4T-357/4T354-A	Active	Engineering Store	TAPERED ROLLER\n	0.00	0.00	40	1	\N
4912	23036	BEARING 4T-543/4T532-X	Active	Engineering Store	TAPERED ROLLER\n	0.00	0.00	40	1	\N
4913	23037	SET OF 5 FOR BEARING 6204 CARRYING IDLER COAL BELT ( DRG-JSL/DSTL/BLR/019 )	Active	Engineering Store	\n	0.00	0.00	339	1	\N
4914	23038	CARRYING IDLER 89MM X 200MM FOR DISTILLERY BOILER COAL BELT CONVEYOU ( DRG-JSL/DSTL/BLR/019 )	Active	Engineering Store	\n	0.00	0.00	339	1	\N
4915	23039	GI BEND LONG 2"	Active	Engineering Store	\n	0.00	0.00	213	1	\N
4916	23040	RUBBER WASHER 3"	Active	Engineering Store	\n	0.00	0.00	216	1	\N
4917	23041	PVC NON RETURN VALVE 4"	Active	Engineering Store	\N	0.00	0.00	208	1	\N
4918	23048	CE  MOTOR-4-HP/3-KW,RPM-2900 ,VERTICAL MOUNTED TYPE (REPAIRED)	Active	Electric Store	\n	0.00	0.00	114	1	\N
4919	23049	CONTROL STARTER 3 PHASE HP-1-15,MODEL-SS-1,50HZ	Active	Electric Store	\n	0.00	0.00	93	1	\N
4920	23050	ROTOR JOURNAL BEARING S END 2.4 MW TRIVENI TRUBINE	Active	Engineering Store	\N	0.00	0.00	347	1	\N
4921	23051	ROTOR JOURNAL BEARING EXH END 2.4 MW TRIVENI TRUBINE	Active	Engineering Store	\N	0.00	0.00	347	1	\N
4922	23052	THRUST PAD ACTIVE 2.4 MW TRIVENI TRUBINE	Active	Engineering Store	1-SET CONTAIN 11-NO	0.00	0.00	347	1	\N
4923	23054	THRUST PAD NON-ACTIVE FOR 2.4 MW TRIVENI TRUBINE	Active	Engineering Store	1-SET CONTAIN 11-NO	0.00	0.00	347	1	\N
4924	23055	THRUST OIL SEAL BEARING 2.4 MW TRIVENI TRUBINE	Active	Engineering Store	\N	0.00	0.00	347	1	\N
4925	23056	OIL INLET FITTING 2.4 MW TRIVENI TRUBINE	Active	Engineering Store	\N	0.00	0.00	347	1	\N
4926	23057	OIL SEAL LYBRINTH STEAN END 2.4 MW TRIVENI TRUBINE	Active	Engineering Store	\N	0.00	0.00	347	1	\N
4927	23058	OIL SEAL LYBRINTH EXHAUST END 2.4 MW TRIVENI TRUBINE	Active	Engineering Store	\N	0.00	0.00	347	1	\N
4928	23059	SPAECER COUPLING UCW 226	Active	Engineering Store	\N	0.00	0.00	339	1	\N
4929	23062	PUMP LANTERN FOR ROTO PUMP MODEL-RMCB622R8CD3D (IS-210)	Active	Distillery Spares	S.NO-NH150173,MOC-CAST IRON	0.00	0.00	70	1	\N
4930	23063	GEAR BOX,MODEL-373-102,RATO:4.11 FOR DISTILLERY COOLING TOWER	Active	Distillery Spares	S.NO-15-2-0025B	0.00	0.00	73	1	\N
4931	23064	BARREL FOR SCREW PUMP 4" X 4" RISANSI MODEL:RSO 21418 AABN	Active	Engineering Store	\N	0.00	0.00	277	1	\N
4932	23065	DISCHARGE HOUSING FOR SCREW PUMP 4" X 4" RISANASI RSO 21418 AABN	Active	Engineering Store	CAP-15M2/HR, HEAD-30 MTR	0.00	0.00	277	1	\N
4933	23066	SUCTION HOUSING FOR SCREW PUMP 4" X 4" RISANASI RSO 21418 AABN	Active	Engineering Store	\N	0.00	0.00	277	1	\N
4934	23068	DUPLEX CHAIN 3/4" PITCH WITH LINK	Active	Engineering Store	3-MTR LONG	0.00	0.00	151	1	\N
4935	23069	SEPERATOR ELEMENT FOR ELGI AIR COMPRESSOR MODEL-EG 45-7.5	Active	Engineering Store	FAB NO-BUJS045213	0.00	0.00	346	1	\N
4936	23070	LEAF SPRING FOR OIL SEAL PACKING 2.4 MW TRIVENI TRUBINE	Active	Engineering Store	\N	0.00	0.00	347	1	\N
4937	23071	OIL SEAL 72 X 100 X 13	Active	Engineering Store	\n	0.00	0.00	224	1	\N
4938	23072	AIR FILTER 8.5" X 8.5" FOR DCS PANEL BOARD	Active	Engineering Store	\N	0.00	0.00	318	1	\N
4939	23073	STABILIZER 5 KVA,I/P-90-300VAC,O/P 200-245VAC (VG-500)	Active	Electric Store	AUTOMATIC VOLTAGE STABILIZER	0.00	0.00	86	1	\N
4940	23076	BEARING 6413 C3	Active	Engineering Store	\N	0.00	0.00	42	1	\N
4941	23077	HYDRAULIC PULLER WITH HAND PUMP 50 TON CAPACITY (REPAIRED)	Active	Engineering Store	\N	0.00	0.00	175	1	\N
4942	23078	DRIVE SHAFT ASSEMBLY FOR COOLING TOWER MODEL-373-102,RATIO-4.11.1	Active	Distillery Spares	S NO-15-2-0025B\n	0.00	0.00	73	1	\N
4995	23157	POLYPROPALINE VALVE 1"	Active	Manufacturing Store	\N	0.00	0.00	334	1	\N
4943	23079	FAN ASSEMBLY 961N FOR COOLING TOWER MODEL-373-102,RATIO-4.11.1	Active	Distillery Spares	S NO-15-2-0025B\n	0.00	0.00	73	1	\N
4944	23080	AUTOMATIC VOLTAGE REGULATOR 40 KVA,FRAME-4AB180L2,EXCTN V/I-60V/2.0AMPS,RPM-1500,VOLTAGE-415 FOR AC GENERATOR	Active	Electric Store	KIRLOSKER-MAKE\n	0.00	0.00	86	1	\N
4945	23082	BARREL FOR IRIS VALVE PNEUMATIC CYLINDER SS 304	Active	Engineering Store	\N	0.00	0.00	136	1	\N
4946	23083	SEGMENT FOR IRIS VALVE (ETC-0206)	Active	Engineering Store	\N	0.00	0.00	136	1	\N
4947	23084	BOLT FORSEGMENT OF IRIS VALVE	Active	Engineering Store	\N	0.00	0.00	136	1	\N
4948	23085	THRUST WASHER FOR IRIS VALVE	Active	Engineering Store	\N	0.00	0.00	136	1	\N
4949	23087	TATA ULTRA PRIME BUS MODEL:LPO11.6/54 (50+A+D) SEATING CAPACITY	Active	Engineering Store	\N	0.00	0.00	253	1	\N
4950	23089	FLEXIBLE COPPER CABLE 6 CORE X 2.5SQMM	Active	Electric Store	\N	0.00	0.00	81	7	\N
4951	23090	FAN CYLINDER SEGMENT 961N 67-921-1 GRIP FOR COOLING TOWER MODEL-373-102,RATIO-4.11.1	Active	Distillery Spares	PART NO-67-9721-1	0.00	0.00	73	1	\N
4952	23091	FAN CYLINDER SEGMENT 961N 67-921-2 GRIP FOR COOLING TOWER MODEL-373-102,RATIO-4.11.1	Active	Distillery Spares	PART NO-67-921-2	0.00	0.00	73	1	\N
4953	23092	FAN CYLINDER SEGMENT 961N 67-921-3 GRIP FOR COOLING TOWER MODEL-373-102,RATIO-4.11.1	Active	Distillery Spares	PART NO-67-921-3	0.00	0.00	73	1	\N
4954	23093	FAN CYLINDER SEGMENT 961N 67-921-41 GRIP FOR COOLING TOWER MODEL-373-102,RATIO-4.11.1	Active	Distillery Spares	PART NO-67-921-4	0.00	0.00	73	1	\N
4955	23094	FAN GUARD SEGMENT 961N P77-233-1 MS HDG FOR COOLING TOWER MODEL-373-102,RATIO-4.11.1	Active	Distillery Spares	PART NO-P77-233-1	0.00	0.00	73	1	\N
4956	23095	FAN CYLINDER ASSEMBLY HARDWARE FOR COOLING TOWER MODEL-373-102,RATIO-4.11.1	Active	Distillery Spares	\N	0.00	0.00	73	1	\N
4957	23096	TP LINK ARCHE A6 V3 1200 MBPS WIRELSS MU-MIMO GIGABIT DUAL BAND ROUTER	Active	Consumer store	\N	0.00	0.00	228	1	\N
4958	23098	TEMPRATURE GAUGE 0-150 DEG CEL,DIAL 150MM,MODEL-1006,TYPE BOTTOM MOUNTED BOLT TYPE FITTED,SENSOR LENGTH 150MM,SENSOR SIZE-10MM	Active	Engineering Store	SENSOR CONNECTOR 1/2 NPT	0.00	0.00	320	1	\N
4959	23099	GLACE-EAU (ALGAECIDE FUNGICIDE BASED)	Active	Manufacturing Store	\N	0.00	0.00	334	10	\N
4960	23108	STATIC COLLER FOR ULKA MILL (DRG-JSL/MH/509)	Active	Engineering Store	\N	0.00	0.00	177	1	\N
4961	23109	BREAK DRUM PAN HOUSING (DRG-JSL/MH/511)	Active	Engineering Store	\N	0.00	0.00	177	1	\N
4962	23110	BREAK DRUM FOR UNLOADE (DRG-JSL/MH/510)	Active	Engineering Store	\N	0.00	0.00	177	1	\N
4963	23111	BYE PASS COCK 1/2"	Active	Engineering Store	\N	0.00	0.00	208	1	\N
4964	23113	DCS CONTROLLER , MODEL-PM858	Active	Distillery Spares	\n	0.00	0.00	72	1	\N
4965	23115	SEAT FOR CONTROL VALVE 2",MODEL-37-41132	Active	Distillery Spares	\n	0.00	0.00	72	1	\N
4966	23116	SEAT PLUG FOR CONTROL VALVE 2" ,MODEL-37-41132	Active	Distillery Spares	\n	0.00	0.00	72	1	\N
4967	23117	CASE FOR CONTROL VALVE 2", MODEL-37-41132	Active	Distillery Spares	\n	0.00	0.00	72	1	\N
4968	23118	GRAPHITE GLAND FOR CONTROL VALVE 2",MODEL-37.41132	Active	Distillery Spares	\n	0.00	0.00	72	1	\N
4969	23119	DIAPHRAGUM FOR CONTROL VALVE 2",MODEL-37-41132	Active	Distillery Spares	\n	0.00	0.00	72	1	\N
4970	23120	SEAT FOR CONTROL VALVE 1.5",MODEL-37-41132	Active	Distillery Spares	\n	0.00	0.00	72	1	\N
4971	23121	SEAT PLUG FOR CONTROL VALVE 1.5",MODEL-37-41132	Active	Distillery Spares	\n	0.00	0.00	72	1	\N
4972	23122	CASE FOR CONTROL VALVE 1.5",MODEL-37-41132	Active	Distillery Spares	\n	0.00	0.00	72	1	\N
4973	23123	GRAPHITE GLAND FOR CONTROL VALVE 1.5",MODEL-37-41132	Active	Distillery Spares	\n	0.00	0.00	72	1	\N
4974	23124	DIAPHRAGUM FOR CONTROL VALVE 1.5",MODEL-37-41132	Active	Distillery Spares	\n	0.00	0.00	72	1	\N
4975	23125	JAMBO DISPLAY,SUPPLY 230VAC/50 HZ,DUAL SIDE,SIZE-8" LED ( RED ) 4 DIGIT	Active	Distillery Spares	\N	0.00	0.00	72	1	\N
4976	23126	LOCK WASHER MB 25 FOR BEARING	Active	Engineering Store	\N	0.00	0.00	57	1	\N
4977	23127	LOCK NUT KM 25 FOR BEARING	Active	Engineering Store	\N	0.00	0.00	272	1	\N
4978	23128	TEXMO OPEN WELL SUBMERSIBLE MONOBLOCK PUMP, HP-12.50 / 9.3 KW,2900 RPM (REPAIRED)	Active	Electric Store	\N	0.00	0.00	114	1	\N
4979	23130	SS PERAFORATED SHEET 1800MM LENGTH X 610MM WIDTH (DRG-JSL/MH/558)	Active	Engineering Store	\N	0.00	0.00	183	1	\N
4980	23135	END SHIELD (COVER) DRIVE END SIDE FOR 10 HP/7.5 KW MOTOR FOOT MOUNTED,FRAME:132-M FOR SIEMENS MOTOR	Active	Electric Store	\N	0.00	0.00	110	1	\N
4981	23136	END SHIELD (COVER) NON DRIVE END SIDE FOR 10 HP/7.5 KW MOTOR FOOT MOUNTED,FRAME:132-M FOR SIEMENS MOTOR	Active	Electric Store	\N	0.00	0.00	110	1	\N
4982	23137	SIEMENS MOTOR 3 PHASE 3 HP / 2.2 KW,2876 RPM,FRAME:90L FLAGNE MOUNTED	Active	Electric Store	CI BODY,IE-2 TEFC	0.00	0.00	110	1	\N
4983	23139	START UP VENT CONTROL VALVE TRIM SET (PLUG,STEM & SEAT) PCV-202	Active	Engineering Store	APP NO-A0901755,OA NO-140-140-2122,SERIES-118-L3 DN-150,BODY MATERIALS-A217WC6,TYPE-SS ANSI-00,ACTUATOR-UV-60V,FUNCTION-OPEN,SEAT-143MM	0.00	0.00	317	1	\N
4984	23140	COMPRESSOR FOR AIR CONDITIONER 1.5 TON CAP,MODEL-KSF 170SWFP3LRA35-R-32	Active	Electric Store	.SNO-104505361C	0.00	0.00	110	1	\N
4985	23141	COPPER LUG 6-SQMM,HALLOW TYPE WITH PVC INSULATION	Active	Electric Store	\N	0.00	0.00	87	1	\N
4986	23142	MCB 63 AMPS, 1 POLE	Active	Electric Store	\N	0.00	0.00	86	1	\N
4987	23143	SEAL COVER FOR MICROFINISH PUMP MODEL-2K. 6 X 5-13 PI	Active	Distillery Spares	S.NO-45732	0.00	0.00	70	1	\N
4988	23144	SEAL COVER FOR MICROFINISH PUMP MODEL-1K. 3 X 2-6	Active	Distillery Spares	S.NO-45735	0.00	0.00	70	1	\N
4989	23145	SEAL COVER FOR MICROFINISH PUMP MODEL-2K. 3 X 2-8	Active	Distillery Spares	S.NO-45733	0.00	0.00	70	1	\N
4990	23146	TROLLEY WHEEL C.T FOR 10 TON CAPACITY CANE UNLOADER ( JSL/MH/509 )	Active	Engineering Store	\n	0.00	0.00	182	1	\N
4991	23148	STAR COUPLING RRL 100/100 (FLEX-O)	Active	Engineering Store	\N	0.00	0.00	246	14	\N
4992	23149	RUBBER SPIDER L 110	Active	Engineering Store	\N	0.00	0.00	245	1	\N
4993	23154	BEARING AXK 1730 (NEEDLE BEARING)	Active	Engineering Store	\n	0.00	0.00	37	1	\N
4998	23162	GEAR BOX,MODEL-2T-310L4451017,RATIO:451:1 (REPAIRED)	Active	Engineering Store	\N	0.00	0.00	203	1	\N
4999	23163	MUFFLE FURNACE SIZE-23 X 10 X 10 WITH AUTO TEMPRATURE CONTROL	Active	Manufacturing Store	TEMP MAX-1200 DEG CEL,1.8 KW,230 VAC,SINGLE PHASE	0.00	0.00	330	1	\N
5000	23164	WATER & SOIL ANALYSIS KIT-371 FOR PH,TDS & ORP, TURBIDIT	Active	Manufacturing Store	\N	0.00	0.00	330	1	\N
5001	23165	MIST CREATION SPRAY SYSTEM	Active	Engineering Store	MODIFICATION OF EXISTING PVC FILLS,INSTALLATION & COMMISSIONING AS PER ANNEXURE	0.00	0.00	133	14	\N
5002	23167	IMPELLER SS CCR-100-250 R4AMD2L6 FOR JOHNSON PUMP	Active	Distillery Spares	HEAD-18 MTR.SNO-B311032006	0.00	0.00	70	1	\N
5003	23168	SS WEAR PLATE CCR-100-250 R4AMD2L6 FOR JOHNSON PUMP	Active	Distillery Spares	S.NO-B311032006	0.00	0.00	70	1	\N
5004	23169	BEARING 23040 CCK/C3 W33	Active	Engineering Store	\n	0.00	0.00	38	1	\N
5006	23171	BEARING SLEEVE H 3040	Active	Engineering Store	\n	0.00	0.00	44	1	\N
5007	23172	BEARING SLEEVE H 3032	Active	Engineering Store	\n	0.00	0.00	44	1	\N
5008	23173	GUN METAL BUSH 45 X 85 X 300MM	Active	Engineering Store	\n	0.00	0.00	68	3	\N
5009	23175	COOLING FAN FOR ACS 580-01-430A-4 ABB MAKE VFD,MODEL-D1751U24B8PP366,VOLTAGE-24VDC,3.4 AMPS	Active	Electric Store	MAKE-NIDEC (9H26)	0.00	0.00	110	1	\N
5010	23176	CHECK SYNCHRONISING RELAY,TYPE-SKE,MODEL-SKE11BF8042BCH	Active	Electric Store	RATED VOLTAGE-V1,V263.5/110 V 50 AC,AUX VOL-110-125 V DC,VOLTAGE-1 TO10 V,TIME 0.25 TO 1.5 SECOND,ANGLE PLUS OR MINIUS 10 DEGREE	0.00	0.00	105	1	\N
5011	23177	TRIP CIRCUIT SUPERVISION RELAY ,TYPE:VAXMK.11,MODEL NO:VAX31ZG8074BCH,VX (A/B/C)110-225 V DC FOR  17.5 MW GENENERATOR SYNORISING PANEL	Active	Electric Store	\N	0.00	0.00	105	1	\N
5012	23180	WORM WHEEL TYPE-U 1200,RATIO:25:1 FOR KICKER GEAR BOX	Active	Engineering Store	\N	0.00	0.00	244	1	\N
5013	23182	WEIGH BRIDGE 16 X 3-MTR LONG SUPPLY WITH ACCESSORIES	Active	Engineering Store	BEAM,NPB500,CROSS BEAM UB251,CROASS BEAM STRNGTHAN BEAM 150, TOP PLATE 10MM WITH 5MM RIBS ONTOP AND REQUIRED STRENTHEN GUSSETS ( NOTE: WEIGHT OF BRIDGE SHOULD BE 12 MT X 2 )	0.00	0.00	338	1	\N
5014	23184	DCS PANEL HOOTER,MODEL NO-90-EHS-D2,SIZE-96 X 96MM,24VDC INPUT	Active	Distillery Spares	\N	0.00	0.00	72	1	\N
5015	23185	PRESSURE TRANSMITTER,RANGE:0-1.2 KG/CM2,O/P:4-20 ,1/2" NPT,24 VDC	Active	Distillery Spares	\N	0.00	0.00	72	1	\N
5016	23186	LEVEL TRANSMITTER, RANGE-0 TO 10000MMWC,TYPE-REMOTE SEAL,TUBE LENGTH-6 MTR,FLANGE 80NB X 150 #	Active	Distillery Spares	\N	0.00	0.00	72	1	\N
5017	23187	LEVEL TRANSMITTER, RANGE-0 TO 7000MMWC,TYPE-REMOTE SEAL,TUBE LENGTH-6 MTR,FLANGE 50NB X 100 #	Active	Distillery Spares	\N	0.00	0.00	72	1	\N
5018	23190	SOLENOID SWITCH 4ST-24-VOLT FOR 725 KVA DG ( PART NO-26933011A )	Active	Electric Store	\n\n	0.00	0.00	115	1	\N
5019	23191	OIL SEAL 30 X 62 X 7	Active	Engineering Store	\n	0.00	0.00	224	1	\N
5020	23192	OIL SEAL 170 X 210 X 15MM	Active	Engineering Store	\N	0.00	0.00	224	1	\N
5021	23193	SODIUM IODIDE	Active	Manufacturing Store	\N	0.00	0.00	330	24	\N
5022	23194	SODIUM AZIDE	Active	Manufacturing Store	\N	0.00	0.00	330	24	\N
5023	23195	UNDER VOLTAGE COIL FOR SIEMENS AIR CIRCUIT BRAKER 2500 AMPS 3WL,VOLTAGE-208-240 VAC 50HZ	Active	Electric Store	\N	0.00	0.00	107	1	\N
5024	23196	COPPER FLEXIBLE BUS BAR 500 X 150 X 15MM THK FOR PHASE SUITABLE FOR ALUMINIUM BUS CONNECTION (DGR-JSL/ELE/507)	Active	Electric Store	\N	0.00	0.00	116	1	\N
5025	23197	COPPER FLEXIBLE BUS BAR 500 X 150 X 10MM THK FOR NEUTRAL SUITABLE FOR ALUMINIUM BUS CONNECTION (DGR-JSL/ELE/505)	Active	Electric Store	\N	0.00	0.00	116	1	\N
5026	23198	ROTOR JOURNAL BEAING END 2.2 MW TRIVENI TURBINE	Active	Engineering Store	S.NO-TST-1030-HB-080\n	0.00	0.00	347	1	\N
5027	23199	ROTOR JOURNAL BEAING EXHUST END 2.2 MW TRIVENI TURBINE	Active	Engineering Store	S.NO-TST-1030-HB-080\n	0.00	0.00	347	1	\N
5028	23200	THRUST PAD ACTIVE 2.2 MW TRIVENI TURBINE	Active	Engineering Store	S.NO-TST-1030-HB-080	0.00	0.00	347	1	\N
5029	23201	THRUST OIL SEAL BEARING 2.2 MW TRIVENI TURBINE	Active	Engineering Store	S.NO-TST-1030-HB-080	0.00	0.00	347	1	\N
5030	23202	THRUST PAD NON ACTIVE FOR 2.2 MW TRIVENI TURBINE	Active	Engineering Store	S.NO-TST-1030-HB-080\n	0.00	0.00	347	1	\N
5031	23203	OIL INLET FITTING 2.2 MW TRIVENI TURBINE	Active	Engineering Store	S.NO-TST-1030-HB-080\n	0.00	0.00	347	1	\N
5032	23204	OIL SEAL LYBRINTH STEAM END 2.2 MW TRIVENI TURBINE	Active	Engineering Store	S.NO-TST-1030-HB-080\n	0.00	0.00	347	1	\N
5033	23205	OIL SEAL LYBRINTH STEAM EXHAUST END 2.2 MW TRIVENI TURBINE	Active	Engineering Store	S.NO-TST-1030-HB-080\n	0.00	0.00	347	1	\N
5034	23206	LEAF SPRING FOR OIL SEAL PACKING 2.2 MW TRIVENI TURBINE	Active	Engineering Store	S.NO-TST-1030-HB-080	0.00	0.00	347	1	\N
5035	23207	CONTROL OIL FILTER ELEMENT 2.2 MW TRIVENI TURBINE	Active	Engineering Store	S.NO-TST-1030-HB-080\n	0.00	0.00	347	1	\N
5036	23208	LUBE OIL FILTER ELEMENT 2.2 MW TRIVENI TURBINE	Active	Engineering Store	S.NO-TST-1030-HB-080\n	0.00	0.00	347	1	\N
5037	23209	CONTROL OIL FILTER ELEMENT 2.4 MW TRIVENI TURBINE	Active	Engineering Store	S.NO-TSL-1025-HB-067 (TURBINE NO-TB0740044/C-3652)	0.00	0.00	347	1	\N
5038	23210	LUBE OIL FILTER ELEMENT 2.4 MW TRIVENI TURBINE	Active	Engineering Store	S.NO-TSL-1025-HB-067 (TURBINE NO-TB0740044/C-3652)\n	0.00	0.00	347	1	\N
5039	23211	COOLER TUBE BUNDLE FOR ESKAY HEAT EXCHANGER,TYPE-ST-BEW,CAP-1000 LPM	Active	Engineering Store	SIZE-020116162,DESING PRESSURE-SHELL SIDE 7-KGCM2 @ 100 DGE CEL,TUBE SIDE 6KG/CM@ 100 DGE CEL,TUBE SIZE-12MM,NO OF TUBES 360 X 4110MM LENGTHS,MOC-SS	0.00	0.00	148	14	\N
5040	23228	SS HOSE CLAMP 2.5"	Active	Engineering Store	GRADE- STAINLESS STEEL SS 304	0.00	0.00	219	1	\N
5041	23229	SS  HOSE CLAMP 4"	Active	Engineering Store	GRADE- STAINLESS STEEL SS 304	0.00	0.00	219	1	\N
5042	23230	U ADJUSTABLE BOLT CLAMP 1 1/2"	Active	Engineering Store	GRADE STAINLESS STEEL SS 304	0.00	0.00	219	1	\N
5043	23232	ROUTER LOAD BALANCE BROADBAND BUSINESS ROUTER WITH UP TO 4 WAN PORTS,PPPOE SERVER,ADVANCED QOS & STRONG FIREWALL,MODEL-BOO19MGNUY	Active	Consumer store	\N	0.00	0.00	228	1	\N
5044	23233	BUS PASS ID CARD	Active	Engineering Store	\n	0.00	0.00	186	1	\N
5045	23234	ROCKER ARM FOR 145 KW DC MOTOR ,FRAME-ILFC-315L	Active	Electric Store	\n\n	0.00	0.00	110	1	\N
5046	23235	DIAPHRAGM 100MM DIA X 0.4MM THK FOR TRANSFORMER EXPOSURE VENT, DRG-JSL/MH/507	Active	Electric Store	\n	0.00	0.00	86	1	\N
5047	23236	O RING FOR OIL INLET FITTING ,2.2 MW TRIVENI TURBINE	Active	Engineering Store	S NO-TST-1030-HB-080\n	0.00	0.00	347	1	\N
5048	23237	HIGH FREQUENCY PROBE FOR THICKNESS GAUGE MACHINE OF LOW DIAMETER PIPES & LOW THICKNESS	Active	Engineering Store	FREQUENCY-10 MHZ ,CRYSTAL SIZE DIA-5.0MM	0.00	0.00	309	1	\N
5049	23238	HIGH FREQUENCY PROBE FOR THICKNESS GAUGE MACHINE OF HIGHLY ATTENUATIVE (ABSORBANT) MATERLAS LIKE CASTING,PLASTIC ETC DIAMETER PIPES & LOW THICKNESS	Active	Engineering Store	FREQUENCY-2 MHZ,CRYSTAL SIZE 20MM DIA	0.00	0.00	309	1	\N
5050	23242	LEAF SPRINGS FOR INTER STAGE LABY PACKING ,2.2 MW TRIVENI TURBINE	Active	Engineering Store	S NO-TST-1030-HB-080\n	0.00	0.00	347	14	\N
5051	23243	PACKING INTERSTAGE PACKING OFFSET FOR 2.2MW TRIVENI TURBINE	Active	Engineering Store	S NO-TST-1030-HB-080\n	0.00	0.00	347	1	\N
5052	23244	O RING 40-3 N-M409 FOR 2.2 MW TRIVENI TURBINE	Active	Engineering Store	S NO-TST-1030-HB-080\n	0.00	0.00	347	14	\N
5053	23245	LEAF SPRING FOR S/E AND E/E PACKING , 2.2MW TRIVENI TURBINE	Active	Engineering Store	S NO-TST-1030-HB-080\n	0.00	0.00	347	1	\N
5054	23246	O RING AND SEAL-6MM OD X 4MM ID X 1MM DIA EAV FOR 2.2 MW TRIVENI TURBINE	Active	Engineering Store	S NO-TST-1030-HB-080\n\n	0.00	0.00	347	1	\N
5055	23247	BEARING 51215	Active	Engineering Store	\n	0.00	0.00	41	1	\N
5056	23249	BEARING SLEEVE HE 211	Active	Engineering Store	\n	0.00	0.00	44	1	\N
5057	23250	SS BUSH 30 X 34 X 84MM	Active	Engineering Store	\N	0.00	0.00	68	1	\N
5058	23251	IMPELLER TMH 26 N,CI	Active	Engineering Store	\N	0.00	0.00	269	1	\N
5059	23253	OIL SEAL 60 X 75 X 8	Active	Engineering Store	\N	0.00	0.00	224	1	\N
5060	23255	OIL SEAL 12 X 22 X 7	Active	Engineering Store	\N	0.00	0.00	224	1	\N
5061	23258	STAR SCREW 3/4" (CSK HEAD 8/19 SDS)	Active	Building Store	\n	0.00	0.00	49	16	\N
5062	23259	ALUMINIUM SQUARE TUBE,DOUBLE GROVE-2 1/2" X 1 1/2"	Active	Building Store	\N	0.00	0.00	49	4	\N
5063	23260	PLY WOOD 12MM X 3 FEET X 8 FEET,WATER PROOF	Active	Consumer store	25-KG WEIGHT	0.00	0.00	137	1	\N
5064	23261	PLY WOOD CUTTING MACHINE	Active	Building Store	\n	0.00	0.00	49	1	\N
5065	23265	SMPS FOR WEIGHING SCALE DIGITAL TABLE TOP 20-KG CAP,MODEL-PS12	Active	Engineering Store	\N	0.00	0.00	234	1	\N
5066	23266	RTD WITH THERMOWELL 250MM LENGTH X 8MM X 1/2" MALE CONNECTOR,TYPE:DUPLEX	Active	Distillery Spares	\N	0.00	0.00	72	1	\N
5067	23268	ROTARK POSITIONER  4 TO 20MA  FEEDBACK ,TYPE: LINEAR	Active	Engineering Store	\N	0.00	0.00	323	1	\N
5068	23269	ELECTRO PNEUMATIC PANEL ASSEMBLY FOR MASTER VESSEL WITH EQUIPMENT,CONTROL VOLTAGE-24 VDC FOR ASH HANDLING SYSTEM	Active	Distillery Spares	MECGALE-MAKE\n	0.00	0.00	72	1	\N
5069	23270	PANEL CASING FOR MASTER VESSEL WITHOUT EWUIPMENT FOR ASH HANDLING SYSTEM	Active	Distillery Spares	\n	0.00	0.00	72	1	\N
5070	23272	BRASS CONNECTOR 1/2" M X 3/8" F	Active	Engineering Store	\n	0.00	0.00	310	1	\N
5071	23273	BRASS UNION CONNECTOR 6MM	Active	Engineering Store	\n	0.00	0.00	310	1	\N
5072	23274	BRASS ELBOW 1/4"  X 6MM MALE	Active	Engineering Store	\n	0.00	0.00	206	1	\N
5073	23275	BRASS CONNECTOR STRAIGHT 1/4" X 1/4" MALE	Active	Engineering Store	\n	0.00	0.00	310	1	\N
5074	23276	BRASS CONNECTOR STRAIGHT 1/2" X 6MM MALE	Active	Engineering Store	\n	0.00	0.00	310	1	\N
5075	23277	BRASS CONNECTOR 1/2" M X 1/2" F	Active	Engineering Store	\n	0.00	0.00	310	1	\N
5076	23278	DATA SHEET  BOOK FOR TANDEM B	Active	Consumer store	200-PAGES	0.00	0.00	227	9	\N
5077	23279	BIOCIDE DOSING RECORD LOG BOOK FOR TENDUM, A & B	Active	Consumer store	200-PAGES ( JSL/FSD/RF/LAB/06/R00 )\n	0.00	0.00	227	9	\N
5078	23280	WEEKLY RECORD OF PROCESS CHEMICAL STOCK & BALANCE  BOOK	Active	Consumer store	200-PAGES	0.00	0.00	227	9	\N
5079	23281	MECHANICAL SEAL MODEL-OK 1.5 X 1.6 FOR MICROFINISH PUMP ( SINGLE )	Active	Distillery Spares	\nS NO-45756\n	0.00	0.00	70	1	\N
5080	23282	MS BOLT & NUT 20 X 125MM,FULL THREAD	Active	Engineering Store	\N	0.00	0.00	54	3	\N
5081	23283	MS BOLT & NUT 20 X 200MM,FULL  THREAD	Active	Engineering Store	\N	0.00	0.00	54	3	\N
5082	23284	V BELT XPA-1232	Active	Engineering Store	\N	0.00	0.00	243	1	\N
5083	23285	V BELT AX-47	Active	Engineering Store	\N	0.00	0.00	243	1	\N
5084	23286	OIL SEAL 60 X 95 X 8MM	Active	Engineering Store	\N	0.00	0.00	224	1	\N
5085	23287	WORM WHEEL WITH SHAFT V-700,RATION:2/39 FOR GREAVES MAKE GEAR BOX	Active	Engineering Store	\n	0.00	0.00	244	1	\N
5086	23288	WORM SHAFT TYPE:V-700,RATIO:2/39 FOR GREAVES MAKE GEAR BOX	Active	Engineering Store	\n	0.00	0.00	244	1	\N
5087	23290	BEARING 22212 E1 XL	Active	Engineering Store	\N	0.00	0.00	38	1	\N
5088	23291	IMPELLER  H14H, FOR 10HP MOTOR MONOBLOCK PUMP,C I	Active	Engineering Store	\N	0.00	0.00	269	1	\N
5089	23293	SIGHT GLASS 200MM DIA X 12MM THK	Active	Engineering Store	TOIGHEND GLASS ( AS PER BRAWING - JSL/BH/507 )\n	0.00	0.00	123	1	\N
5090	23294	STAINER FOR SAC,SBA & MB 120MM LENGTH WITH CHECK NUT	Active	Manufacturing Store	AS PER SPECIMAN	0.00	0.00	334	1	\N
5091	23295	STAINER FOR SAC,SBA & MB 880MM LENGTH WITH CHECK NUT	Active	Manufacturing Store	AS PER SPECIMAN	0.00	0.00	334	1	\N
5092	23296	DOWEL PIN FOR LP DOSING PUMP, MODEL-PL1011,CAP 10-LPH,PRESSURE-10KG/CM2	Active	Engineering Store	MAKE--POSITIVE METERING PUMPS LTD, S.NO-082022174\n	0.00	0.00	170	14	\N
5093	23297	SPIDER FOR COUPLING OF  LP DOSING PUMP, MODEL-PL1011,CAP 10-LPH,PRESSURE-10KG/CM2	Active	Engineering Store	MAKE--POSITIVE METERING PUMPS LTD, S.NO-082022174\n	0.00	0.00	170	1	\N
5094	23298	NRV SET (SEAT,CAGE,BALL) FOR LP DOSING PUMP, MODEL-PL1011,CAP 10-LPH,PRESSURE-10KG/CM2	Active	Engineering Store	\N	0.00	0.00	170	14	\N
5095	23299	NRV SEALING RING FOR LP DOSING PUMP, MODEL-PL1011,CAP 10-LPH,PRESSURE-10KG/CM2	Active	Engineering Store	\N	0.00	0.00	170	14	\N
5145	23369	LAMP INDICATION 3PH SUPPLY FOR K-60 KCP BFP=1 K-60F 10A,WD-1687Z00TGA.SNO-1C35230104	Active	Engineering Store	\N	0.00	0.00	342	1	\N
5096	23300	GUIDE PIN FOR HP DOSING PUMP,MODEL-PL 3530,CAP-10 LPH,PRESSURE,P-130-KG/CM2	Active	Engineering Store	IR NO-CDS 861/2 (S.NO-082022175)	0.00	0.00	170	1	\N
5097	23301	SLIDER FOR HP DOSING PUMP,MODEL-PL 3530,CAP-10 LPH,PRESSURE,P-130-KG/CM2	Active	Engineering Store	IR NO-CDS 861/2 (S.NO-082022175)\n	0.00	0.00	170	1	\N
5098	23302	ECCENTRIC FOR HP DOSING PUMP,MODEL-PL 3530,CAP-10 LPH,PRESSURE,P-130-KG/CM2	Active	Engineering Store	IR NO-CDS 861/2 (S.NO-082022175)\n	0.00	0.00	170	1	\N
5099	23303	ECCENTRIC STRAP FOR HP DOSING PUMP,MODEL-PL 3530,CAP-10 LPH,PRESSURE,P-130-KG/CM2	Active	Engineering Store	IR NO-CDS 861/2 (S.NO-082022175)\n	0.00	0.00	170	1	\N
5100	23304	CROSS HEAD FOR HP DOSING PUMP,MODEL-PL 3530,CAP-10 LPH,PRESSURE,P-130-KG/CM2	Active	Engineering Store	IR NO-CDS 861/2 (S.NO-082022175)\n	0.00	0.00	170	1	\N
5101	23305	DOWEL PIN FOR HP DOSING PUMP,MODEL-PL 3530,CAP-10 LPH,PRESSURE,P-130-KG/CM2	Active	Engineering Store	IR NO-CDS 861/2 (S.NO-082022175)\n	0.00	0.00	170	14	\N
5102	23306	SPIDER FOR COUPLING OF HP DOSING PUMP,MODEL-PL 3530,CAP-10 LPH,PRESSURE,P-130-KG/CM2	Active	Engineering Store	IR NO-CDS 861/2 (S.NO-082022175)\n	0.00	0.00	170	1	\N
5103	23307	NRV SET (SEAT,CAGE,BALL) FOR HP DOSING PUMP,MODEL-PL 3530,CAP-10 LPH,PRESSURE,P-130-KG/CM2	Active	Engineering Store	IR NO-CDS 861/2 (S.NO-082022175)\n	0.00	0.00	170	14	\N
5104	23308	PLUNGER RING FOR HP DOSING PUMP,MODEL-PL 3530,CAP-10 LPH,PRESSURE,P-130-KG/CM2	Active	Engineering Store	IR NO-CDS 861/2 (S.NO-082022175)\n	0.00	0.00	170	1	\N
5105	23309	WORM SHAFT TYPE-U 1200,RATIO:25:1 FOR KICKER GEAR BOX	Active	Engineering Store	\N	0.00	0.00	244	1	\N
5106	23310	LED TUBE LIGHT  20/22 WATTS  WITH 4 FEET TUBE	Active	Electric Store	\n\n	0.00	0.00	79	1	\N
5107	23311	DRILL BIT CONCRETE 14MM X 250MM LONG,POINTED	Active	Engineering Store	\n	0.00	0.00	263	1	\N
5108	23312	BEARING 23032 CC /C3 W33 (PLAIN BORE)	Active	Engineering Store	\N	0.00	0.00	38	1	\N
5109	23313	SS BOLT & NUT 10 X 225MM,FULL THREAD	Active	Engineering Store	\N	0.00	0.00	63	1	\N
5110	23316	IMPELLER SS MODEL-2/12 FOR HIGH PRESSURE PUMP,DRINKING R O	Active	Engineering Store	\n\n	0.00	0.00	269	1	\N
5111	23317	SHAFT SS MODEL-2/12 FOR HIGH PRESSURE PUMP ,DRINKING R O	Active	Engineering Store	\n	0.00	0.00	271	1	\N
5112	23318	CARBON STEEL ELECTRODES 7018,SIZE:3.15MM	Active	Engineering Store	\n	0.00	0.00	257	3	\N
5113	23319	CURRENT TRANSFORMER MODEL-ASEO1464797, SUITABLE FOR 1000AMPS SIEMENS ACB -3WT81210AA030RB8	Active	Electric Store	\N	0.00	0.00	111	1	\N
5114	23320	SIEMENS RELAY MODEL-3TU37WT SUTABLE FOR SIEMENS 3WT ACB (MICROPROCESS BASED)	Active	Electric Store	\n	0.00	0.00	105	1	\N
5115	23321	CLOSING COIL / TRIPING COIL, MODEL-3WT9851-1JK00, COIL VALTAGE-220-250DC/220-240VAC	Active	Electric Store	\n	0.00	0.00	119	1	\N
5116	23322	DUE POINT INDICATOR FOR AIR DRIER CAP-200 CFM	Active	Engineering Store	\N	0.00	0.00	162	1	\N
5117	23323	FAN MOTOR 34 WATT FOR AIR DRIER CAP-200 CFM	Active	Engineering Store	\N	0.00	0.00	162	1	\N
5118	23324	GAS SEALED TINS 134 A FOR AIR DRIER CAP-200 CFM	Active	Engineering Store	\N	0.00	0.00	162	1	\N
5119	23325	OIL SEAL 120 X 150 X 15MM (SPLIT TYPE)	Active	Engineering Store	\N	0.00	0.00	224	1	\N
5120	23328	A PVC NIPPLE 1 1/2" (MALE)	Active	Engineering Store	\N	0.00	0.00	218	1	\N
5121	23329	A PVC NIPPLE 1" (FEMALE)	Active	Engineering Store	\N	0.00	0.00	218	1	\N
5124	23333	AIR FILTER FOR WALCHAND NAGAR GEAR BOX PU3-36/58,RATIO:1000:4.5 RPM	Active	Engineering Store	S.NO-114/119/2849	0.00	0.00	241	1	\N
5125	23335	OIL SEAL 32 X 47 X 10MM	Active	Engineering Store	\N	0.00	0.00	224	1	\N
5126	23336	OIL SEAL 50 X 75 X 10MM	Active	Engineering Store	\n	0.00	0.00	224	1	\N
5127	23337	OIL SEAL 58 X 85 X 10MM	Active	Engineering Store	\n	0.00	0.00	224	1	\N
5128	23342	PP FILTER BAG 5 MICRON,BAG SIZE- DIA 7" X 32 H	Active	Manufacturing Store	POLYPROPELENE BAG FILTER BOTTOM & SIDE WELDED,TOP PP COLLER,BAG RATING 5 MICTRON,OPERATING TEMP-85 TO 90 DEG CELSIUS	0.00	0.00	327	1	\N
5129	23343	HAND WEEL REAINER FOR K-150 FOR ISGEC BPP-1,TYPE-K150F 10A,WD-1697Z004GZ.S.NO-2877210202	Active	Engineering Store	\N	0.00	0.00	342	1	\N
5130	23344	SEAL KIT (O RING AND OIL SEAL)  FOR K-150 OF ISGEC BPP-1,TYPE-K150F 10A,WD-1697Z004GZ.S.NO-2877210202	Active	Engineering Store	\N	0.00	0.00	342	1	\N
5131	23345	LIMIT SWITCH 2 NO+2NC FOR K-150 OF ISGEC BPP-1,TYPE-K150F 10A,WD-1697Z004GZ.S.NO-2877210202	Active	Engineering Store	\N	0.00	0.00	342	1	\N
5132	23346	LAMP INDICATION FOR 3 PH SUPPLY FOR K-150 OF ISGEC BPP-1,TYPE-K150F 10A,WD-1697Z004GZ.S.NO-2877210202	Active	Engineering Store	\N	0.00	0.00	342	1	\N
5133	23347	TORQUE SWITCH 2NO+2NC FOR K-150 OF ISGEC BPP-1,TYPE-K150F 10A,WD-1697Z004GZ.S.NO-2877210202	Active	Engineering Store	\N	0.00	0.00	342	1	\N
5134	23348	HAND WHEEL RETAINER FOR K-300 OF PRD MOV,TYPE-K-300F 14A,WD-1697Z004GZ.S,NO-2B77120101	Active	Engineering Store	\N	0.00	0.00	342	1	\N
5135	23349	SEAL KIT ( ORING & OIL SEAL) FOR K-300 OF PRD MOV,TYPE-K-300F 14A,WD-1697Z004GZ.S,NO-2B77120101	Active	Engineering Store	\N	0.00	0.00	342	1	\N
5136	23350	TORQUE SWITCH 2NO+2NC FOR K-300 OF PRD MOV,TYPE-K-300F 14A,WD-1697Z004GZ.S,NO-2B77120101	Active	Engineering Store	\N	0.00	0.00	342	1	\N
5137	23351	LAMP INDICATION FOR 3PH SUPPLY FOR K-300 OF PRD MOV,TYPE-K-300F 14A,WD-1697Z004GZ.S,NO-2B77120101	Active	Engineering Store	\N	0.00	0.00	342	1	\N
5138	23362	HAND WHEEL RETAINER FOR K-30 KCP BOILER SOOT BLOWER MOV,K-30F 10A,WD-1687Z60TGA	Active	Engineering Store	\N	0.00	0.00	342	1	\N
5139	23363	SEAL KIT (O RING OIL SEAL) FOR K-30 KCP BOILER SOOT BLOWER MOV,K-30F 10A,WD-1687Z60TGA	Active	Engineering Store	\N	0.00	0.00	342	1	\N
5140	23364	TORQUE SWITCH 2NO+2NC FOR K-30 KCP BOILER SOOT BLOWER MOV,K-30F 10A,WD-1687Z60TGA	Active	Engineering Store	\N	0.00	0.00	342	1	\N
5141	23365	LAMP INDICATION3PH SUPPLY FOR K-30 KCP BOILER SOOT BLOWER MOV,K-30F 10A,WD-1687Z60TGA	Active	Engineering Store	\N	0.00	0.00	342	1	\N
5142	23366	HAND WHEEL RETAINER FOR K-60 KCP BFP=1 K-60F 10A,WD-1687Z00TGA.SNO-1C35230104	Active	Engineering Store	\N	0.00	0.00	342	1	\N
5143	23367	SEAL KIT ( ORING & OIL SEAL) FOR K-60 KCP BFP=1 K-60F 10A,WD-1687Z00TGA.SNO-1C35230104	Active	Engineering Store	\N	0.00	0.00	342	1	\N
5144	23368	TORQUE SWITCH 2NO+2NC FOR K-60 KCP BFP=1 K-60F 10A,WD-1687Z00TGA.SNO-1C35230104	Active	Engineering Store	\N	0.00	0.00	342	1	\N
5146	23370	LUBRICATION FOR ALL MOV	Active	Engineering Store	\N	0.00	0.00	342	10	\N
5147	23371	LSD SHAFT ASSEMBLY FOR K-30	Active	Engineering Store	\N	0.00	0.00	342	1	\N
5148	23373	CENTER COLUMN FOR K-30	Active	Engineering Store	\N	0.00	0.00	342	1	\N
5149	23375	HAND AUTO ASSEMBLY FOR K-30	Active	Engineering Store	\N	0.00	0.00	342	1	\N
5150	23376	BEARING SET FOR K-30	Active	Engineering Store	\N	0.00	0.00	342	1	\N
5151	23386	LSD SHAFT ASSEMBLY FOR K-150	Active	Engineering Store	\N	0.00	0.00	342	1	\N
5152	23387	YOCK ASSEMBLY & CLUTCH RING FOR K-150	Active	Engineering Store	\N	0.00	0.00	342	1	\N
5153	23388	CENTER COLUMN FOR K-150	Active	Engineering Store	\N	0.00	0.00	342	1	\N
5154	23389	WORM SHAFT & WORM WHEEL FOR K-150	Active	Engineering Store	\N	0.00	0.00	342	1	\N
5155	23390	BEARING SER FOR K-150	Active	Engineering Store	\N	0.00	0.00	342	1	\N
5156	23391	MAIN PCB( MKV) FOR K-150	Active	Engineering Store	\N	0.00	0.00	342	1	\N
5157	23393	LSD SHAFT ASSEMBLY FOR K-300	Active	Engineering Store	\N	0.00	0.00	342	1	\N
5158	23394	YOCK ASSEMBLY & CLUTCH RING FOR K-300	Active	Engineering Store	\N	0.00	0.00	342	1	\N
5159	23395	CENTER COLUMN FOR K-300	Active	Engineering Store	\N	0.00	0.00	342	1	\N
5160	23396	WORM SHAFT & WORM WHEEL FOR K-300	Active	Engineering Store	\N	0.00	0.00	342	1	\N
5161	23397	HAND AUTO ASSEMBLY FOR K-300	Active	Engineering Store	\N	0.00	0.00	342	1	\N
5162	23398	BEARING SET FOR K-300	Active	Engineering Store	\N	0.00	0.00	342	1	\N
5163	23400	LOOMS ASSEMBLY WD-1687Z00 TGZ FOR K-300	Active	Engineering Store	\N	0.00	0.00	342	1	\N
5164	23401	PLANETARY GEAR BOX,MODEL-4415,RATIO:473.75 (REPAIRED)	Active	Engineering Store	\N	0.00	0.00	175	1	\N
5165	23402	PLANETARY GEAR BOX,MODEL-1240,RATIO:10 (REPAIRED)	Active	Engineering Store	\N	0.00	0.00	130	1	\N
5166	23403	BIO CATALYST ECO-CAT	Active	Manufacturing Store	\N	0.00	0.00	334	10	\N
5167	23409	END PLATE WITH RUBBER GASKET,TYPE-M15-MFM, S NO-30117-70-302	Active	Distillery Spares	MAKE-ALFA LAVAL\n	0.00	0.00	71	1	\N
5168	23410	END PLATE WITH RUBBER GASKET,TYPE-AK20-FG,S NO-30125-73331	Active	Distillery Spares	MAKE-ALFA LAVAL\n	0.00	0.00	71	1	\N
5169	23411	SHAFT WITH LOCKNUT SS ,MODEL-CCR100-315R4AMD2L6 FOR-JOHNSON PUMP	Active	Engineering Store	S NO-B311032007\n	0.00	0.00	271	1	\N
5170	23412	GASKET ( HEAT EXCHANGER ) TYPE-M6-MFG,S NO-30125-73338	Active	Distillery Spares	MAKE-ALFA LAVAL\n	0.00	0.00	71	1	\N
5171	23413	GASKET ( HEAT EXCHANGER ) TYPE-T20-MFM, S NO-30137-74738	Active	Distillery Spares	MAKE-ALFA LAVAL\n	0.00	0.00	71	1	\N
5172	23414	GASKET ( HEAT EXCHANGER ) TYPE-M6-MFM, S NO-30125-73325	Active	Distillery Spares	MAKE-ALFA LAVAL\n	0.00	0.00	71	1	\N
5173	23415	IMPELLER SS CCR100-315R4AMD2L6 FOR-JOHNSON PUMP	Active	Engineering Store	S NO-B311032007\n	0.00	0.00	269	1	\N
5174	23416	ALUMINIUM FRONT COVER FOR IRIS VALVE CYLINDER	Active	Engineering Store	\N	0.00	0.00	125	1	\N
5264	23557	AIR FILTER FOR MILL LUBRICATION	Active	Engineering Store	\N	0.00	0.00	179	1	\N
5175	23417	CIRCLIP MODEL-CCR100-315R4AMD2L6 FOR JOHNSON PUMP	Active	Distillery Spares	S NO-B311032007\n	0.00	0.00	70	1	\N
5176	23418	LOCK WASHER MODEL-CCR100-315R4AMD2L6 FOR JOHNSON PUMP	Active	Distillery Spares	S NO-B311032007\n	0.00	0.00	70	1	\N
5177	23419	CIRCLIP MODEL-CCR-150-250R4AMD2L6 JOHNSON PUMP	Active	Distillery Spares	\n	0.00	0.00	70	1	\N
5178	23420	LOCK WASHER MODEL-CCR-150-250R4AMD2L6 JOHNSON PUMP	Active	Distillery Spares	\n	0.00	0.00	70	1	\N
5179	23421	LOCK NUTFOR-JOHNSON PUMP,MODEL-CCR-150-250R4AMD2L6	Active	Distillery Spares	\n	0.00	0.00	70	1	\N
5180	23422	LOCK NUT FOR MIRCRFINISH PUMP MODEL OK.1.5 X 1-5	Active	Distillery Spares	\n	0.00	0.00	70	1	\N
5181	23423	CIRCLIP  FOR MIRCRFINISH PUMP MODEL OK.1.5 X 1-5	Active	Distillery Spares	\n	0.00	0.00	70	1	\N
5182	23424	LOCK NUT FOR MODEL 1.5 X 1-5 F MICROFINISH PUMP	Active	Distillery Spares	\n	0.00	0.00	70	1	\N
5183	23425	LOCK WASHER FOR MODEL 1.5 X 1-5 MICROFINISH PUMP	Active	Distillery Spares	\n	0.00	0.00	70	1	\N
5184	23426	CIRCLIP FOR MODEL OK.1.5 X 1-5  MICROFINISH PUMP,	Active	Distillery Spares	\n	0.00	0.00	70	1	\N
5185	23427	LOCK NUT FOR MICROFINISH PUMP,MODEL OK.1K.1.5 X 1-5	Active	Distillery Spares	\n	0.00	0.00	70	1	\N
5186	23428	LOCK WASHER FOR-MICROFINISH PUMP,MODEL-1K.1.5 X 1-5	Active	Distillery Spares	\n	0.00	0.00	70	1	\N
5187	23429	CIRCLIP FOR-MICROFINISH PUMP,MODEL-1K.1.5 X 1-5	Active	Distillery Spares	\n	0.00	0.00	70	1	\N
5188	23430	SEAL COVER FOR-MICROFINISH PUMP,MODEL-2K.6 X 4-13A/OP	Active	Distillery Spares	\n	0.00	0.00	70	1	\N
5189	23431	LOCK WASHER FOR MIRCRFINISH PUMP MODEL OK.1.5 X 1-5	Active	Distillery Spares	\n	0.00	0.00	70	1	\N
5190	23432	IMPELLER SS FOR JOHNSON PUMP MODEL-CCR-150-250 R4A M02L6	Active	Distillery Spares	\N	0.00	0.00	70	1	\N
5191	23435	BAG FILTER ASSEMBLY SIZE-7" X 32" FOR HOT WATER FILTERATION,SINGLE ELEMENT	Active	Engineering Store	MOC-SS 304,RATING 5-MICRON, DIFF PRESSURE-1KG/CM2,WORKING TEMP-90-95 DEG CEL	0.00	0.00	122	14	\N
5192	23442	SS TUBE 38.10MM OD X 1.62MM THK X 9-MTR LONG	Active	Engineering Store	MOC-SA249TP304,TYPE-ERW	0.00	0.00	123	1	\N
5193	23443	SS TEE 6" GRADE-304	Active	Engineering Store	SCH-20\n	0.00	0.00	207	1	\N
5194	23444	ALARAM ANNUNICIATOR FOR-CP COMPRESSOR,TYPE-2002/SS.205,8 WINDOWS,SUPPLY-230V,POWER-4VA	Active	Electric Store	MAKE-INSTALARM INSTRUMENTS PVT,WIDTH-13.5CM,LENGTH-15.8CM,HEIGHT-13.4CM, SL NO-598901\n	0.00	0.00	79	1	\N
5195	23448	LH BONNET FOR BEER HEATER,TYPE-SA240,GRADE-304	Active	Distillery Spares	\N	0.00	0.00	71	1	\N
5196	23449	RH BONNET FOR BEER HEATER,TYPE-SA240,GRADE-304	Active	Distillery Spares	\N	0.00	0.00	71	1	\N
5197	23450	DISPLAY UNIT OF AIR COMPRESSOR INGERSOLL RAND (REPAIR)	Active	Engineering Store	\N	0.00	0.00	311	1	\N
5198	23452	ROTAMETER,MODEL-PCL-92-V-65NM,RANGE-12 TO 65M3/H	Active	Distillery Spares	2 1/2	0.00	0.00	72	1	\N
5199	23453	ROTAMETER,MODEL-PCL-90-V-65NM,RANGE-5 TO 25M3/H	Active	Distillery Spares	\N	0.00	0.00	72	1	\N
5200	23454	ROTAMETER,MODEL-PCL-80-V-50NM,RANGE-1.6 TO 16M3/H	Active	Distillery Spares	\N	0.00	0.00	72	1	\N
5201	23455	ROTAMETER,MODEL-PCL-91-V-65NM,RANGE-8 TO 40M3/H	Active	Distillery Spares	\N	0.00	0.00	72	1	\N
5202	23456	ROTAMETER,MODEL-PCL-50-V-25BM,RANGE-0.4 TO .4M3/H	Active	Distillery Spares	\N	0.00	0.00	72	1	\N
5203	23459	BATTERY MODEL-S9548FA,ITEMS-AFV 30 D FCS FOR DCS	Active	Electric Store	\N	0.00	0.00	80	1	\N
5206	23465	1ST STAGE DOUBLE ENDED SUN PINION FOR TOP GEAR BOX,MODEL-2515,RATIO-37.95	Active	Engineering Store	S.NO-09081342	0.00	0.00	241	1	\N
5207	23466	A PVC BRASS ADAPTOR 1" X 1" ( FTA )	Active	Engineering Store	\N	0.00	0.00	206	1	\N
5208	23467	TURBINE VIBRATION AND TEMRATURE SCANNER,MODEL-VTMS2121	Active	Distillery Spares	CHANNELS-12 (RTD) VIBRATION-2 CHANNELS	0.00	0.00	72	1	\N
5209	23468	GEAR COUPLING LFG 110 WITH END CAP (FULL)	Active	Engineering Store	\N	0.00	0.00	240	14	\N
5210	23469	PVC DRIFT ELIMINATOR SET (900-NO) SIZE-3000MM X 400MM WITH MULTI SPACER (300-NO) FOR DRIFT ELIMINATOR	Active	Engineering Store	\N	0.00	0.00	164	14	\N
5211	23470	FALSE CEILING WITHOUT FRAME	Active	Engineering Store	\N	0.00	0.00	266	11	\N
5212	23473	SPIRAL WOUND GASKET 6 X 600 # SW INNER OUTER SS-304 /GRF/SS-304 IR/SS304	Active	Engineering Store	SIZE-266.7 X 209.6 X 174.8 X154.94 X 4.5 X 3.2MM)	0.00	0.00	197	1	\N
5213	23476	RIBBON CARTRIDGE FOR EPSON LQ-2090 II PRINTER	Active	Consumer store	\N	0.00	0.00	228	1	\N
5214	23477	FLEXIBLE HOSE PIPE 1/2 X 750	Active	Engineering Store	\N	0.00	0.00	185	1	\N
5215	23478	EQUAL TEE 1/2"	Active	Engineering Store	\N	0.00	0.00	185	1	\N
5216	23485	RUBBER CUSHION T-TYPE FOR UCW 226 COUPLING	Active	Engineering Store	1-SET CONTAIN 8-NO	0.00	0.00	339	14	\N
5217	23487	PLASTIC BUCKET 13 LITER CAPACITY	Active	Consumer store	\N	0.00	0.00	138	1	\N
5218	23488	SUBMERSIBLE MOTOR 10 HP/ 7.5  KW (REPAIRED)	Active	Electric Store	\N	0.00	0.00	114	1	\N
5219	23492	BHARAT BIJALI MOTOR 100 HP / 75 KW ,1485-RPM ( REPAIRED )	Active	Electric Store	\N	0.00	0.00	114	1	\N
5220	23493	TEXMO MONOBLOCK MOTOR HP-3  / KW-2.2, RPM-2900 (REPAIRED)	Active	Electric Store	\N	0.00	0.00	114	1	\N
5221	23495	INJECTION PUMP MATHER + PLANT MODEL-16/20,LONO T-30 MK-1 ( REPAIRED )	Active	Engineering Store	\n\n	0.00	0.00	297	1	\N
5222	23496	INJECTION PUMP MODEL-SMF-400 X 400,SINTECH-MAKE ( REPAIRED )	Active	Engineering Store	\n	0.00	0.00	297	1	\N
5223	23497	DETENTION VERTICAL SUPPORTS FOR WTP CLARIFIER	Active	Manufacturing Store	\n	0.00	0.00	334	14	\N
5224	23498	PVC CORRUGATED SHEET-SIZE-1.2 WIDTH X 3.2-MTR LENGTH FOR- WTP CLARIFIER	Active	Manufacturing Store	\n	0.00	0.00	334	1	\N
5225	23499	J HOOK AND FIXING BOLTS FOR PVC SHEET FOR WTP CLARIFIER	Active	Manufacturing Store	\n	0.00	0.00	334	14	\N
5205	23464	BAGASSE DRAG CHAIN KICKER FOR ISGEC BOILER (DGR-SSPSL/DIST-COGEN-23TPH)	Active	Engineering Store	NA	0.00	0.00	166	1	\N
5204	23463	SPROCKET 8 TEETH FOR ISGEC 23 TPH BOILER (DRG-JB0973-50220501-209-004)	Active	Engineering Store	NA	0.00	0.00	166	1	\N
5226	23500	COLLECTION PIPE HANGING RODS FOR WTP CLARIFIER	Active	Manufacturing Store	\n\n	0.00	0.00	334	1	\N
5227	23501	BOTTOM SHAFT SUPPORT GUIDE BEARING FOR WTP CLARIFIER	Active	Manufacturing Store	\n	0.00	0.00	334	1	\N
5228	23502	IMPELLER GUIDE BUSH FOR WTP CLARIFIER	Active	Manufacturing Store	3-NO X 1-SET\n	0.00	0.00	334	14	\N
5229	23503	IMPELLER DRIVE IDLER SPROCKET WITH SHAFT FOR WTP CLARIFIER	Active	Manufacturing Store	\n	0.00	0.00	334	1	\N
5230	23504	CHAIN FOR SCRAPER AND IMPELLER DRIVE FOR WTP CLARIFIER	Active	Manufacturing Store	3-NO X 1-SET\n	0.00	0.00	334	14	\N
5231	23506	PULLY SET  FOR AIR COMPRESSOR CPB  20-25	Active	Engineering Store	PART NO-9096947110	0.00	0.00	301	1	\N
5232	23507	FILTER KIT  FOR AIR COMPRESSOR CPB  20-25 ( PART NO-2258290115 )	Active	Engineering Store	SIZE-4G/S	0.00	0.00	301	1	\N
5233	23508	SERVICE KIT FOR AIR COMPRESSOR CPB -25-30,4000 HOURS	Active	Engineering Store	PARAT NO-9096940659\n	0.00	0.00	301	1	\N
5234	23510	FIRE EXTINGUISHER DCP 10-KG CAP (REFILLED)	Active	Consumer store	\N	0.00	0.00	233	1	\N
5235	23511	TERMINAL BLOCK,FRAME: ND-250M, 55/75 KW /HP	Active	Electric Store	\n	0.00	0.00	110	1	\N
5236	23512	TERMINAL BLOCK,FRAME: ND-225M, 45/60 KW /HP	Active	Electric Store	\n	0.00	0.00	110	1	\N
5237	23517	A PVC PIPE 1 1/2" (40MM)	Active	Engineering Store	\N	0.00	0.00	215	4	\N
5238	23518	A PVC ADAPTOR 1 1/2" (M T A)	Active	Engineering Store	\N	0.00	0.00	206	1	\N
5239	23519	A PVC END CAP 11/2"	Active	Engineering Store	\n	0.00	0.00	211	1	\N
5240	23521	RUBBER STATOR FOR 4" ROTO PUMP MODEL-RMC0612R5CE3N	Active	Distillery Spares	S NO-GH 20201	0.00	0.00	77	1	\N
5241	23522	BEARING 23028 CC/K W33	Active	Engineering Store	\n	0.00	0.00	38	1	\N
5242	23525	SHAFT SS ETN 200-150-315 GGC,HEAD-26 MTR,CAP-52M3	Active	Engineering Store	S.NO-9972838180/0400/01,MAKE KSB	0.00	0.00	271	1	\N
5243	23526	MAGMA PUMP  6" X 6" TYPE-150 RMG ( REPAIRED )	Active	Engineering Store	\n	0.00	0.00	297	1	\N
5244	23527	COOLING FAN FOR ACS 560 -01-169A-4 ABB MAKE VFD,MODEL-D1751P24B8PP346,VOLTAGE-24VDC,3.4 AMPS	Active	Electric Store	\N	0.00	0.00	110	1	\N
5245	23528	RAM DDR3 8 GB	Active	Consumer store	\n	0.00	0.00	228	1	\N
5246	23529	SCREW 2" FULL THREAD	Active	Building Store	\N	0.00	0.00	49	16	\N
5247	23530	MAIN OIL PUMP-ACW	Active	Engineering Store	TRIVENI MAKE TURBINE 2.2 MW,TYPE-BACK PRESSURE.SNO-TST-1030-HB-080\n	0.00	0.00	347	1	\N
5248	23531	COUPLING GR-HYDEX 38-4-ST-PB-A	Active	Engineering Store	TRIVENI MAKE TURBINE 2.2 MW,TYPE-BACK PRESSURE.SNO-TST-1030-HB-080\n	0.00	0.00	347	1	\N
5249	23532	PERMEAT PORT R.O (AS PER SPECIAMAN)	Active	Manufacturing Store	\N	0.00	0.00	334	1	\N
5250	23533	O RING FOR END CAP CONNECTOR OF BOTH SIDE EACH	Active	Manufacturing Store	\N	0.00	0.00	334	1	\N
5251	23534	O RING FOR END CAP PLATE INSIDE	Active	Manufacturing Store	\N	0.00	0.00	334	1	\N
5252	23535	MEMBRANCE SPACER 8" END CAP	Active	Manufacturing Store	\N	0.00	0.00	334	1	\N
5253	23538	DIAPHRAGM MODEL-38-41112,ACTUATOR SIZE-13"-6A2	Active	Distillery Spares	MAKE-MIL.S.NO-153937	0.00	0.00	72	1	\N
5254	23539	HYDRAULIC HOSE PIPE 1/2" X 3 MTR LONG, BOTH SIDE FEMALE CONNECTOR	Active	Distillery Spares	\N	0.00	0.00	72	1	\N
5255	23544	A PVC TANK NIPPLE 1/2"	Active	Engineering Store	\n	0.00	0.00	218	1	\N
5256	23545	FLY WHEEL 700MM DIA (REPAIRED)	Active	Engineering Store	\N	0.00	0.00	175	1	\N
5257	23547	JUICE HEATER HEADER 200M2 HSA	Active	Engineering Store	\N	0.00	0.00	123	1	\N
5258	23548	BEARING 32313 C3	Active	Engineering Store	\N	0.00	0.00	39	1	\N
5259	23550	ALUMINIUM WINDOW TWO TRACK	Active	Building Store	\N	0.00	0.00	49	11	\N
5260	23551	CENTER COLOUM WITH SHAFT,MODEL-K30 (REPAIRED)	Active	Engineering Store	\N	0.00	0.00	311	1	\N
5261	23552	RETROFITTING OF AC PANEL	Active	Electric Store	\N	0.00	0.00	103	14	\N
5262	23555	ALUMINIUM WINDOW THREE TRACK	Active	Building Store	\N	0.00	0.00	49	11	\N
5263	23556	GEAR LEVER ASSEMBLY FOR HYDRA	Active	Engineering Store	\N	0.00	0.00	252	1	\N
5265	23558	TEXMO MONOBLOCK MOTOR 12.5-HP/9.3-KW, RPM-2900 (REPAIRED)	Active	Electric Store	\n	0.00	0.00	114	1	\N
5266	23559	LHP MAKE MOTOR 25-HP/18.5-KW, RPM-2900 (REPAIRED)	Active	Electric Store	\n	0.00	0.00	114	1	\N
5267	23560	ALSTOM MAKE MOTOR 0.5-HP/0.37-KW, RPM-1390 (REPAIRED)	Active	Electric Store	\n	0.00	0.00	114	1	\N
5268	23561	HIGH TENSION SHEAR PIN 25 X 75MM FOR TRIVENI TURBINE	Active	Engineering Store	\n	0.00	0.00	146	1	\N
5269	23563	RUBBER TYRE F 160	Active	Engineering Store	\N	0.00	0.00	242	1	\N
5270	23565	SEAL KIT FOR HYDRAULIC CYLINDER OF ULKA MILL SIZE: 33" X 66"	Active	Job Work	\n	0.00	0.00	337	14	\N
5271	23566	BEARING BRAKET CCR-250-250-R4AM D2L6	Active	Distillery Spares	\N	0.00	0.00	70	1	\N
5272	23567	LANTERN RING CCR-250-250-R4AM D2L6	Active	Distillery Spares	\N	0.00	0.00	70	1	\N
5273	23568	COUPLING WITH DISTANCE PIECE UWS 276/250	Active	Engineering Store	\N	0.00	0.00	246	1	\N
5274	23569	HIGH TENSION BOLT & NUT 16 X 70MM,HALF THREAD	Active	Engineering Store	GRADE-10.9	0.00	0.00	59	1	\N
5275	23578	HIGH TENSION BOLT & NUT 8 X 65MM,FULL THREAD	Active	Engineering Store	\N	0.00	0.00	59	1	\N
5276	23580	COUPLING BOLT & NUT 8 X 60MM.TYPE-7 ( DRG-JSL/BH/385 )	Active	Engineering Store	\N	0.00	0.00	60	1	\N
5277	23586	ACCUMULATOR CYLINDER 20-LIT FOR TRIVENI TURBINE	Active	Engineering Store	MODEL-TST-1030-HB,S.NO-IST-1030-HB-80,PRESS-4-KG/CM2,W-PRESSURE-6 KG /CM2	0.00	0.00	256	1	\N
5278	23587	PINION 23 TEETH (DRG-JSL/MH/510/A)	Active	Engineering Store	\N	0.00	0.00	178	1	\N
5279	23589	SS BRAIDED FLEXIBLE HOSE PIPE 2.5" X 800MM LONG WITH BOTH END NIPPLE	Active	Engineering Store	\n	0.00	0.00	346	1	\N
5280	23594	OVER CURRENT AND EARTH FAULT RELA,MODULE-7SR1003-2KA20-2CAO/EE,I/P-1/5 A FRE-50 HZ,AUX VOLT-60-240 V AC/DC	Active	Electric Store	\N	0.00	0.00	105	1	\N
5281	23598	SLEEVE SS OK.1K.1.5 X 1-6 FOR MICROFINISH PUMP	Active	Engineering Store	S,NO-45753	0.00	0.00	270	1	\N
5282	23602	IGNITION CUM STARTER	Active	Engineering Store	\N	0.00	0.00	252	1	\N
5283	23603	STUFFING BOX COVER 1K.1.5 X 1-8 FOR MICROFINISH PUMP	Active	Distillery Spares	\N	0.00	0.00	70	1	\N
5284	23604	GLAND PACKING 1K.1.5 X 1-8 FOR MICROFINISH PUMP	Active	Distillery Spares	WITH GLAND	0.00	0.00	70	14	\N
5285	23605	TROLLEY FOR ZEROX MACHINE	Active	Consumer store	\n	0.00	0.00	228	1	\N
5286	23606	WORM SHAFT U-600,RATIO-40/1 FOR GREAVES MAKE GEAR BOX	Active	Engineering Store	\n	0.00	0.00	244	1	\N
5287	23607	CROMPTON GREAVES MAKE MOTOR 3 PHASE INDUCTION MOTOR 25 HP / 18.5 KW,2900-RPM,FRAME:160 ,TEFC,IE2,DUTY:S1,FLANGE MOUNTED TYPE	Active	Electric Store	\N	0.00	0.00	110	1	\N
5288	23608	MICRO METER OUT SIDE 50 TO 75MM,LEAST COUNT 0.01MM	Active	Engineering Store	\N	0.00	0.00	234	1	\N
5289	23609	RUBBER O RING 125MM DIA X 3MM	Active	Engineering Store	\N	0.00	0.00	339	1	\N
5290	23610	PNEUMATIC O RING 125MM DIA	Active	Engineering Store	\N	0.00	0.00	339	1	\N
5291	23611	RUBBER BUSH 9 X 38 X 26MM	Active	Engineering Store	\N	0.00	0.00	339	1	\N
5292	23612	TEFLON STRIP 5MM THK	Active	Engineering Store	\N	0.00	0.00	339	12	\N
5293	23615	METHYLENE BLUE STAIN	Active	Manufacturing Store	\N	0.00	0.00	\N	24	\N
5294	23630	TYRE 80-100-18 (TUBELESS)	Active	Engineering Store	\N	0.00	0.00	251	1	\N
5295	23631	RING SPANNER 1/2 X 5/8	Active	Engineering Store	\n\n	0.00	0.00	298	1	\N
5296	23632	DOUBLE END SPANNER 1/2 X 5/8	Active	Engineering Store	\n	0.00	0.00	236	1	\N
5297	23633	MS SPROCKET PART NO-9 FOR LONG RETRACTABLE SOOT BLOWER,TYPE- I BEAM	Active	Engineering Store	\N	0.00	0.00	161	1	\N
5298	23634	MS SPROCKET PART NO-10 FOR LONG RETRACTABLE SOOT BLOWER,TYPE- I BEAM	Active	Engineering Store	\N	0.00	0.00	161	1	\N
5299	23635	SQUARE HOUSING IDLER PART NO-23 FOR LONG RETRACTABLE SOOT BLOWER,TYPE- I BEAM	Active	Engineering Store	\N	0.00	0.00	161	1	\N
5300	23636	CHAIN TIGHTNER PART NO-12 FOR LONG RETRACTABLE SOOT BLOWER,TYPE- I BEAM	Active	Engineering Store	\N	0.00	0.00	161	1	\N
5301	23641	TEFLON GLAND ROPE 6MM	Active	Engineering Store	\N	0.00	0.00	199	3	\N
5303	23644	RAPPING HAMMER HALF FOR DISTILLERY BOILER 23 TPH ESP(GD),DRAWING-JSL/DIST-BLR/519	Active	Engineering Store	NA	0.00	0.00	345	1	\N
5302	23643	ESP RAPPING HAMMER FOR DISTILLERY BOILER 23 TPH ESP,DRAWING-JSL/DIST-BLR/519	Active	Engineering Store	NA	0.00	0.00	345	1	\N
5304	23650	NICKEL SCREEN 0.06 MM FOR WK-1500/30 WIL (JSL/BH/389-1)	Active	Manufacturing Store	SIZE-0.06 X 2.20 X 0.27MM	0.00	0.00	328	14	\N
5305	23651	NOZZLE ( GUN ) FOR DIESEL BUNK	Active	Engineering Store	\n	0.00	0.00	196	1	\N
5306	23652	SS CONNECTOR  25MM ( SWIVEL JOINT ) FOR DIESEL BUNK	Active	Engineering Store	\n	0.00	0.00	196	1	\N
5307	23653	RUBBER HOSE PIPE 25MM FOR  DIESEL BUNK	Active	Engineering Store	\n	0.00	0.00	196	1	\N
5308	23663	DIGITAL INTELLIGENT INDICATOR FOR TANDEM -A  60 TON WEIGH BRIDGES	Active	Engineering Store	DIGITAL JUNCTION BOX,100MM DIGITAL JUMBO DISPLAY,DIGITAL LOAD CELLS 6-NOS AND MOUNTING PLATES 6-NOS\n\n\n	0.00	0.00	338	14	\N
5309	23664	DIGITAL INTELLIGENT INDICATOR,  FOR TANDEM -A 20 TON BULLOCK CART WEIGH BRIDGES	Active	Engineering Store	DIGITAL JUNCTION BOX,100MM DIGITAL JUMBO DISPLAY,DIGITAL LOAD CELLS 4-NOS AND MOUNTING PLATES 4-NOS\n	0.00	0.00	309	14	\N
5310	23665	DIGITAL INTELLIGENT INDICATOR  FOR TANDEM-B 60 TON WEIGH BRIDGES	Active	Engineering Store	DIGITAL JUNCTION BOX,100MM DIGITAL JUMBO DISPLAY,DIGITAL LOAD CELLS 8-NOS AND MOUNTING PLATES 8-NOS\n	0.00	0.00	338	14	\N
5311	23666	REDMI PAD DISPLAY 11" 4GB RAM,128GB,ANDROID 12	Active	Consumer store	\n	0.00	0.00	228	1	\N
5312	23667	BEARING 22318 E/C3	Active	Engineering Store	SPHERICAL ROLLER BEARING	0.00	0.00	38	1	\N
5313	23697	SS CONNECTOR WITH FERRUEL 3/8" MALE X 12MM	Active	Engineering Store	\n	0.00	0.00	310	1	\N
5314	23699	FLOW METER SIGNAL CONVERTER (REPAIRED)	Active	Engineering Store	\N	0.00	0.00	311	1	\N
5315	23700	DEW POINT INDICATOR FOR AIR DRYER MODEL-RD 400 CMF	Active	Engineering Store	\N	0.00	0.00	301	1	\N
5320	23705	ORIFICE FOR AIR DRYER MODEL-RD 400 CMF	Active	Engineering Store	\N	0.00	0.00	301	1	\N
5321	23706	SENSOR TEMPRATURE FOR AIR DRYER MODEL-RD 400 CMF	Active	Engineering Store	\N	0.00	0.00	301	1	\N
5322	23707	RUBBER ELBOW FOR AIR COMPRESSOR EG-45-7.5 (PART NO-015318798)	Active	Engineering Store	FAB NO-BUIS045213	0.00	0.00	301	1	\N
5323	23708	NON RETURN VALVE 1/8" FOR AIR COMPRESSOR 45-7.5 (PART NO-B004100170001)	Active	Engineering Store	FAB NO-BUIS045213	0.00	0.00	301	1	\N
5325	23710	GEAR BOX 1ST MILL GRPF TYPE-PU3/35-19/33,KW-375,RATIO-1000:65 ( REPAIRED )	Active	Engineering Store	WIL-MAKE, S NO-114/183/3099\n	0.00	0.00	297	1	\N
5326	23712	MCCB 250-AMPS 3-POLE 415V AC MODEL-3VA2225-5HM32	Active	Electric Store	RELAY MODEL- ETU330LIG\n	0.00	0.00	105	1	\N
5327	23713	MCCB 160-AMPS 3-POLE 415V AC MODEL-3VA 2116 5HM 32	Active	Electric Store	RELAY MODEL-3TU 330 LIG 3 PHASE AC\n	0.00	0.00	105	1	\N
5328	23714	MCCB 63AMPS 3POLE 415V AC MODEL-3VA1163-5EE32-0AA0	Active	Electric Store	RELAY MODEL TM220-3PHASE AC \n	0.00	0.00	105	1	\N
5329	23718	MCCB 250 AMPS 415V TYPE-DN2-250M FOR MOTOR PROTECTION	Active	Electric Store	TAG NO- CM9217100P00G\n	0.00	0.00	92	1	\N
5330	23719	MCCB 160 AMPS 415V TYPE- DN2-250M FOR MOTOR PROTECTION	Active	Electric Store	TAG NO-CM9217200M00G\n	0.00	0.00	92	1	\N
5331	23720	L & T THERMAL OVERLOAD RELAY RANGE 66-110AMPS TYPE-MN5	Active	Electric Store	TAG-SS9413700KO\n	0.00	0.00	92	1	\N
5332	23721	L&T CONTACTOR  KIT  MNX-110	Active	Electric Store	TAG NO-CS94154\n	0.00	0.00	90	1	\N
5333	23722	LOWARA MAKE XYLEM PUMP WITH MOTOR 3 HP, MODEL-15 SV03F03OT,2900 RPM (REPAIRED)	Active	Engineering Store	\N	0.00	0.00	297	1	\N
5334	23723	LOWARA MAKE XYLEM PUMP WITH MOTOR 4 HP, MODEL-15 SV03F03OT,2900 RPM (REPAIRED)	Active	Engineering Store	\N	0.00	0.00	297	1	\N
5335	23725	KIRLOSKAR MAKE MOTOR 5 HP/3.7 KW ,1480 RPM (REPAIRED)	Active	Electric Store	\n	0.00	0.00	114	1	\N
5336	23726	TARO MAKE MOTOR 12.5 HP/9.3 KW ,2900 RPM (REPAIRED)	Active	Electric Store	\N	0.00	0.00	114	1	\N
5338	23798	DISC FOR SAFETY VALVE 1.5" X 3"  BHEL OF KCP BOILER 22 TPH	Active	Engineering Store	\N	0.00	0.00	339	1	\N
5339	23805	USB MULTIMEDIA SPEAKER	Active	Consumer store	ARTIS S21 2.0	0.00	0.00	228	1	\N
5340	23819	ROTOR TERMINAL INSULATOR PIN ASSEMBLY FOR BHEL MAKE 1500 KW SLIP RING INDUCTION MOTOR,742 RPM,VOL-11000	Active	Electric Store	\N	0.00	0.00	110	1	\N
5341	23820	MOLASSES BROTH MIXTURE / DILUTER FOR FERMENTER TANK,TYPE-STATIC MIXER,SIZE-250NB,SCH-4,THK-3MM,GRADE-40	Active	Distillery Spares	\N	0.00	0.00	71	1	\N
5342	23821	MOLASSES BROTH MIXTURE / DILUTER FOR FERMENTER TANK,TYPE-STATIC MIXER,SIZE-300NB,SCH-4,THK-3MM,GRADE-40	Active	Distillery Spares	\N	0.00	0.00	71	1	\N
5343	23857	PERMIT TO WORK BOOK	Active	Consumer store	\N	0.00	0.00	227	20	\N
5344	23864	SLEEVE SS BUS O79 FOR WTP RAW WATER	Active	Engineering Store	\n	0.00	0.00	270	1	\N
5345	23865	WATER RUBBER WSA 002 FOR WTP RAW WATER	Active	Engineering Store	NA	0.00	0.00	225	1	\N
5324	23709	DISC HOLDER FOR SAFETY VALVE 1.5" X 3"  BHEL OF KCP BOILER 22 TPH	Active	Engineering Store	TYPE-1717WB,S.NO-A8214/188,TAG-SSV01	0.00	0.00	339	1	\N
5347	002	blade 3	Active	wave bridge	weight	0.00	0.00	15	3	\N
1568	4711	ATTACHED OUTER LINK FOR BAGASSE ELEVATOR (SH) 200MM PITCH ((JSL/COGEN/401) ) PART NO-SG007	Active	Engineering Store	None	0.00	0.00	183	1	\N
1798	5411	BEARING 21315 E1	Active	Engineering Store	None	0.00	0.00	38	1	\N
\.


--
-- Data for Name: inventory_itemmaster_cost_center; Type: TABLE DATA; Schema: jamkhandisugars; Owner: root
--

COPY jamkhandisugars.inventory_itemmaster_cost_center (id, itemmaster_id, costcenter_id) FROM stdin;
1	5345	4
2	5345	5
3	5345	6
5	5347	2
7	5324	1
8	5324	2
9	5324	3
10	5324	4
11	5324	5
12	5324	6
13	5324	7
14	5303	1
15	5303	2
16	5303	3
17	5303	4
18	5303	5
19	5303	6
20	5303	7
21	5302	1
22	5302	2
23	5302	3
24	5302	4
25	5302	5
26	5302	6
27	5302	7
28	5205	1
29	5205	2
30	5205	3
31	5205	4
32	5205	5
33	5205	6
34	5205	7
35	5204	1
36	5204	2
37	5204	3
38	5204	4
39	5204	5
40	5204	6
41	5204	7
42	2217	1
43	2217	2
44	2217	3
45	2217	4
46	2217	5
47	2217	6
48	2217	7
49	5347	1
50	1568	5
51	1572	5
52	1798	6
\.


--
-- Data for Name: inventory_itemmaster_dept; Type: TABLE DATA; Schema: jamkhandisugars; Owner: root
--

COPY jamkhandisugars.inventory_itemmaster_dept (id, itemmaster_id, department_id) FROM stdin;
1	5347	1
2	5347	2
3	5347	3
4	5347	4
5	5347	5
6	5347	6
7	5347	7
8	5347	8
9	5347	9
10	5347	10
11	5347	11
12	5347	12
13	5347	13
14	5347	14
15	5347	15
16	5347	16
17	5347	17
18	5347	18
19	5347	19
20	5347	20
21	5347	21
22	5347	22
23	5347	23
24	5347	24
25	5347	25
26	5347	26
27	5347	27
28	5347	28
29	5347	29
30	5347	30
31	5347	31
32	5347	32
33	5347	33
34	5347	34
35	5347	35
36	5347	36
37	5347	37
38	5347	38
39	5347	39
40	5347	40
41	5347	41
42	5347	42
43	5347	43
44	5347	44
45	5347	45
46	5347	46
47	2217	1
48	2217	2
49	2217	3
50	2217	4
51	2217	5
52	2217	6
53	2217	7
54	2217	8
55	2217	9
56	2217	10
57	2217	11
58	2217	12
59	2217	13
60	2217	14
61	2217	15
62	2217	16
63	2217	17
64	2217	18
65	2217	19
66	2217	20
67	2217	21
68	2217	22
69	2217	23
70	2217	24
71	2217	25
72	2217	26
73	2217	27
74	2217	28
75	2217	29
76	2217	30
77	2217	31
78	2217	32
79	2217	33
80	2217	34
81	2217	35
82	2217	36
83	2217	37
84	2217	38
85	2217	39
86	2217	40
87	2217	41
88	2217	42
89	2217	43
90	2217	44
91	2217	45
92	2217	46
93	1568	7
94	1572	7
95	1798	7
\.


--
-- Data for Name: inventory_itemproperties; Type: TABLE DATA; Schema: jamkhandisugars; Owner: root
--

COPY jamkhandisugars.inventory_itemproperties (id, label, value, item_id) FROM stdin;
\.


--
-- Data for Name: inventory_itemtype; Type: TABLE DATA; Schema: jamkhandisugars; Owner: root
--

COPY jamkhandisugars.inventory_itemtype (id, item_type) FROM stdin;
\.


--
-- Data for Name: inventory_ledger; Type: TABLE DATA; Schema: jamkhandisugars; Owner: root
--

COPY jamkhandisugars.inventory_ledger (id, actual_date, qty, status, item_id, ledger_type_id, mill_id, seller_id, store_id) FROM stdin;
\.


--
-- Data for Name: inventory_ledgertype; Type: TABLE DATA; Schema: jamkhandisugars; Owner: root
--

COPY jamkhandisugars.inventory_ledgertype (id, l_type) FROM stdin;
1	inward
2	outward
\.


--
-- Data for Name: inventory_store; Type: TABLE DATA; Schema: jamkhandisugars; Owner: root
--

COPY jamkhandisugars.inventory_store (id, name, code, status, parent_id) FROM stdin;
\.


--
-- Data for Name: inventory_unitofmeasurement; Type: TABLE DATA; Schema: jamkhandisugars; Owner: root
--

COPY jamkhandisugars.inventory_unitofmeasurement (id, uom) FROM stdin;
1	NOS
2	Bag
3	KGS
4	Length
5	MTS
6	Brass
7	Mtrs
8	Bottle
9	Book
10	LTR
11	Sqft
12	Feet
13	Pkt
14	Set
15	Ream
16	Box
17	Dust
18	Tin
19	Bundle
20	Pad
21	Pair
22	Sq mtr
23	ML
24	Grams
25	Tube
26	Roll
27	Coil
28	Sheet
29	Trip
\.


--
-- Data for Name: purchase_address; Type: TABLE DATA; Schema: jamkhandisugars; Owner: root
--

COPY jamkhandisugars.purchase_address (id, address, latitude, longitude, gstin_id, pin_code_id, seller_id) FROM stdin;
\.


--
-- Data for Name: purchase_city; Type: TABLE DATA; Schema: jamkhandisugars; Owner: root
--

COPY jamkhandisugars.purchase_city (id, name, district_id) FROM stdin;
\.


--
-- Data for Name: purchase_costcenter; Type: TABLE DATA; Schema: jamkhandisugars; Owner: root
--

COPY jamkhandisugars.purchase_costcenter (id, center_name, level, parent_id, mill_id) FROM stdin;
1	Crushing	1	\N	\N
2	Crushing Mill 1	2	1	\N
3	Crushing mill 2	2	1	\N
7	wave bridge	1	\N	\N
4	Sugar	1	\N	\N
5	TA-Mill	2	4	\N
6	TA-Clarification	2	4	\N
8	TA-PAN	2	4	\N
\.


--
-- Data for Name: purchase_district; Type: TABLE DATA; Schema: jamkhandisugars; Owner: root
--

COPY jamkhandisugars.purchase_district (id, name, state_id) FROM stdin;
\.


--
-- Data for Name: purchase_enquairyitem; Type: TABLE DATA; Schema: jamkhandisugars; Owner: root
--

COPY jamkhandisugars.purchase_enquairyitem (id, master_id, item_id) FROM stdin;
18	7	1
19	7	1
20	7	1
21	8	11
22	8	12
23	8	13
27	10	14
28	10	15
29	10	16
32	12	17
33	12	18
34	13	19
35	13	20
36	13	21
37	14	22
38	14	23
39	14	24
40	14	25
41	14	26
\.


--
-- Data for Name: purchase_enquairymaster; Type: TABLE DATA; Schema: jamkhandisugars; Owner: root
--

COPY jamkhandisugars.purchase_enquairymaster (id, date, status, requisition_id, remark, attach_file) FROM stdin;
7	2024-04-25 11:23:08.609158+00	Raised	14	\N	\N
8	2024-05-17 07:46:53.729809+00	Raised	18	\N	\N
10	2024-05-17 09:15:54.752941+00	Raised	19	\N	\N
12	2024-05-17 10:13:42.458871+00	Raised	20	\N	\N
13	2024-05-17 10:34:14.706771+00	Raised	21	\N	\N
14	2024-05-21 08:12:00.468124+00	Raised	22	\N	\N
\.


--
-- Data for Name: purchase_enquairymaster_seller; Type: TABLE DATA; Schema: jamkhandisugars; Owner: root
--

COPY jamkhandisugars.purchase_enquairymaster_seller (id, enquairymaster_id, seller_id) FROM stdin;
\.


--
-- Data for Name: purchase_enquairystatus; Type: TABLE DATA; Schema: jamkhandisugars; Owner: root
--

COPY jamkhandisugars.purchase_enquairystatus (id, status, employee_id, master_id, date) FROM stdin;
7	Raised	8	7	2024-05-08 09:38:05.999068+00
8	Raised	30	8	2024-05-17 07:46:53.739237+00
10	Raised	30	10	2024-05-17 09:15:54.761271+00
12	Raised	8	12	2024-05-17 10:13:42.467274+00
13	Raised	30	13	2024-05-17 10:34:14.716118+00
14	Raised	30	14	2024-05-21 08:12:00.476353+00
\.


--
-- Data for Name: purchase_gstin; Type: TABLE DATA; Schema: jamkhandisugars; Owner: root
--

COPY jamkhandisugars.purchase_gstin (id, gstin, status, state_id) FROM stdin;
1	29AAGCG9649G1Z1	Active	1
2	29hdgchsbbjh23	Active	1
3	29hsbhbdjh24	Active	1
\.


--
-- Data for Name: purchase_indentitems; Type: TABLE DATA; Schema: jamkhandisugars; Owner: root
--

COPY jamkhandisugars.purchase_indentitems (id, required_qty, reason, indent_id, item_id, requisition_qty, status, specification) FROM stdin;
6	20.00	Breakdown	4	5345	1.00	Pending	
7	10.00	Breakdown	4	5324	1.00	Pending	
8	30.00	Breakdown	4	5204	1.00	Pending	
9	10.00	Breakdown	4	5303	1.00	Pending	
10	12.00	na	5	5345	1.00	Pending	
11	23.00	hss	6	5345	1.00	Pending	
12	12.00	NA	7	5345	1.00	Pending	
13	12.00	machine serevice	8	5324	1.00	Pending	
14	11.00	NA	8	5205	1.00	Pending	
15	12.00	to maintence	9	5324	1.00	Pending	
16	144.00	to cut the sugar cane	10	5324	1.00	Pending	
17	33.00	to apply to continue	11	5303	33.00	Pending	
19	12.00	for saftey holder	13	5324	12.00	Pending	3 px blade
20	14.00	rapping purpose	14	5303	14.00	Pending	triveni turbine
21	33.00	hammer purpose	15	5302	33.00	Pending	dell
22	12.00	rapping purpose to saftey	16	5303	12.00	Pending	Stell coated
23	15.00	cutting purpose 	16	5324	15.00	Pending	iron made 25 mm
24	14.00	handling purpose	17	5324	12.00	Pending	trivne turbine
25	1.00	we	19	5324	1.00	Pending	q
26	2.00	wer	19	5303	2.00	Pending	w
27	3.00	qwer	19	5303	3.00	Pending	q
28	15.00	cuting purpose	22	5324	15.00	Pending	Stell coated
29	22.00	show off	22	5303	22.00	Pending	gold coated
30	55.00	requi	22	5204	55.00	Pending	3 px blade
31	12.00	12	24	5347	1.00	Pending	specific-service
32	20.00	no	24	5324	20.00	Pending	
33	23.00	12	24	5303	23.00	Pending	
34	123.00	cuting purpose	25	5324	123.00	Pending	triveni turbine
35	11.00	blade maintance of turbine to botlle	25	5347	0.00	Pending	3 px blade
36	77.00	blade maintance of turbine to botlle	26	5347	66.00	Pending	triveni turbine
37	11.00	cuting purpose	26	5324	11.00	Pending	Steel coated
38	55.00	covering purpose	26	5303	55.00	Pending	plastic coated
39	77.00	blade maintance of turbine to botlle	27	5204	77.00	Pending	triveni turbine
40	11.00	cuting purpose	27	5324	11.00	Pending	Steel coated
41	21.00	join add plate	27	5205	21.00	Pending	3 px blade
42	88.00	shha	27	5347	77.00	Pending	zoho cover
43	99.00	show off	27	5302	99.00	Pending	copper coated
18	88.00	to cutting	12	5324	88.00	Pending	
\.


--
-- Data for Name: purchase_indentmaster; Type: TABLE DATA; Schema: jamkhandisugars; Owner: root
--

COPY jamkhandisugars.purchase_indentmaster (id, date, required_by, employee_id, status, mill_id, dept_id, indent_type_id) FROM stdin;
5	2024-03-29 09:10:51.26219+00	2024-03-29 00:00:00+00	7	Approved	1	1	\N
6	2024-03-29 09:57:53.46184+00	2024-03-29 00:00:00+00	12	Rejected	1	1	\N
7	2024-03-29 10:01:35.23024+00	2024-03-29 00:00:00+00	11	Approved	1	1	\N
8	2024-03-29 11:16:26.219516+00	2024-03-29 00:00:00+00	13	Approved	1	1	\N
11	2024-04-11 08:57:04.08117+00	2024-04-12 00:00:00+00	21	Completed	1	4	1
9	2024-04-08 10:15:49.967235+00	2024-04-10 00:00:00+00	15	Approved	1	4	1
10	2024-04-11 07:35:52.728353+00	2024-04-12 00:00:00+00	18	Completed	1	4	1
14	2024-04-25 06:10:09.167297+00	2024-04-26 00:00:00+00	26	Pending	1	4	1
15	2024-04-25 06:11:52.343643+00	2024-04-26 00:00:00+00	26	Pending	1	4	1
13	2024-04-25 06:09:18.376844+00	2024-04-25 00:00:00+00	26	Approved	1	4	1
16	2024-04-25 09:25:00.313656+00	2024-04-26 00:00:00+00	26	Approved	1	4	1
17	2024-04-25 10:49:02.181208+00	2024-04-25 00:00:00+00	26	Approved	1	4	1
22	2024-05-17 07:41:03.034541+00	2024-05-17 00:00:00+00	26	Approved	1	4	2
24	2024-05-17 08:54:33.243637+00	2024-05-26 00:00:00+00	8	Approved	1	1	2
25	2024-05-17 09:58:27.998443+00	2024-05-17 00:00:00+00	26	Approved	1	6	2
26	2024-05-17 10:11:46.917329+00	2024-05-17 00:00:00+00	26	Approved	1	4	2
19	2024-05-13 11:27:11.260666+00	2024-05-11 00:00:00+00	8	Approved	1	2	2
27	2024-05-21 07:13:00.022836+00	2024-05-22 00:00:00+00	26	Partially_Issued	1	4	2
4	2024-03-29 08:55:39.553012+00	2024-03-29 00:00:00+00	5	Partially_Issued	1	1	\N
12	2024-04-11 11:03:31.335756+00	2024-04-12 00:00:00+00	25	Booked	1	4	1
\.


--
-- Data for Name: purchase_indentstatus; Type: TABLE DATA; Schema: jamkhandisugars; Owner: root
--

COPY jamkhandisugars.purchase_indentstatus (id, status, employee_id, indent_master_id, date) FROM stdin;
1	Approved	18	10	2024-05-08 09:38:06.020653+00
2	Approved	21	11	2024-05-08 09:38:06.020653+00
3	Approved	15	9	2024-05-08 09:38:06.020653+00
4	Approved	26	13	2024-05-08 09:38:06.020653+00
5	Approved	26	16	2024-05-08 09:38:06.020653+00
6	Approved	26	17	2024-05-08 09:38:06.020653+00
7	Pending	8	19	2024-05-13 11:27:11.265101+00
8	Booked	8	19	2024-05-13 11:27:11.266713+00
9	Pending	26	22	2024-05-17 07:41:03.039752+00
10	Booked	26	22	2024-05-17 07:41:47.23589+00
11	Approved	26	22	2024-05-17 07:44:56.700494+00
12	Pending	8	24	2024-05-17 08:54:33.258819+00
13	Booked	8	24	2024-05-17 08:54:33+00
14	Approved	8	24	2024-05-17 08:55:27+00
15	Pending	26	25	2024-05-17 09:58:28.004818+00
16	Booked	26	25	2024-05-17 09:59:06.370531+00
17	Approved	26	25	2024-05-17 09:59:42.15211+00
18	Pending	26	26	2024-05-17 10:11:46.922359+00
19	Booked	26	26	2024-05-17 10:15:50.877409+00
20	Approved	26	26	2024-05-17 10:20:11.972462+00
21	Pending	26	27	2024-05-21 07:13:00.041042+00
22	Booked	26	27	2024-05-21 07:14:42.848526+00
23	Approved	26	27	2024-05-21 07:15:15.304975+00
24	Approved	8	19	2024-05-21 07:18:33.423401+00
25	Booked	8	12	2024-05-25 07:56:40.070235+00
\.


--
-- Data for Name: purchase_indenttype; Type: TABLE DATA; Schema: jamkhandisugars; Owner: root
--

COPY jamkhandisugars.purchase_indenttype (id, indent_type) FROM stdin;
1	Service
2	Material
\.


--
-- Data for Name: purchase_mir; Type: TABLE DATA; Schema: jamkhandisugars; Owner: root
--

COPY jamkhandisugars.purchase_mir (id, invoice_num, item_id, seller_invoice_id, perchase_order_id) FROM stdin;
\.


--
-- Data for Name: purchase_pin; Type: TABLE DATA; Schema: jamkhandisugars; Owner: root
--

COPY jamkhandisugars.purchase_pin (id, pin_code, city_id) FROM stdin;
\.


--
-- Data for Name: purchase_purchaseorder; Type: TABLE DATA; Schema: jamkhandisugars; Owner: root
--

COPY jamkhandisugars.purchase_purchaseorder (id, item_id, perchase_order_id, qty, rate, remark, value) FROM stdin;
9	5303	9	12.00	1100.00	\N	13200
10	5324	10	15.00	1001.00	\N	15015
11	5324	11	20.00	111.00	\N	2587.4
12	5347	12	1.00	22.00	\N	2.64
13	5303	12	23.00	13.00	\N	244.77
14	5347	13	1.00	21.00	\N	1.52
15	5324	13	20.00	12.00	\N	234.8
16	5303	13	23.00	15.00	\N	301.35
17	5303	14	23.00	21.00	\N	1055.43
18	5347	15	1.00	21.00	\N	1.52
19	5324	15	20.00	12.00	\N	234.8
20	5205	16	21.00	11.00	\N	210.21
21	5204	17	77.00	95.00	\N	8631.7
22	5324	18	11.00	13.00	\N	144.43
23	5347	18	77.00	29.00	\N	1808.73
24	5302	18	99.00	19.00	\N	1655.28
\.


--
-- Data for Name: purchase_purchaseorderdoc; Type: TABLE DATA; Schema: jamkhandisugars; Owner: root
--

COPY jamkhandisugars.purchase_purchaseorderdoc (id, file, purchase_order_id) FROM stdin;
\.


--
-- Data for Name: purchase_purchaseordermaster; Type: TABLE DATA; Schema: jamkhandisugars; Owner: root
--

COPY jamkhandisugars.purchase_purchaseordermaster (id, seller_id, approved_by_id, checked_by_id, date, prepared_by_id, status, quotation_master_id, po_num, reason) FROM stdin;
9	2	30	30	2024-04-25 11:25:36.259544+00	30	Pending	15	1	\N
10	3	30	30	2024-04-25 11:25:42.770262+00	30	Pending	16	1	\N
11	4	33	31	2024-05-17 09:34:47.719332+00	30	Approved	20	JSL-1/Sugar/2024/2	\N
12	1	33	31	2024-05-17 09:34:47.750083+00	30	Approved	23	JSL-1/Sugar/2024/3	\N
13	2	\N	33	2024-05-17 11:04:19.937434+00	30	Rejected	22	JSL-1/Sugar/2024/4	\N
14	4	\N	\N	2024-05-17 12:25:00.479248+00	8	Pending	20	JSL-1/Sugar/2024/5	\N
15	2	\N	\N	2024-05-17 12:25:00.502495+00	8	Pending	22	JSL-1/Sugar/2024/6	\N
16	3	\N	\N	2024-05-21 09:29:14.027516+00	30	Pending	28	JSL-1/Sugar/2024/7	\N
17	4	\N	\N	2024-05-21 09:29:14.05595+00	30	Pending	29	JSL-1/Sugar/2024/8	\N
18	1	33	31	2024-05-21 09:29:14.074987+00	30	Approved	26	JSL-1/Sugar/2024/9	\N
\.


--
-- Data for Name: purchase_purchaseorderstatus; Type: TABLE DATA; Schema: jamkhandisugars; Owner: root
--

COPY jamkhandisugars.purchase_purchaseorderstatus (id, status, date, employee_id, po_master_id) FROM stdin;
1	Pending	2024-05-17 09:34:47.733249+00	30	11
2	Pending	2024-05-17 09:34:47.762415+00	30	12
3	Accepted	2024-05-17 09:47:26.811794+00	31	11
4	Accepted	2024-05-17 09:47:39.17371+00	31	12
5	Approved	2024-05-17 09:48:03.128716+00	33	11
6	Approved	2024-05-17 09:48:25.530639+00	33	12
7	Pending	2024-05-17 11:04:19.956956+00	30	13
8	Accepted	2024-05-17 11:09:02.840533+00	31	13
9	Rejected	2024-05-17 11:11:00.490713+00	33	13
10	Pending	2024-05-17 12:25:00.489072+00	8	14
11	Pending	2024-05-17 12:25:00.512168+00	8	15
12	Pending	2024-05-21 09:29:14.040722+00	30	16
13	Pending	2024-05-21 09:29:14.063238+00	30	17
14	Pending	2024-05-21 09:29:14.086934+00	30	18
15	Accepted	2024-05-21 09:38:07.418556+00	31	18
16	Approved	2024-05-21 09:38:30.16685+00	33	18
\.


--
-- Data for Name: purchase_quotationitem; Type: TABLE DATA; Schema: jamkhandisugars; Owner: root
--

COPY jamkhandisugars.purchase_quotationitem (id, status, qty, rate, value, remark, item_id, quotation_master_id, discount, gst, hsn) FROM stdin;
21		12.00	1100	13200	stell coted	5303	15	1	1	\N
22		15.00	1001	15015	silver cotted	5324	15	1	1	\N
23		12.00	1100	13200	stell coted	5303	16	1	1	\N
24		15.00	1001	15015	silver cotted	5324	16	1	1	\N
25		12.00	1100	13200	stell coted	5303	17	1	1	\N
26		15.00	1001	15015	silver cotted	5324	17	1	1	\N
30		1.00	22	12.64	12	5347	19	12	12	\N
31		20.00	112	2633.20	12	5324	19	122	23	\N
32		23.00	22	1112.32	122	5303	19	11	122	\N
33		1.00	223	480.83	123	5347	20	12	121	\N
34		20.00	111	2587.40	11	5324	20	121	22	\N
35		23.00	21	1055.43	121	5303	20	12	121	\N
36		1.00	22	2.64	12	5347	21	22	12	\N
37		20.00	12	234.80	23	5324	21	34	12	\N
38		23.00	13	244.77	33	5303	21	123	23	\N
39		1.00	21	1.52	11	5347	22	22	12	\N
40		20.00	12	234.80	212	5324	22	34	12	\N
41		23.00	15	301.35	33	5303	22	123	23	\N
42		1.00	22	2.64	12	5347	23	22	12	\N
43		20.00	122	2698.80	23	5324	23	34	12	\N
44		23.00	13	244.77	33	5303	23	123	23	\N
49		77.00	12	1025.64	steel coted	5204	26	11	22	
50		11.00	13	144.43	copper coatedd	5324	26	22	23	
51		21.00	18	317.52	silver coated	5205	26	28	12	
52		77.00	29	1808.73	plastic coated	5347	26	32	13	
53		99.00	19	1655.28	aluminium coated	5302	26	31	19	
54		77.00		nan	steel coted	5204	27	14	21	
55		11.00		nan	copper coatedd	5324	27	21	29	
56		21.00		nan	silver coated	5205	27	29	14	
57		77.00		nan	plastic coated	5347	27	31	15	
58		99.00		nan	aluminium coated	5302	27	35	14	
59		77.00	55	4489.1	steel coted	5204	28	15	21	
60		11.00	44	469.48	copper coatedd	5324	28	25	22	
61		21.00	11	210.21	silver coated	5205	28	23	14	
62		77.00	76	4623.08	plastic coated	5347	28	37	16	
63		99.00	36	2851.2	aluminium coated	5302	28	38	18	
64		77.00	95	8631.7	steel coted	5204	29	11	29	
65		11.00	66	682.44	copper coatedd	5324	29	29	23	
66		21.00	34	706.86	silver coated	5205	29	22	21	
67		77.00	65	4504.5	plastic coated	5347	29	39	29	
68		99.00	27	2325.51	aluminium coated	5302	29	32	19	
\.


--
-- Data for Name: purchase_quotationmaster; Type: TABLE DATA; Schema: jamkhandisugars; Owner: root
--

COPY jamkhandisugars.purchase_quotationmaster (id, date, status, remark, enquiry_master_id, seller_id, parent_id, total_value, delivery, freight, payment, taxes, total_discount, transportation, attach_file) FROM stdin;
15	2024-04-25 11:23:27.767735+00	Pending	\N	7	2	\N	0.00	\N	\N	\N	\N	\N	\N	\N
16	2024-04-25 11:23:37.740962+00	Pending	\N	7	3	\N	0.00	\N	\N	\N	\N	\N	\N	\N
17	2024-04-25 11:23:46.65357+00	Pending	\N	7	4	\N	0.00	\N	\N	\N	\N	\N	\N	\N
19	2024-05-17 09:17:34.106276+00	Active	\N	10	3	\N	0.00	\N	\N	\N	\N	\N	\N	\N
20	2024-05-17 09:18:10.45209+00	Active	\N	10	4	\N	0.00	\N	\N	\N	\N	\N	\N	\N
22	2024-05-17 09:19:11.38948+00	Active	\N	10	2	\N	0.00	\N	\N	\N	\N	\N	\N	\N
23	2024-05-17 09:31:11.274694+00	Active	\N	10	1	21	0.00	\N	\N	\N	\N	\N	\N	\N
21	2024-05-17 09:18:44.146484+00	InActive	\N	10	1	\N	0.00	\N	\N	\N	\N	\N	\N	\N
26	2024-05-21 09:15:32.918281+00	Active	\N	14	1	\N	4951.60	monady	yes	hand cash	not apply	20%	truck through	\N
27	2024-05-21 09:16:55.180399+00	Active	\N	14	2	\N	NaN	monady	yes	hand cash	not apply	20%	truck through	\N
28	2024-05-21 09:19:35.37768+00	Active	\N	14	3	\N	12643.07	monady	yes	hand cash	not apply	40%	truck through	\N
29	2024-05-21 09:22:02.185805+00	Active	\N	14	4	\N	16851.01	monady	yes	hand cash	not apply	80%	truck through	\N
\.


--
-- Data for Name: purchase_quotationstatus; Type: TABLE DATA; Schema: jamkhandisugars; Owner: root
--

COPY jamkhandisugars.purchase_quotationstatus (id, status, employee_id, quotation_master_id, date) FROM stdin;
1	InActive	30	21	2024-05-17 09:31:11.302759+00
2	Pending	30	23	2024-05-17 09:31:11.306839+00
\.


--
-- Data for Name: purchase_requisitionitem; Type: TABLE DATA; Schema: jamkhandisugars; Owner: root
--

COPY jamkhandisugars.purchase_requisitionitem (id, qty, indent_item_id, requisition_master_id) FROM stdin;
1	88.00	18	10
2	12.00	19	11
3	12.00	19	12
4	12.00	19	13
5	12.00	22	14
6	15.00	23	14
7	12.00	22	15
8	15.00	23	15
9	20.00	24	16
10	12.00	24	17
11	15.00	28	18
12	22.00	29	18
13	55.00	30	18
14	1.00	31	19
15	20.00	32	19
16	23.00	33	19
17	123.00	34	20
18	0.00	35	20
19	66.00	36	21
20	11.00	37	21
21	55.00	38	21
22	77.00	39	22
23	11.00	40	22
24	21.00	41	22
25	77.00	42	22
26	99.00	43	22
\.


--
-- Data for Name: purchase_requisitionmaster; Type: TABLE DATA; Schema: jamkhandisugars; Owner: root
--

COPY jamkhandisugars.purchase_requisitionmaster (id, date, status, employee_id, indent_master_id) FROM stdin;
2	2024-04-24 13:44:50.803674+00	Pending	21	11
3	2024-04-24 13:44:50.803674+00	Pending	21	11
4	2024-04-24 13:44:50.803674+00	Pending	21	11
5	2024-04-24 13:44:50.803674+00	Pending	21	11
6	2024-04-24 13:44:50.803674+00	Pending	21	11
7	2024-04-24 13:44:50.803674+00	Pending	21	11
8	2024-04-24 13:44:50.803674+00	Pending	21	11
9	2024-04-24 13:44:50.803674+00	Pending	15	9
10	2024-04-25 05:50:06.776395+00	Approved	25	12
11	2024-04-25 06:14:16.349626+00	Approved	26	13
12	2024-04-25 06:50:57.904247+00	Approved	26	13
1	2024-04-24 13:44:50.803674+00	Approved	21	11
13	2024-04-25 09:13:56.398924+00	Approved	26	13
14	2024-04-25 09:26:17.549859+00	Approved	26	16
15	2024-04-25 09:36:44.677955+00	Approved	26	16
17	2024-04-25 11:07:37.664+00	Pending	26	17
16	2024-04-25 11:06:26.941265+00	Approved	26	17
18	2024-05-17 07:45:45.34631+00	Approved	26	22
19	2024-05-17 08:56:05.868573+00	Approved	8	24
20	2024-05-17 10:00:50.799512+00	Approved	26	25
21	2024-05-17 10:20:55.044525+00	Approved	26	26
22	2024-05-21 07:34:58.901422+00	Approved	26	27
\.


--
-- Data for Name: purchase_requisitionstatus; Type: TABLE DATA; Schema: jamkhandisugars; Owner: root
--

COPY jamkhandisugars.purchase_requisitionstatus (id, status, employee_id, master_id, date) FROM stdin;
1	Approved	25	10	2024-05-08 09:38:06.15429+00
2	Approved	26	11	2024-05-08 09:38:06.15429+00
3	Approved	26	12	2024-05-08 09:38:06.15429+00
4	Pending	21	1	2024-05-08 09:38:06.15429+00
5	Approved	26	13	2024-05-08 09:38:06.15429+00
6	Approved	26	14	2024-05-08 09:38:06.15429+00
7	Approved	26	15	2024-05-08 09:38:06.15429+00
8	Approved	26	16	2024-05-08 09:38:06.15429+00
9	Pending	28	18	2024-05-17 07:45:45.375982+00
10	Approved	26	18	2024-05-17 07:46:13.270944+00
11	Pending	8	19	2024-05-17 08:56:05.901491+00
12	Approved	8	19	2024-05-17 08:56:18.775574+00
13	Pending	28	20	2024-05-17 10:00:50.836772+00
14	Approved	26	20	2024-05-17 10:01:18.527481+00
15	Pending	28	21	2024-05-17 10:20:55.070739+00
16	Approved	26	21	2024-05-17 10:32:11.769168+00
17	Pending	28	22	2024-05-21 07:34:58.940438+00
18	Approved	26	22	2024-05-21 07:35:22.458048+00
\.


--
-- Data for Name: purchase_seller; Type: TABLE DATA; Schema: jamkhandisugars; Owner: root
--

COPY jamkhandisugars.purchase_seller (id, name, phone_number, email, gstin_id, code, contact_person) FROM stdin;
3	sai stores	72590986	daneshganagidoct@gmail.com	2	1	1
4	vinay stores	9916613533	daneshganagimla@gmail.com	3	1	1
1	Demo Seller	9844398489	demo@jsl	1	1	1
2	hanuman stores	9620578825	daneshganagimla@gmail.com	1	1	1
\.


--
-- Data for Name: purchase_seller_item_Category; Type: TABLE DATA; Schema: jamkhandisugars; Owner: root
--

COPY jamkhandisugars."purchase_seller_item_Category" (id, seller_id, itemcategory_id) FROM stdin;
1	2	1
2	2	2
3	2	3
4	2	4
5	2	5
6	2	6
7	2	7
8	2	8
9	3	1
10	3	2
11	3	3
12	3	4
13	3	5
14	3	6
15	3	7
16	3	8
17	4	1
18	4	2
19	4	3
20	4	4
21	4	5
22	4	6
23	4	7
24	4	8
25	2	9
26	2	10
27	2	11
28	2	12
29	2	13
30	2	14
32	2	16
33	2	17
34	2	18
35	2	19
36	2	20
37	2	21
38	2	22
39	2	23
40	2	24
41	2	25
42	2	26
43	2	27
44	2	28
45	2	29
46	2	30
47	2	31
48	2	32
49	2	33
50	2	34
51	2	35
52	2	36
53	2	37
54	2	38
55	2	39
56	2	40
57	2	41
58	2	42
59	2	43
60	2	44
61	2	45
62	2	46
63	2	47
64	2	48
65	2	49
66	2	50
67	2	51
68	2	52
69	2	53
70	2	54
71	2	55
72	2	56
73	2	57
74	2	58
75	2	59
76	2	60
77	2	61
78	2	62
79	2	63
80	2	64
81	2	65
82	2	66
83	2	67
84	2	68
85	2	69
86	2	70
87	2	71
88	2	72
89	2	73
90	2	74
91	2	75
92	2	76
93	2	77
94	2	78
95	2	79
96	2	80
97	2	81
98	2	82
99	2	83
100	2	84
101	2	85
102	2	86
103	2	87
104	2	88
105	2	89
106	2	90
107	2	91
108	2	92
109	2	93
110	2	94
111	2	95
112	2	96
113	2	97
114	2	98
115	2	99
116	2	100
117	2	101
118	2	102
119	2	103
120	2	104
121	2	105
122	2	106
123	2	107
124	2	108
125	2	109
126	2	110
127	2	111
128	2	112
129	2	113
130	2	114
131	2	115
132	2	116
133	2	117
134	2	118
135	2	119
136	2	120
137	2	121
138	2	122
139	2	123
140	2	124
141	2	125
142	2	126
143	2	127
144	2	128
145	2	129
146	2	130
147	2	131
148	2	132
149	2	133
150	2	134
151	2	135
152	2	136
153	2	137
154	2	138
155	2	139
156	2	140
157	2	141
158	2	142
159	2	143
160	2	144
161	2	145
162	2	146
163	2	147
164	2	148
165	2	149
166	2	150
167	2	151
168	2	152
169	2	153
170	2	154
171	2	155
172	2	156
173	2	157
174	2	158
175	2	159
176	2	160
177	2	161
178	2	162
179	2	163
180	2	164
181	2	165
182	2	166
183	2	167
184	2	168
185	2	169
186	2	170
187	2	171
188	2	172
189	2	173
190	2	174
191	2	175
192	2	176
193	2	177
194	2	178
195	2	179
196	2	180
197	2	181
198	2	182
199	2	183
200	2	184
201	2	185
202	2	186
203	2	187
204	2	188
205	2	189
206	2	190
207	2	191
208	2	192
209	2	193
210	2	194
211	2	195
212	2	196
213	2	197
214	2	198
215	2	199
216	2	200
217	2	201
218	2	202
219	2	203
220	2	204
221	2	205
222	2	206
223	2	207
224	2	208
225	2	209
226	2	210
227	2	211
228	2	212
229	2	213
230	2	214
231	2	215
232	2	216
233	2	217
234	2	218
235	2	219
236	2	220
237	2	221
238	2	222
239	2	223
240	2	224
241	2	225
242	2	226
243	2	227
244	2	228
245	2	229
246	2	230
247	2	231
248	2	232
249	2	233
250	2	234
251	2	235
252	2	236
253	2	237
254	2	238
255	2	239
256	2	240
257	2	241
258	2	242
259	2	243
260	2	244
261	2	245
262	2	246
263	2	247
264	2	248
265	2	249
266	2	250
267	2	251
268	2	252
269	2	253
270	2	254
271	2	255
272	2	256
273	2	257
274	2	258
275	2	259
276	2	260
277	2	261
278	2	262
279	2	263
280	2	264
281	2	265
282	2	266
283	2	267
284	2	268
285	2	269
286	2	270
287	2	271
288	2	272
289	2	273
290	2	274
291	2	275
292	2	276
293	2	277
294	2	278
295	2	279
296	2	280
297	2	281
298	2	282
299	2	283
300	2	284
301	2	285
302	2	286
303	2	287
304	2	288
305	2	289
306	2	290
307	2	291
308	2	292
309	2	293
310	2	294
311	2	295
312	2	296
313	2	297
314	2	298
315	2	299
316	2	300
317	2	301
318	2	302
319	2	303
320	2	304
321	2	305
322	2	306
323	2	307
324	2	308
325	2	309
326	2	310
327	2	311
328	2	312
329	2	313
330	2	314
331	2	315
332	2	316
333	2	317
334	2	318
335	2	319
336	2	320
337	2	321
338	2	322
339	2	323
340	2	324
341	2	325
342	2	326
343	2	327
344	2	328
345	2	329
346	2	330
347	2	331
348	2	332
349	2	333
350	2	334
351	2	335
352	2	336
353	2	337
354	2	338
355	2	339
356	2	340
357	2	341
358	2	342
359	2	343
360	2	344
361	2	345
362	2	346
363	2	347
364	2	349
365	2	350
366	2	351
367	3	9
368	3	10
369	3	11
370	3	12
371	3	13
372	3	14
373	3	15
374	3	16
375	3	17
376	3	18
377	3	19
378	3	20
379	3	21
380	3	22
381	3	23
382	3	24
383	3	25
384	3	26
385	3	27
386	3	28
387	3	29
388	3	30
389	3	31
390	3	32
391	3	33
392	3	34
393	3	35
394	3	36
395	3	37
396	3	38
397	3	39
398	3	40
399	3	41
400	3	42
401	3	43
402	3	44
403	3	45
404	3	46
405	3	47
406	3	48
407	3	49
408	3	50
409	3	51
410	3	52
411	3	53
412	3	54
413	3	55
414	3	56
415	3	57
416	3	58
417	3	59
418	3	60
419	3	61
420	3	62
421	3	63
422	3	64
423	3	65
424	3	66
425	3	67
426	3	68
427	3	69
428	3	70
429	3	71
430	3	72
431	3	73
432	3	74
433	3	75
434	3	76
435	3	77
436	3	78
437	3	79
438	3	80
439	3	81
440	3	82
441	3	83
442	3	84
443	3	85
444	3	86
445	3	87
446	3	88
447	3	89
448	3	90
449	3	91
450	3	92
451	3	93
452	3	94
453	3	95
454	3	96
455	3	97
456	3	98
457	3	99
458	3	100
459	3	101
460	3	102
461	3	103
462	3	104
463	3	105
464	3	106
465	3	107
466	3	108
467	3	109
468	3	110
469	3	111
470	3	112
471	3	113
472	3	114
473	3	115
474	3	116
475	3	117
476	3	118
477	3	119
478	3	120
479	3	121
480	3	122
481	3	123
482	3	124
483	3	125
484	3	126
485	3	127
486	3	128
487	3	129
488	3	130
489	3	131
490	3	132
491	3	133
492	3	134
493	3	135
494	3	136
495	3	137
496	3	138
497	3	139
498	3	140
499	3	141
500	3	142
501	3	143
502	3	144
503	3	145
504	3	146
505	3	147
506	3	148
507	3	149
508	3	150
509	3	151
510	3	152
511	3	153
512	3	154
513	3	155
514	3	156
515	3	157
516	3	158
517	3	159
518	3	160
519	3	161
520	3	162
521	3	163
522	3	164
523	3	165
524	3	166
525	3	167
526	3	168
527	3	169
528	3	170
529	3	171
530	3	172
531	3	173
532	3	174
533	3	175
534	3	176
535	3	177
536	3	178
537	3	179
538	3	180
539	3	181
540	3	182
541	3	183
542	3	184
543	3	185
544	3	186
545	3	187
546	3	188
547	3	189
548	3	190
549	3	191
550	3	192
551	3	193
552	3	194
553	3	195
554	3	196
555	3	197
556	3	198
557	3	199
558	3	200
559	3	201
560	3	202
561	3	203
562	3	204
563	3	205
564	3	206
565	3	207
566	3	208
567	3	209
568	3	210
569	3	211
570	3	212
571	3	213
572	3	214
573	3	215
574	3	216
575	3	217
576	3	218
577	3	219
578	3	220
579	3	221
580	3	222
581	3	223
582	3	224
583	3	225
584	3	226
585	3	227
586	3	228
587	3	229
588	3	230
589	3	231
590	3	232
591	3	233
592	3	234
593	3	235
594	3	236
595	3	237
596	3	238
597	3	239
598	3	240
599	3	241
600	3	242
601	3	243
602	3	244
603	3	245
604	3	246
605	3	247
606	3	248
607	3	249
608	3	250
609	3	251
610	3	252
611	3	253
612	3	254
613	3	255
614	3	256
615	3	257
616	3	258
617	3	259
618	3	260
619	3	261
620	3	262
621	3	263
622	3	264
623	3	265
624	3	266
625	3	267
626	3	268
627	3	269
628	3	270
629	3	271
630	3	272
631	3	273
632	3	274
633	3	275
634	3	276
635	3	277
636	3	278
637	3	279
638	3	280
639	3	281
640	3	282
641	3	283
642	3	284
643	3	285
644	3	286
645	3	287
646	3	288
647	3	289
648	3	290
649	3	291
650	3	292
651	3	293
652	3	294
653	3	295
654	3	296
655	3	297
656	3	298
657	3	299
658	3	300
659	3	301
660	3	302
661	3	303
662	3	304
663	3	305
664	3	306
665	3	307
666	3	308
667	3	309
668	3	310
669	3	311
670	3	312
671	3	313
672	3	314
673	3	315
674	3	316
675	3	317
676	3	318
677	3	319
678	3	320
679	3	321
680	3	322
681	3	323
682	3	324
683	3	325
684	3	326
685	3	327
686	3	328
687	3	329
688	3	330
689	3	331
690	3	332
691	3	333
692	3	334
693	3	335
694	3	336
695	3	337
696	3	338
697	3	339
698	3	340
699	3	341
700	3	342
701	3	343
702	3	344
703	3	345
704	3	346
705	3	347
706	3	349
707	3	350
708	3	351
709	4	9
710	4	10
711	4	11
712	4	12
713	4	13
714	4	14
715	4	15
716	4	16
717	4	17
718	4	18
719	4	19
720	4	20
721	4	21
722	4	22
723	4	23
724	4	24
725	4	25
726	4	26
727	4	27
728	4	28
729	4	29
730	4	30
731	4	31
732	4	32
733	4	33
734	4	34
735	4	35
736	4	36
737	4	37
738	4	38
739	4	39
740	4	40
741	4	41
742	4	42
743	4	43
744	4	44
745	4	45
746	4	46
747	4	47
748	4	48
749	4	49
750	4	50
751	4	51
752	4	52
753	4	53
754	4	54
755	4	55
756	4	56
757	4	57
758	4	58
759	4	59
760	4	60
761	4	61
762	4	62
763	4	63
764	4	64
765	4	65
766	4	66
767	4	67
768	4	68
769	4	69
770	4	70
771	4	71
772	4	72
773	4	73
774	4	74
775	4	75
776	4	76
777	4	77
778	4	78
779	4	79
780	4	80
781	4	81
782	4	82
783	4	83
784	4	84
785	4	85
786	4	86
787	4	87
788	4	88
789	4	89
790	4	90
791	4	91
792	4	92
793	4	93
794	4	94
795	4	95
796	4	96
797	4	97
798	4	98
799	4	99
800	4	100
801	4	101
802	4	102
803	4	103
804	4	104
805	4	105
806	4	106
807	4	107
808	4	108
809	4	109
810	4	110
811	4	111
812	4	112
813	4	113
814	4	114
815	4	115
816	4	116
817	4	117
818	4	118
819	4	119
820	4	120
821	4	121
822	4	122
823	4	123
824	4	124
825	4	125
826	4	126
827	4	127
828	4	128
829	4	129
830	4	130
831	4	131
832	4	132
833	4	133
834	4	134
835	4	135
836	4	136
837	4	137
838	4	138
839	4	139
840	4	140
841	4	141
842	4	142
843	4	143
844	4	144
845	4	145
846	4	146
847	4	147
848	4	148
849	4	149
850	4	150
851	4	151
852	4	152
853	4	153
854	4	154
855	4	155
856	4	156
857	4	157
858	4	158
859	4	159
860	4	160
861	4	161
862	4	162
863	4	163
864	4	164
865	4	165
866	4	166
867	4	167
868	4	168
869	4	169
870	4	170
871	4	171
872	4	172
873	4	173
874	4	174
875	4	175
876	4	176
877	4	177
878	4	178
879	4	179
880	4	180
881	4	181
882	4	182
883	4	183
884	4	184
885	4	185
886	4	186
887	4	187
888	4	188
889	4	189
890	4	190
891	4	191
892	4	192
893	4	193
894	4	194
895	4	195
896	4	196
897	4	197
898	4	198
899	4	199
900	4	200
901	4	201
902	4	202
903	4	203
904	4	204
905	4	205
906	4	206
907	4	207
908	4	208
909	4	209
910	4	210
911	4	211
912	4	212
913	4	213
914	4	214
915	4	215
916	4	216
917	4	217
918	4	218
919	4	219
920	4	220
921	4	221
922	4	222
923	4	223
924	4	224
925	4	225
926	4	226
927	4	227
928	4	228
929	4	229
930	4	230
931	4	231
932	4	232
933	4	233
934	4	234
935	4	235
936	4	236
937	4	237
938	4	238
939	4	239
940	4	240
941	4	241
942	4	242
943	4	243
944	4	244
945	4	245
946	4	246
947	4	247
948	4	248
949	4	249
950	4	250
951	4	251
952	4	252
953	4	253
954	4	254
955	4	255
956	4	256
957	4	257
958	4	258
959	4	259
960	4	260
961	4	261
962	4	262
963	4	263
964	4	264
965	4	265
966	4	266
967	4	267
968	4	268
969	4	269
970	4	270
971	4	271
972	4	272
973	4	273
974	4	274
975	4	275
976	4	276
977	4	277
978	4	278
979	4	279
980	4	280
981	4	281
982	4	282
983	4	283
984	4	284
985	4	285
986	4	286
987	4	287
988	4	288
989	4	289
990	4	290
991	4	291
992	4	292
993	4	293
994	4	294
995	4	295
996	4	296
997	4	297
998	4	298
999	4	299
1000	4	300
1001	4	301
1002	4	302
1003	4	303
1004	4	304
1005	4	305
1006	4	306
1007	4	307
1008	4	308
1009	4	309
1010	4	310
1011	4	311
1012	4	312
1013	4	313
1014	4	314
1015	4	315
1016	4	316
1017	4	317
1018	4	318
1019	4	319
1020	4	320
1021	4	321
1022	4	322
1023	4	323
1024	4	324
1025	4	325
1026	4	326
1027	4	327
1028	4	328
1029	4	329
1030	4	330
1031	4	331
1032	4	332
1033	4	333
1034	4	334
1035	4	335
1036	4	336
1037	4	337
1038	4	338
1039	4	339
1040	4	340
1041	4	341
1042	4	342
1043	4	343
1044	4	344
1045	4	345
1046	4	346
1047	4	347
1048	4	349
1049	4	350
1050	4	351
1051	1	1
1052	1	2
1053	1	3
1054	1	4
1055	1	5
1056	1	6
1057	1	7
1058	1	8
1059	1	9
1060	1	10
1061	1	11
1062	1	12
1063	1	13
1064	1	14
1065	1	15
1066	1	16
1067	1	17
1068	1	18
1069	1	19
1070	1	20
1071	1	21
1072	1	22
1073	1	23
1074	1	24
1075	1	25
1076	1	26
1077	1	27
1078	1	28
1079	1	29
1080	1	30
1081	1	31
1082	1	32
1083	1	33
1084	1	34
1085	1	35
1086	1	36
1087	1	37
1088	1	38
1089	1	39
1090	1	40
1091	1	41
1092	1	42
1093	1	43
1094	1	44
1095	1	45
1096	1	46
1097	1	47
1098	1	48
1099	1	49
1100	1	50
1101	1	51
1102	1	52
1103	1	53
1104	1	54
1105	1	55
1106	1	56
1107	1	57
1108	1	58
1109	1	59
1110	1	60
1111	1	61
1112	1	62
1113	1	63
1114	1	64
1115	1	65
1116	1	66
1117	1	67
1118	1	68
1119	1	69
1120	1	70
1121	1	71
1122	1	72
1123	1	73
1124	1	74
1125	1	75
1126	1	76
1127	1	77
1128	1	78
1129	1	79
1130	1	80
1131	1	81
1132	1	82
1133	1	83
1134	1	84
1135	1	85
1136	1	86
1137	1	87
1138	1	88
1139	1	89
1140	1	90
1141	1	91
1142	1	92
1143	1	93
1144	1	94
1145	1	95
1146	1	96
1147	1	97
1148	1	98
1149	1	99
1150	1	100
1151	1	101
1152	1	102
1153	1	103
1154	1	104
1155	1	105
1156	1	106
1157	1	107
1158	1	108
1159	1	109
1160	1	110
1161	1	111
1162	1	112
1163	1	113
1164	1	114
1165	1	115
1166	1	116
1167	1	117
1168	1	118
1169	1	119
1170	1	120
1171	1	121
1172	1	122
1173	1	123
1174	1	124
1175	1	125
1176	1	126
1177	1	127
1178	1	128
1179	1	129
1180	1	130
1181	1	131
1182	1	132
1183	1	133
1184	1	134
1185	1	135
1186	1	136
1187	1	137
1188	1	138
1189	1	139
1190	1	140
1191	1	141
1192	1	142
1193	1	143
1194	1	144
1195	1	145
1196	1	146
1197	1	147
1198	1	148
1199	1	149
1200	1	150
1201	1	151
1202	1	152
1203	1	153
1204	1	154
1205	1	155
1206	1	156
1207	1	157
1208	1	158
1209	1	159
1210	1	160
1211	1	161
1212	1	162
1213	1	163
1214	1	164
1215	1	165
1216	1	166
1217	1	167
1218	1	168
1219	1	169
1220	1	170
1221	1	171
1222	1	172
1223	1	173
1224	1	174
1225	1	175
1226	1	176
1227	1	177
1228	1	178
1229	1	179
1230	1	180
1231	1	181
1232	1	182
1233	1	183
1234	1	184
1235	1	185
1236	1	186
1237	1	187
1238	1	188
1239	1	189
1240	1	190
1241	1	191
1242	1	192
1243	1	193
1244	1	194
1245	1	195
1246	1	196
1247	1	197
1248	1	198
1249	1	199
1250	1	200
1251	1	201
1252	1	202
1253	1	203
1254	1	204
1255	1	205
1256	1	206
1257	1	207
1258	1	208
1259	1	209
1260	1	210
1261	1	211
1262	1	212
1263	1	213
1264	1	214
1265	1	215
1266	1	216
1267	1	217
1268	1	218
1269	1	219
1270	1	220
1271	1	221
1272	1	222
1273	1	223
1274	1	224
1275	1	225
1276	1	226
1277	1	227
1278	1	228
1279	1	229
1280	1	230
1281	1	231
1282	1	232
1283	1	233
1284	1	234
1285	1	235
1286	1	236
1287	1	237
1288	1	238
1289	1	239
1290	1	240
1291	1	241
1292	1	242
1293	1	243
1294	1	244
1295	1	245
1296	1	246
1297	1	247
1298	1	248
1299	1	249
1300	1	250
1301	1	251
1302	1	252
1303	1	253
1304	1	254
1305	1	255
1306	1	256
1307	1	257
1308	1	258
1309	1	259
1310	1	260
1311	1	261
1312	1	262
1313	1	263
1314	1	264
1315	1	265
1316	1	266
1317	1	267
1318	1	268
1319	1	269
1320	1	270
1321	1	271
1322	1	272
1323	1	273
1324	1	274
1325	1	275
1326	1	276
1327	1	277
1328	1	278
1329	1	279
1330	1	280
1331	1	281
1332	1	282
1333	1	283
1334	1	284
1335	1	285
1336	1	286
1337	1	287
1338	1	288
1339	1	289
1340	1	290
1341	1	291
1342	1	292
1343	1	293
1344	1	294
1345	1	295
1346	1	296
1347	1	297
1348	1	298
1349	1	299
1350	1	300
1351	1	301
1352	1	302
1353	1	303
1354	1	304
1355	1	305
1356	1	306
1357	1	307
1358	1	308
1359	1	309
1360	1	310
1361	1	311
1362	1	312
1363	1	313
1364	1	314
1365	1	315
1366	1	316
1367	1	317
1368	1	318
1369	1	319
1370	1	320
1371	1	321
1372	1	322
1373	1	323
1374	1	324
1375	1	325
1376	1	326
1377	1	327
1378	1	328
1379	1	329
1380	1	330
1381	1	331
1382	1	332
1383	1	333
1384	1	334
1385	1	335
1386	1	336
1387	1	337
1388	1	338
1389	1	339
1390	1	340
1391	1	341
1392	1	342
1393	1	343
1394	1	344
1395	1	345
1396	1	346
1397	1	347
1398	1	349
1399	1	350
1400	1	351
\.


--
-- Data for Name: purchase_seller_mills; Type: TABLE DATA; Schema: jamkhandisugars; Owner: root
--

COPY jamkhandisugars.purchase_seller_mills (id, seller_id, mill_id) FROM stdin;
1	1	1
2	1	2
3	2	1
4	3	1
5	4	1
\.


--
-- Data for Name: purchase_sellerinvoice; Type: TABLE DATA; Schema: jamkhandisugars; Owner: root
--

COPY jamkhandisugars.purchase_sellerinvoice (id, invoice_num, mill_id, seller_id, perchase_order_id) FROM stdin;
\.


--
-- Data for Name: purchase_state; Type: TABLE DATA; Schema: jamkhandisugars; Owner: root
--

COPY jamkhandisugars.purchase_state (id, gst_sl_num, name) FROM stdin;
1	29	Karnataka
\.


--
-- Data for Name: purchase_village; Type: TABLE DATA; Schema: jamkhandisugars; Owner: root
--

COPY jamkhandisugars.purchase_village (id, name, pin_id) FROM stdin;
\.


--
-- Data for Name: auth_group; Type: TABLE DATA; Schema: public; Owner: root
--

COPY public.auth_group (id, name) FROM stdin;
\.


--
-- Data for Name: auth_group_permissions; Type: TABLE DATA; Schema: public; Owner: root
--

COPY public.auth_group_permissions (id, group_id, permission_id) FROM stdin;
\.


--
-- Data for Name: auth_permission; Type: TABLE DATA; Schema: public; Owner: root
--

COPY public.auth_permission (id, name, content_type_id, codename) FROM stdin;
1	Can add tenent	1	add_tenent
2	Can change tenent	1	change_tenent
3	Can delete tenent	1	delete_tenent
4	Can view tenent	1	view_tenent
5	Can add domain	2	add_domain
6	Can change domain	2	change_domain
7	Can delete domain	2	delete_domain
8	Can view domain	2	view_domain
9	Can add content type	3	add_contenttype
10	Can change content type	3	change_contenttype
11	Can delete content type	3	delete_contenttype
12	Can view content type	3	view_contenttype
13	Can add log entry	4	add_logentry
14	Can change log entry	4	change_logentry
15	Can delete log entry	4	delete_logentry
16	Can view log entry	4	view_logentry
17	Can add permission	5	add_permission
18	Can change permission	5	change_permission
19	Can delete permission	5	delete_permission
20	Can view permission	5	view_permission
21	Can add group	6	add_group
22	Can change group	6	change_group
23	Can delete group	6	delete_group
24	Can view group	6	view_group
25	Can add user	7	add_user
26	Can change user	7	change_user
27	Can delete user	7	delete_user
28	Can view user	7	view_user
29	Can add session	8	add_session
30	Can change session	8	change_session
31	Can delete session	8	delete_session
32	Can view session	8	view_session
33	Can add department	9	add_department
34	Can change department	9	change_department
35	Can delete department	9	delete_department
36	Can view department	9	view_department
37	Can add institution	10	add_institution
38	Can change institution	10	change_institution
39	Can delete institution	10	delete_institution
40	Can view institution	10	view_institution
41	Can add institution type	11	add_institutiontype
42	Can change institution type	11	change_institutiontype
43	Can delete institution type	11	delete_institutiontype
44	Can view institution type	11	view_institutiontype
45	Can add mill	12	add_mill
46	Can change mill	12	change_mill
47	Can delete mill	12	delete_mill
48	Can view mill	12	view_mill
49	Can add item category	13	add_itemcategory
50	Can change item category	13	change_itemcategory
51	Can delete item category	13	delete_itemcategory
52	Can view item category	13	view_itemcategory
53	Can add item master	14	add_itemmaster
54	Can change item master	14	change_itemmaster
55	Can delete item master	14	delete_itemmaster
56	Can view item master	14	view_itemmaster
57	Can add ledger type	15	add_ledgertype
58	Can change ledger type	15	change_ledgertype
59	Can delete ledger type	15	delete_ledgertype
60	Can view ledger type	15	view_ledgertype
61	Can add unit of measurement	16	add_unitofmeasurement
62	Can change unit of measurement	16	change_unitofmeasurement
63	Can delete unit of measurement	16	delete_unitofmeasurement
64	Can view unit of measurement	16	view_unitofmeasurement
65	Can add sub store	17	add_substore
66	Can change sub store	17	change_substore
67	Can delete sub store	17	delete_substore
68	Can view sub store	17	view_substore
69	Can add store ledger	18	add_storeledger
70	Can change store ledger	18	change_storeledger
71	Can delete store ledger	18	delete_storeledger
72	Can view store ledger	18	view_storeledger
73	Can add store	19	add_store
74	Can change store	19	change_store
75	Can delete store	19	delete_store
76	Can view store	19	view_store
77	Can add item properties	20	add_itemproperties
78	Can change item properties	20	change_itemproperties
79	Can delete item properties	20	delete_itemproperties
80	Can view item properties	20	view_itemproperties
81	Can add employee master	21	add_employeemaster
82	Can change employee master	21	change_employeemaster
83	Can delete employee master	21	delete_employeemaster
84	Can view employee master	21	view_employeemaster
85	Can add roles	22	add_roles
86	Can change roles	22	change_roles
87	Can delete roles	22	delete_roles
88	Can view roles	22	view_roles
89	Can add gstin	23	add_gstin
90	Can change gstin	23	change_gstin
91	Can delete gstin	23	delete_gstin
92	Can view gstin	23	view_gstin
93	Can add purchase order	24	add_purchaseorder
94	Can change purchase order	24	change_purchaseorder
95	Can delete purchase order	24	delete_purchaseorder
96	Can view purchase order	24	view_purchaseorder
97	Can add seller	25	add_seller
98	Can change seller	25	change_seller
99	Can delete seller	25	delete_seller
100	Can view seller	25	view_seller
101	Can add state	26	add_state
102	Can change state	26	change_state
103	Can delete state	26	delete_state
104	Can view state	26	view_state
105	Can add seller invoice	27	add_sellerinvoice
106	Can change seller invoice	27	change_sellerinvoice
107	Can delete seller invoice	27	delete_sellerinvoice
108	Can view seller invoice	27	view_sellerinvoice
109	Can add requisition	28	add_requisition
110	Can change requisition	28	change_requisition
111	Can delete requisition	28	delete_requisition
112	Can view requisition	28	view_requisition
113	Can add quotations	29	add_quotations
114	Can change quotations	29	change_quotations
115	Can delete quotations	29	delete_quotations
116	Can view quotations	29	view_quotations
117	Can add purchase order master	30	add_purchaseordermaster
118	Can change purchase order master	30	change_purchaseordermaster
119	Can delete purchase order master	30	delete_purchaseordermaster
120	Can view purchase order master	30	view_purchaseordermaster
121	Can add mir	31	add_mir
122	Can change mir	31	change_mir
123	Can delete mir	31	delete_mir
124	Can view mir	31	view_mir
125	Can add indent master	32	add_indentmaster
126	Can change indent master	32	change_indentmaster
127	Can delete indent master	32	delete_indentmaster
128	Can view indent master	32	view_indentmaster
129	Can add indent items	33	add_indentitems
130	Can change indent items	33	change_indentitems
131	Can delete indent items	33	delete_indentitems
132	Can view indent items	33	view_indentitems
133	Can add enquairy	34	add_enquairy
134	Can change enquairy	34	change_enquairy
135	Can delete enquairy	34	delete_enquairy
136	Can view enquairy	34	view_enquairy
137	Can add cost center	35	add_costcenter
138	Can change cost center	35	change_costcenter
139	Can delete cost center	35	delete_costcenter
140	Can view cost center	35	view_costcenter
141	Can add emails	36	add_emails
142	Can change emails	36	change_emails
143	Can delete emails	36	delete_emails
144	Can view emails	36	view_emails
145	Can add indent status	37	add_indentstatus
146	Can change indent status	37	change_indentstatus
147	Can delete indent status	37	delete_indentstatus
148	Can view indent status	37	view_indentstatus
149	Can add city	38	add_city
150	Can change city	38	change_city
151	Can delete city	38	delete_city
152	Can view city	38	view_city
153	Can add pin	39	add_pin
154	Can change pin	39	change_pin
155	Can delete pin	39	delete_pin
156	Can view pin	39	view_pin
157	Can add district	40	add_district
158	Can change district	40	change_district
159	Can delete district	40	delete_district
160	Can view district	40	view_district
161	Can add address	41	add_address
162	Can change address	41	change_address
163	Can delete address	41	delete_address
164	Can view address	41	view_address
165	Can add itemtype	42	add_itemtype
166	Can change itemtype	42	change_itemtype
167	Can delete itemtype	42	delete_itemtype
168	Can view itemtype	42	view_itemtype
169	Can add indent type	43	add_indenttype
170	Can change indent type	43	change_indenttype
171	Can delete indent type	43	delete_indenttype
172	Can view indent type	43	view_indenttype
173	Can add ledger	44	add_ledger
174	Can change ledger	44	change_ledger
175	Can delete ledger	44	delete_ledger
176	Can view ledger	44	view_ledger
177	Can add requisition master	45	add_requisitionmaster
178	Can change requisition master	45	change_requisitionmaster
179	Can delete requisition master	45	delete_requisitionmaster
180	Can view requisition master	45	view_requisitionmaster
181	Can add pages	46	add_pages
182	Can change pages	46	change_pages
183	Can delete pages	46	delete_pages
184	Can view pages	46	view_pages
185	Can add enquairy item	47	add_enquairyitem
186	Can change enquairy item	47	change_enquairyitem
187	Can delete enquairy item	47	delete_enquairyitem
188	Can view enquairy item	47	view_enquairyitem
189	Can add enquairy master	48	add_enquairymaster
190	Can change enquairy master	48	change_enquairymaster
191	Can delete enquairy master	48	delete_enquairymaster
192	Can view enquairy master	48	view_enquairymaster
193	Can add enquairy status	49	add_enquairystatus
194	Can change enquairy status	49	change_enquairystatus
195	Can delete enquairy status	49	delete_enquairystatus
196	Can view enquairy status	49	view_enquairystatus
197	Can add quotation item	50	add_quotationitem
198	Can change quotation item	50	change_quotationitem
199	Can delete quotation item	50	delete_quotationitem
200	Can view quotation item	50	view_quotationitem
201	Can add quotation master	51	add_quotationmaster
202	Can change quotation master	51	change_quotationmaster
203	Can delete quotation master	51	delete_quotationmaster
204	Can view quotation master	51	view_quotationmaster
205	Can add quotation status	52	add_quotationstatus
206	Can change quotation status	52	change_quotationstatus
207	Can delete quotation status	52	delete_quotationstatus
208	Can view quotation status	52	view_quotationstatus
209	Can add requisition item	53	add_requisitionitem
210	Can change requisition item	53	change_requisitionitem
211	Can delete requisition item	53	delete_requisitionitem
212	Can view requisition item	53	view_requisitionitem
213	Can add requisition status	54	add_requisitionstatus
214	Can change requisition status	54	change_requisitionstatus
215	Can delete requisition status	54	delete_requisitionstatus
216	Can view requisition status	54	view_requisitionstatus
217	Can add purchase order doc	55	add_purchaseorderdoc
218	Can change purchase order doc	55	change_purchaseorderdoc
219	Can delete purchase order doc	55	delete_purchaseorderdoc
220	Can view purchase order doc	55	view_purchaseorderdoc
221	Can add financial year	56	add_financialyear
222	Can change financial year	56	change_financialyear
223	Can delete financial year	56	delete_financialyear
224	Can view financial year	56	view_financialyear
225	Can add village	57	add_village
226	Can change village	57	change_village
227	Can delete village	57	delete_village
228	Can view village	57	view_village
229	Can add purchase order status	58	add_purchaseorderstatus
230	Can change purchase order status	58	change_purchaseorderstatus
231	Can delete purchase order status	58	delete_purchaseorderstatus
232	Can view purchase order status	58	view_purchaseorderstatus
233	Can add log entry	59	add_logentry
234	Can change log entry	59	change_logentry
235	Can delete log entry	59	delete_logentry
236	Can view log entry	59	view_logentry
\.


--
-- Data for Name: auth_user; Type: TABLE DATA; Schema: public; Owner: root
--

COPY public.auth_user (id, password, last_login, is_superuser, username, first_name, last_name, email, is_staff, is_active, date_joined) FROM stdin;
1	pbkdf2_sha256$600000$EMR909hPzRKSyIKloBFQc5$t6IP+4SBswJpoMWuTv0aqP23PWol5/7AP77/kp9G+/Q=	2024-03-21 06:59:23.263317+00	t	gfg				t	t	2024-03-21 06:51:11.22421+00
\.


--
-- Data for Name: auth_user_groups; Type: TABLE DATA; Schema: public; Owner: root
--

COPY public.auth_user_groups (id, user_id, group_id) FROM stdin;
\.


--
-- Data for Name: auth_user_user_permissions; Type: TABLE DATA; Schema: public; Owner: root
--

COPY public.auth_user_user_permissions (id, user_id, permission_id) FROM stdin;
\.


--
-- Data for Name: django_admin_log; Type: TABLE DATA; Schema: public; Owner: root
--

COPY public.django_admin_log (id, action_time, object_id, object_repr, action_flag, change_message, content_type_id, user_id) FROM stdin;
1	2024-03-21 06:57:31.169465+00	2	Jamkhandi Sugars Limited	1	[{"added": {}}]	1	1
2	2024-03-21 06:58:01.897895+00	2	jamkhandisugars.goflamingo.live	1	[{"added": {}}]	2	1
\.


--
-- Data for Name: django_content_type; Type: TABLE DATA; Schema: public; Owner: root
--

COPY public.django_content_type (id, app_label, model) FROM stdin;
1	tenant	tenent
2	tenant	domain
3	contenttypes	contenttype
4	admin	logentry
5	auth	permission
6	auth	group
7	auth	user
8	sessions	session
9	institute	department
10	institute	institution
11	institute	institutiontype
12	institute	mill
13	inventory	itemcategory
14	inventory	itemmaster
15	inventory	ledgertype
16	inventory	unitofmeasurement
17	inventory	substore
18	inventory	storeledger
19	inventory	store
20	inventory	itemproperties
21	employee	employeemaster
22	employee	roles
23	purchase	gstin
24	purchase	purchaseorder
25	purchase	seller
26	purchase	state
27	purchase	sellerinvoice
28	purchase	requisition
29	purchase	quotations
30	purchase	purchaseordermaster
31	purchase	mir
32	purchase	indentmaster
33	purchase	indentitems
34	purchase	enquairy
35	purchase	costcenter
36	institute	emails
37	purchase	indentstatus
38	purchase	city
39	purchase	pin
40	purchase	district
41	purchase	address
42	inventory	itemtype
43	purchase	indenttype
44	inventory	ledger
45	purchase	requisitionmaster
46	employee	pages
47	purchase	enquairyitem
48	purchase	enquairymaster
49	purchase	enquairystatus
50	purchase	quotationitem
51	purchase	quotationmaster
52	purchase	quotationstatus
53	purchase	requisitionitem
54	purchase	requisitionstatus
55	purchase	purchaseorderdoc
56	institute	financialyear
57	purchase	village
58	purchase	purchaseorderstatus
59	auditlog	logentry
\.


--
-- Data for Name: django_migrations; Type: TABLE DATA; Schema: public; Owner: root
--

COPY public.django_migrations (id, app, name, applied) FROM stdin;
1	contenttypes	0001_initial	2024-03-21 06:49:41.132496+00
2	auth	0001_initial	2024-03-21 06:49:41.186983+00
3	admin	0001_initial	2024-03-21 06:49:41.204343+00
4	admin	0002_logentry_remove_auto_add	2024-03-21 06:49:41.214718+00
5	admin	0003_logentry_add_action_flag_choices	2024-03-21 06:49:41.224015+00
6	contenttypes	0002_remove_content_type_name	2024-03-21 06:49:41.242039+00
7	auth	0002_alter_permission_name_max_length	2024-03-21 06:49:41.251712+00
8	auth	0003_alter_user_email_max_length	2024-03-21 06:49:41.260713+00
9	auth	0004_alter_user_username_opts	2024-03-21 06:49:41.269562+00
10	auth	0005_alter_user_last_login_null	2024-03-21 06:49:41.278479+00
11	auth	0006_require_contenttypes_0002	2024-03-21 06:49:41.281817+00
12	auth	0007_alter_validators_add_error_messages	2024-03-21 06:49:41.291718+00
13	auth	0008_alter_user_username_max_length	2024-03-21 06:49:41.30385+00
14	auth	0009_alter_user_last_name_max_length	2024-03-21 06:49:41.313042+00
15	auth	0010_alter_group_name_max_length	2024-03-21 06:49:41.323011+00
16	auth	0011_update_proxy_permissions	2024-03-21 06:49:41.331823+00
17	auth	0012_alter_user_first_name_max_length	2024-03-21 06:49:41.340865+00
18	institute	0001_initial	2024-03-21 06:49:41.350181+00
19	inventory	0001_initial	2024-03-21 06:49:41.373088+00
20	employee	0001_initial	2024-03-21 06:49:41.37824+00
21	purchase	0001_initial	2024-03-21 06:49:41.585572+00
22	employee	0002_initial	2024-03-21 06:49:41.7491+00
23	sessions	0001_initial	2024-03-21 06:49:41.761101+00
24	tenant	0001_initial	2024-03-21 06:49:41.781963+00
25	employee	0003_employeemaster_phone_number_and_more	2024-03-21 12:48:55.686343+00
26	employee	0004_employeemaster_change_password	2024-03-27 13:27:11.16784+00
27	inventory	0002_itemmaster_cost_center	2024-03-27 13:27:11.19883+00
28	purchase	0002_remove_costcenter_item_remove_seller_item_and_more	2024-03-27 13:27:11.299667+00
29	institute	0002_emails	2024-03-29 09:23:43.158999+00
30	employee	0005_employeemaster_email	2024-03-30 15:35:19.979124+00
31	purchase	0003_indentmaster_mill_indentstatus	2024-03-30 15:35:20.040336+00
32	purchase	0004_city_pin_district_city_district_address_and_more	2024-04-04 13:03:44.144529+00
33	institute	0003_department_parent	2024-04-08 09:25:42.192052+00
34	employee	0006_remove_employeemaster_dept_employeemaster_dept	2024-04-08 09:25:42.252115+00
35	inventory	0003_itemtype_store_available_qty_store_ledegr_and_more	2024-04-08 09:25:42.322467+00
36	purchase	0005_indenttype_indentmaster_dept_and_more	2024-04-08 09:25:42.388293+00
37	inventory	0004_ledger_remove_substore_store_and_more	2024-04-11 08:01:33.41621+00
38	purchase	0006_remove_requisition_dept_remove_requisition_employee_and_more	2024-04-11 08:01:33.752966+00
39	employee	0007_pages_roles_pages	2024-04-24 13:44:45.548422+00
40	purchase	0007_enquairyitem_enquairymaster_enquairystatus_and_more	2024-04-24 13:44:47.089421+00
41	purchase	0008_quotationitem_discount_quotationitem_gst_and_more	2024-05-02 13:44:22.592237+00
42	employee	0008_employeemaster_sign	2024-05-03 06:54:12.776598+00
43	purchase	0009_remove_enquairyitem_item_purchaseorderdoc_and_more	2024-05-03 06:54:12.909518+00
44	institute	0004_financialyear_mill_po_prefix	2024-05-08 09:38:04.613202+00
45	purchase	0010_enquairystatus_date_indentstatus_date_and_more	2024-05-08 09:38:04.819193+00
46	institute	0005_department_mill	2024-05-09 10:31:33.164515+00
47	purchase	0011_remove_quotationitem_parent_costcenter_mill_and_more	2024-05-09 10:31:33.295035+00
48	inventory	0005_itemmaster_dept	2024-05-12 05:56:14.509749+00
49	purchase	0012_alter_address_gstin_alter_seller_email_and_more	2024-05-12 05:56:14.692374+00
50	purchase	0013_alter_quotationitem_status_and_more	2024-05-13 10:31:50.725263+00
51	auditlog	0001_initial	2024-05-17 07:15:23.868627+00
52	auditlog	0002_auto_support_long_primary_keys	2024-05-17 07:15:23.888306+00
53	auditlog	0003_logentry_remote_addr	2024-05-17 07:15:23.903835+00
54	auditlog	0004_logentry_detailed_object_repr	2024-05-17 07:15:23.918701+00
55	auditlog	0005_logentry_additional_data_verbose_name	2024-05-17 07:15:23.935307+00
56	auditlog	0006_object_pk_index	2024-05-17 07:15:23.950708+00
57	auditlog	0007_object_pk_type	2024-05-17 07:15:23.967164+00
58	auditlog	0008_action_index	2024-05-17 07:15:23.982911+00
59	auditlog	0009_alter_logentry_additional_data	2024-05-17 07:15:23.999575+00
60	auditlog	0010_alter_logentry_timestamp	2024-05-17 07:15:24.017532+00
61	auditlog	0011_logentry_serialized_data	2024-05-17 07:15:24.032447+00
62	auditlog	0012_add_logentry_action_access	2024-05-17 07:15:24.04915+00
63	auditlog	0013_alter_logentry_timestamp	2024-05-17 07:15:24.065143+00
64	auditlog	0014_logentry_cid	2024-05-17 07:15:24.081165+00
65	auditlog	0015_alter_logentry_changes	2024-05-17 07:15:24.109588+00
66	purchase	0014_remove_enquairyitem_remark_and_more	2024-05-17 07:15:24.592352+00
67	purchase	0015_alter_quotationitem_discount_alter_quotationitem_gst_and_more	2024-05-17 08:21:18.513644+00
68	purchase	0016_quotationitem_hsn_quotationmaster_delivery_and_more	2024-05-21 06:05:08.013219+00
69	purchase	0017_enquairymaster_attach_file	2024-05-22 14:15:46.515465+00
70	purchase	0018_enquairymaster_seller_quotationmaster_attach_file_and_more	2024-05-23 11:27:38.476559+00
71	purchase	0019_purchaseordermaster_reason	2024-05-23 13:15:42.806715+00
72	inventory	0006_alter_ledger_status_alter_ledgertype_l_type	2024-05-28 08:00:23.093204+00
73	inventory	0007_alter_itemmaster_current_stock_alter_ledger_qty	2024-05-29 07:05:36.659185+00
74	purchase	0020_alter_indentitems_required_qty_and_more	2024-05-29 07:05:36.783547+00
75	inventory	0008_alter_itemmaster_min_stock	2024-05-29 08:22:50.469045+00
\.


--
-- Data for Name: django_session; Type: TABLE DATA; Schema: public; Owner: root
--

COPY public.django_session (session_key, session_data, expire_date) FROM stdin;
\.


--
-- Data for Name: tenant_domain; Type: TABLE DATA; Schema: public; Owner: root
--

COPY public.tenant_domain (id, domain, is_primary, tenant_id) FROM stdin;
1	gfg.goflamingo.live	t	1
2	jamkhandisugars.goflamingo.live	t	2
\.


--
-- Data for Name: tenant_tenent; Type: TABLE DATA; Schema: public; Owner: root
--

COPY public.tenant_tenent (id, schema_name, name, tenent_logo) FROM stdin;
1	gfg	Goflamingo Business Services Private Limited	
2	jamkhandisugars	Jamkhandi Sugars Limited.	tenent_logo/jsl_logo_d6ZtNaA_zPg7WMC.jpg
\.


--
-- Name: auditlog_logentry_id_seq; Type: SEQUENCE SET; Schema: gfg; Owner: root
--

SELECT pg_catalog.setval('gfg.auditlog_logentry_id_seq', 1, false);


--
-- Name: auth_group_id_seq; Type: SEQUENCE SET; Schema: gfg; Owner: root
--

SELECT pg_catalog.setval('gfg.auth_group_id_seq', 1, false);


--
-- Name: auth_group_permissions_id_seq; Type: SEQUENCE SET; Schema: gfg; Owner: root
--

SELECT pg_catalog.setval('gfg.auth_group_permissions_id_seq', 1, false);


--
-- Name: auth_permission_id_seq; Type: SEQUENCE SET; Schema: gfg; Owner: root
--

SELECT pg_catalog.setval('gfg.auth_permission_id_seq', 236, true);


--
-- Name: auth_user_groups_id_seq; Type: SEQUENCE SET; Schema: gfg; Owner: root
--

SELECT pg_catalog.setval('gfg.auth_user_groups_id_seq', 1, false);


--
-- Name: auth_user_id_seq; Type: SEQUENCE SET; Schema: gfg; Owner: root
--

SELECT pg_catalog.setval('gfg.auth_user_id_seq', 1, true);


--
-- Name: auth_user_user_permissions_id_seq; Type: SEQUENCE SET; Schema: gfg; Owner: root
--

SELECT pg_catalog.setval('gfg.auth_user_user_permissions_id_seq', 1, false);


--
-- Name: django_admin_log_id_seq; Type: SEQUENCE SET; Schema: gfg; Owner: root
--

SELECT pg_catalog.setval('gfg.django_admin_log_id_seq', 1, false);


--
-- Name: django_content_type_id_seq; Type: SEQUENCE SET; Schema: gfg; Owner: root
--

SELECT pg_catalog.setval('gfg.django_content_type_id_seq', 59, true);


--
-- Name: django_migrations_id_seq; Type: SEQUENCE SET; Schema: gfg; Owner: root
--

SELECT pg_catalog.setval('gfg.django_migrations_id_seq', 75, true);


--
-- Name: employee_employeemaster_cost_center_id_seq; Type: SEQUENCE SET; Schema: gfg; Owner: root
--

SELECT pg_catalog.setval('gfg.employee_employeemaster_cost_center_id_seq', 1, false);


--
-- Name: employee_employeemaster_dept_id_seq; Type: SEQUENCE SET; Schema: gfg; Owner: root
--

SELECT pg_catalog.setval('gfg.employee_employeemaster_dept_id_seq', 1, false);


--
-- Name: employee_employeemaster_id_seq; Type: SEQUENCE SET; Schema: gfg; Owner: root
--

SELECT pg_catalog.setval('gfg.employee_employeemaster_id_seq', 1, false);


--
-- Name: employee_employeemaster_mill_id_seq; Type: SEQUENCE SET; Schema: gfg; Owner: root
--

SELECT pg_catalog.setval('gfg.employee_employeemaster_mill_id_seq', 1, false);


--
-- Name: employee_pages_id_seq; Type: SEQUENCE SET; Schema: gfg; Owner: root
--

SELECT pg_catalog.setval('gfg.employee_pages_id_seq', 1, false);


--
-- Name: employee_roles_id_seq; Type: SEQUENCE SET; Schema: gfg; Owner: root
--

SELECT pg_catalog.setval('gfg.employee_roles_id_seq', 1, false);


--
-- Name: employee_roles_pages_id_seq; Type: SEQUENCE SET; Schema: gfg; Owner: root
--

SELECT pg_catalog.setval('gfg.employee_roles_pages_id_seq', 1, false);


--
-- Name: institute_department_id_seq; Type: SEQUENCE SET; Schema: gfg; Owner: root
--

SELECT pg_catalog.setval('gfg.institute_department_id_seq', 1, false);


--
-- Name: institute_emails_id_seq; Type: SEQUENCE SET; Schema: gfg; Owner: root
--

SELECT pg_catalog.setval('gfg.institute_emails_id_seq', 1, false);


--
-- Name: institute_financialyear_id_seq; Type: SEQUENCE SET; Schema: gfg; Owner: root
--

SELECT pg_catalog.setval('gfg.institute_financialyear_id_seq', 1, false);


--
-- Name: institute_institution_id_seq; Type: SEQUENCE SET; Schema: gfg; Owner: root
--

SELECT pg_catalog.setval('gfg.institute_institution_id_seq', 1, false);


--
-- Name: institute_institutiontype_id_seq; Type: SEQUENCE SET; Schema: gfg; Owner: root
--

SELECT pg_catalog.setval('gfg.institute_institutiontype_id_seq', 1, false);


--
-- Name: institute_mill_id_seq; Type: SEQUENCE SET; Schema: gfg; Owner: root
--

SELECT pg_catalog.setval('gfg.institute_mill_id_seq', 1, false);


--
-- Name: inventory_itemcategory_id_seq; Type: SEQUENCE SET; Schema: gfg; Owner: root
--

SELECT pg_catalog.setval('gfg.inventory_itemcategory_id_seq', 1, false);


--
-- Name: inventory_itemmaster_cost_center_id_seq; Type: SEQUENCE SET; Schema: gfg; Owner: root
--

SELECT pg_catalog.setval('gfg.inventory_itemmaster_cost_center_id_seq', 1, false);


--
-- Name: inventory_itemmaster_dept_id_seq; Type: SEQUENCE SET; Schema: gfg; Owner: root
--

SELECT pg_catalog.setval('gfg.inventory_itemmaster_dept_id_seq', 1, false);


--
-- Name: inventory_itemmaster_id_seq; Type: SEQUENCE SET; Schema: gfg; Owner: root
--

SELECT pg_catalog.setval('gfg.inventory_itemmaster_id_seq', 5345, true);


--
-- Name: inventory_itemproperties_id_seq; Type: SEQUENCE SET; Schema: gfg; Owner: root
--

SELECT pg_catalog.setval('gfg.inventory_itemproperties_id_seq', 1, false);


--
-- Name: inventory_itemtype_id_seq; Type: SEQUENCE SET; Schema: gfg; Owner: root
--

SELECT pg_catalog.setval('gfg.inventory_itemtype_id_seq', 1, false);


--
-- Name: inventory_ledger_id_seq; Type: SEQUENCE SET; Schema: gfg; Owner: root
--

SELECT pg_catalog.setval('gfg.inventory_ledger_id_seq', 1, false);


--
-- Name: inventory_ledgertype_id_seq; Type: SEQUENCE SET; Schema: gfg; Owner: root
--

SELECT pg_catalog.setval('gfg.inventory_ledgertype_id_seq', 1, false);


--
-- Name: inventory_store_id_seq; Type: SEQUENCE SET; Schema: gfg; Owner: root
--

SELECT pg_catalog.setval('gfg.inventory_store_id_seq', 1, false);


--
-- Name: inventory_unitofmeasurement_id_seq; Type: SEQUENCE SET; Schema: gfg; Owner: root
--

SELECT pg_catalog.setval('gfg.inventory_unitofmeasurement_id_seq', 29, true);


--
-- Name: purchase_address_id_seq; Type: SEQUENCE SET; Schema: gfg; Owner: root
--

SELECT pg_catalog.setval('gfg.purchase_address_id_seq', 1, false);


--
-- Name: purchase_city_id_seq; Type: SEQUENCE SET; Schema: gfg; Owner: root
--

SELECT pg_catalog.setval('gfg.purchase_city_id_seq', 1, false);


--
-- Name: purchase_costcenter_id_seq; Type: SEQUENCE SET; Schema: gfg; Owner: root
--

SELECT pg_catalog.setval('gfg.purchase_costcenter_id_seq', 1, false);


--
-- Name: purchase_district_id_seq; Type: SEQUENCE SET; Schema: gfg; Owner: root
--

SELECT pg_catalog.setval('gfg.purchase_district_id_seq', 1, false);


--
-- Name: purchase_enquairyitem_id_seq; Type: SEQUENCE SET; Schema: gfg; Owner: root
--

SELECT pg_catalog.setval('gfg.purchase_enquairyitem_id_seq', 1, false);


--
-- Name: purchase_enquairymaster_id_seq; Type: SEQUENCE SET; Schema: gfg; Owner: root
--

SELECT pg_catalog.setval('gfg.purchase_enquairymaster_id_seq', 1, false);


--
-- Name: purchase_enquairymaster_seller_id_seq; Type: SEQUENCE SET; Schema: gfg; Owner: root
--

SELECT pg_catalog.setval('gfg.purchase_enquairymaster_seller_id_seq', 1, false);


--
-- Name: purchase_enquairystatus_id_seq; Type: SEQUENCE SET; Schema: gfg; Owner: root
--

SELECT pg_catalog.setval('gfg.purchase_enquairystatus_id_seq', 1, false);


--
-- Name: purchase_gstin_id_seq; Type: SEQUENCE SET; Schema: gfg; Owner: root
--

SELECT pg_catalog.setval('gfg.purchase_gstin_id_seq', 1, false);


--
-- Name: purchase_indentitems_id_seq; Type: SEQUENCE SET; Schema: gfg; Owner: root
--

SELECT pg_catalog.setval('gfg.purchase_indentitems_id_seq', 1, false);


--
-- Name: purchase_indentmaster_id_seq; Type: SEQUENCE SET; Schema: gfg; Owner: root
--

SELECT pg_catalog.setval('gfg.purchase_indentmaster_id_seq', 1, false);


--
-- Name: purchase_indentstatus_id_seq; Type: SEQUENCE SET; Schema: gfg; Owner: root
--

SELECT pg_catalog.setval('gfg.purchase_indentstatus_id_seq', 1, false);


--
-- Name: purchase_indenttype_id_seq; Type: SEQUENCE SET; Schema: gfg; Owner: root
--

SELECT pg_catalog.setval('gfg.purchase_indenttype_id_seq', 1, false);


--
-- Name: purchase_mir_id_seq; Type: SEQUENCE SET; Schema: gfg; Owner: root
--

SELECT pg_catalog.setval('gfg.purchase_mir_id_seq', 1, false);


--
-- Name: purchase_pin_id_seq; Type: SEQUENCE SET; Schema: gfg; Owner: root
--

SELECT pg_catalog.setval('gfg.purchase_pin_id_seq', 1, false);


--
-- Name: purchase_purchaseorder_id_seq; Type: SEQUENCE SET; Schema: gfg; Owner: root
--

SELECT pg_catalog.setval('gfg.purchase_purchaseorder_id_seq', 1, false);


--
-- Name: purchase_purchaseorderdoc_id_seq; Type: SEQUENCE SET; Schema: gfg; Owner: root
--

SELECT pg_catalog.setval('gfg.purchase_purchaseorderdoc_id_seq', 1, false);


--
-- Name: purchase_purchaseordermaster_id_seq; Type: SEQUENCE SET; Schema: gfg; Owner: root
--

SELECT pg_catalog.setval('gfg.purchase_purchaseordermaster_id_seq', 1, false);


--
-- Name: purchase_purchaseorderstatus_id_seq; Type: SEQUENCE SET; Schema: gfg; Owner: root
--

SELECT pg_catalog.setval('gfg.purchase_purchaseorderstatus_id_seq', 1, false);


--
-- Name: purchase_quotationitem_id_seq; Type: SEQUENCE SET; Schema: gfg; Owner: root
--

SELECT pg_catalog.setval('gfg.purchase_quotationitem_id_seq', 1, false);


--
-- Name: purchase_quotationmaster_id_seq; Type: SEQUENCE SET; Schema: gfg; Owner: root
--

SELECT pg_catalog.setval('gfg.purchase_quotationmaster_id_seq', 1, false);


--
-- Name: purchase_quotationstatus_id_seq; Type: SEQUENCE SET; Schema: gfg; Owner: root
--

SELECT pg_catalog.setval('gfg.purchase_quotationstatus_id_seq', 1, false);


--
-- Name: purchase_requisitionitem_id_seq; Type: SEQUENCE SET; Schema: gfg; Owner: root
--

SELECT pg_catalog.setval('gfg.purchase_requisitionitem_id_seq', 1, false);


--
-- Name: purchase_requisitionmaster_id_seq; Type: SEQUENCE SET; Schema: gfg; Owner: root
--

SELECT pg_catalog.setval('gfg.purchase_requisitionmaster_id_seq', 1, false);


--
-- Name: purchase_requisitionstatus_id_seq; Type: SEQUENCE SET; Schema: gfg; Owner: root
--

SELECT pg_catalog.setval('gfg.purchase_requisitionstatus_id_seq', 1, false);


--
-- Name: purchase_seller_id_seq; Type: SEQUENCE SET; Schema: gfg; Owner: root
--

SELECT pg_catalog.setval('gfg.purchase_seller_id_seq', 1, false);


--
-- Name: purchase_seller_item_Category_id_seq; Type: SEQUENCE SET; Schema: gfg; Owner: root
--

SELECT pg_catalog.setval('gfg."purchase_seller_item_Category_id_seq"', 1, false);


--
-- Name: purchase_seller_mills_id_seq; Type: SEQUENCE SET; Schema: gfg; Owner: root
--

SELECT pg_catalog.setval('gfg.purchase_seller_mills_id_seq', 1, false);


--
-- Name: purchase_sellerinvoice_id_seq; Type: SEQUENCE SET; Schema: gfg; Owner: root
--

SELECT pg_catalog.setval('gfg.purchase_sellerinvoice_id_seq', 1, false);


--
-- Name: purchase_state_id_seq; Type: SEQUENCE SET; Schema: gfg; Owner: root
--

SELECT pg_catalog.setval('gfg.purchase_state_id_seq', 1, false);


--
-- Name: purchase_village_id_seq; Type: SEQUENCE SET; Schema: gfg; Owner: root
--

SELECT pg_catalog.setval('gfg.purchase_village_id_seq', 1, false);


--
-- Name: auditlog_logentry_id_seq; Type: SEQUENCE SET; Schema: jamkhandisugars; Owner: root
--

SELECT pg_catalog.setval('jamkhandisugars.auditlog_logentry_id_seq', 287, true);


--
-- Name: auth_group_id_seq; Type: SEQUENCE SET; Schema: jamkhandisugars; Owner: root
--

SELECT pg_catalog.setval('jamkhandisugars.auth_group_id_seq', 1, false);


--
-- Name: auth_group_permissions_id_seq; Type: SEQUENCE SET; Schema: jamkhandisugars; Owner: root
--

SELECT pg_catalog.setval('jamkhandisugars.auth_group_permissions_id_seq', 1, false);


--
-- Name: auth_permission_id_seq; Type: SEQUENCE SET; Schema: jamkhandisugars; Owner: root
--

SELECT pg_catalog.setval('jamkhandisugars.auth_permission_id_seq', 236, true);


--
-- Name: auth_user_groups_id_seq; Type: SEQUENCE SET; Schema: jamkhandisugars; Owner: root
--

SELECT pg_catalog.setval('jamkhandisugars.auth_user_groups_id_seq', 1, false);


--
-- Name: auth_user_id_seq; Type: SEQUENCE SET; Schema: jamkhandisugars; Owner: root
--

SELECT pg_catalog.setval('jamkhandisugars.auth_user_id_seq', 40, true);


--
-- Name: auth_user_user_permissions_id_seq; Type: SEQUENCE SET; Schema: jamkhandisugars; Owner: root
--

SELECT pg_catalog.setval('jamkhandisugars.auth_user_user_permissions_id_seq', 1, false);


--
-- Name: django_admin_log_id_seq; Type: SEQUENCE SET; Schema: jamkhandisugars; Owner: root
--

SELECT pg_catalog.setval('jamkhandisugars.django_admin_log_id_seq', 128, true);


--
-- Name: django_content_type_id_seq; Type: SEQUENCE SET; Schema: jamkhandisugars; Owner: root
--

SELECT pg_catalog.setval('jamkhandisugars.django_content_type_id_seq', 59, true);


--
-- Name: django_migrations_id_seq; Type: SEQUENCE SET; Schema: jamkhandisugars; Owner: root
--

SELECT pg_catalog.setval('jamkhandisugars.django_migrations_id_seq', 75, true);


--
-- Name: employee_employeemaster_cost_center_id_seq; Type: SEQUENCE SET; Schema: jamkhandisugars; Owner: root
--

SELECT pg_catalog.setval('jamkhandisugars.employee_employeemaster_cost_center_id_seq', 100, true);


--
-- Name: employee_employeemaster_dept_id_seq; Type: SEQUENCE SET; Schema: jamkhandisugars; Owner: root
--

SELECT pg_catalog.setval('jamkhandisugars.employee_employeemaster_dept_id_seq', 86, true);


--
-- Name: employee_employeemaster_id_seq; Type: SEQUENCE SET; Schema: jamkhandisugars; Owner: root
--

SELECT pg_catalog.setval('jamkhandisugars.employee_employeemaster_id_seq', 33, true);


--
-- Name: employee_employeemaster_mill_id_seq; Type: SEQUENCE SET; Schema: jamkhandisugars; Owner: root
--

SELECT pg_catalog.setval('jamkhandisugars.employee_employeemaster_mill_id_seq', 35, true);


--
-- Name: employee_pages_id_seq; Type: SEQUENCE SET; Schema: jamkhandisugars; Owner: root
--

SELECT pg_catalog.setval('jamkhandisugars.employee_pages_id_seq', 10, true);


--
-- Name: employee_roles_id_seq; Type: SEQUENCE SET; Schema: jamkhandisugars; Owner: root
--

SELECT pg_catalog.setval('jamkhandisugars.employee_roles_id_seq', 7, true);


--
-- Name: employee_roles_pages_id_seq; Type: SEQUENCE SET; Schema: jamkhandisugars; Owner: root
--

SELECT pg_catalog.setval('jamkhandisugars.employee_roles_pages_id_seq', 27, true);


--
-- Name: institute_department_id_seq; Type: SEQUENCE SET; Schema: jamkhandisugars; Owner: root
--

SELECT pg_catalog.setval('jamkhandisugars.institute_department_id_seq', 46, true);


--
-- Name: institute_emails_id_seq; Type: SEQUENCE SET; Schema: jamkhandisugars; Owner: root
--

SELECT pg_catalog.setval('jamkhandisugars.institute_emails_id_seq', 1, true);


--
-- Name: institute_financialyear_id_seq; Type: SEQUENCE SET; Schema: jamkhandisugars; Owner: root
--

SELECT pg_catalog.setval('jamkhandisugars.institute_financialyear_id_seq', 2, true);


--
-- Name: institute_institution_id_seq; Type: SEQUENCE SET; Schema: jamkhandisugars; Owner: root
--

SELECT pg_catalog.setval('jamkhandisugars.institute_institution_id_seq', 1, true);


--
-- Name: institute_institutiontype_id_seq; Type: SEQUENCE SET; Schema: jamkhandisugars; Owner: root
--

SELECT pg_catalog.setval('jamkhandisugars.institute_institutiontype_id_seq', 1, true);


--
-- Name: institute_mill_id_seq; Type: SEQUENCE SET; Schema: jamkhandisugars; Owner: root
--

SELECT pg_catalog.setval('jamkhandisugars.institute_mill_id_seq', 2, true);


--
-- Name: inventory_itemcategory_id_seq; Type: SEQUENCE SET; Schema: jamkhandisugars; Owner: root
--

SELECT pg_catalog.setval('jamkhandisugars.inventory_itemcategory_id_seq', 351, true);


--
-- Name: inventory_itemmaster_cost_center_id_seq; Type: SEQUENCE SET; Schema: jamkhandisugars; Owner: root
--

SELECT pg_catalog.setval('jamkhandisugars.inventory_itemmaster_cost_center_id_seq', 52, true);


--
-- Name: inventory_itemmaster_dept_id_seq; Type: SEQUENCE SET; Schema: jamkhandisugars; Owner: root
--

SELECT pg_catalog.setval('jamkhandisugars.inventory_itemmaster_dept_id_seq', 95, true);


--
-- Name: inventory_itemmaster_id_seq; Type: SEQUENCE SET; Schema: jamkhandisugars; Owner: root
--

SELECT pg_catalog.setval('jamkhandisugars.inventory_itemmaster_id_seq', 5347, true);


--
-- Name: inventory_itemproperties_id_seq; Type: SEQUENCE SET; Schema: jamkhandisugars; Owner: root
--

SELECT pg_catalog.setval('jamkhandisugars.inventory_itemproperties_id_seq', 1, false);


--
-- Name: inventory_itemtype_id_seq; Type: SEQUENCE SET; Schema: jamkhandisugars; Owner: root
--

SELECT pg_catalog.setval('jamkhandisugars.inventory_itemtype_id_seq', 1, false);


--
-- Name: inventory_ledger_id_seq; Type: SEQUENCE SET; Schema: jamkhandisugars; Owner: root
--

SELECT pg_catalog.setval('jamkhandisugars.inventory_ledger_id_seq', 2, true);


--
-- Name: inventory_ledgertype_id_seq; Type: SEQUENCE SET; Schema: jamkhandisugars; Owner: root
--

SELECT pg_catalog.setval('jamkhandisugars.inventory_ledgertype_id_seq', 2, true);


--
-- Name: inventory_store_id_seq; Type: SEQUENCE SET; Schema: jamkhandisugars; Owner: root
--

SELECT pg_catalog.setval('jamkhandisugars.inventory_store_id_seq', 1, false);


--
-- Name: inventory_unitofmeasurement_id_seq; Type: SEQUENCE SET; Schema: jamkhandisugars; Owner: root
--

SELECT pg_catalog.setval('jamkhandisugars.inventory_unitofmeasurement_id_seq', 29, true);


--
-- Name: purchase_address_id_seq; Type: SEQUENCE SET; Schema: jamkhandisugars; Owner: root
--

SELECT pg_catalog.setval('jamkhandisugars.purchase_address_id_seq', 1, false);


--
-- Name: purchase_city_id_seq; Type: SEQUENCE SET; Schema: jamkhandisugars; Owner: root
--

SELECT pg_catalog.setval('jamkhandisugars.purchase_city_id_seq', 1, false);


--
-- Name: purchase_costcenter_id_seq; Type: SEQUENCE SET; Schema: jamkhandisugars; Owner: root
--

SELECT pg_catalog.setval('jamkhandisugars.purchase_costcenter_id_seq', 8, true);


--
-- Name: purchase_district_id_seq; Type: SEQUENCE SET; Schema: jamkhandisugars; Owner: root
--

SELECT pg_catalog.setval('jamkhandisugars.purchase_district_id_seq', 1, false);


--
-- Name: purchase_enquairyitem_id_seq; Type: SEQUENCE SET; Schema: jamkhandisugars; Owner: root
--

SELECT pg_catalog.setval('jamkhandisugars.purchase_enquairyitem_id_seq', 41, true);


--
-- Name: purchase_enquairymaster_id_seq; Type: SEQUENCE SET; Schema: jamkhandisugars; Owner: root
--

SELECT pg_catalog.setval('jamkhandisugars.purchase_enquairymaster_id_seq', 14, true);


--
-- Name: purchase_enquairymaster_seller_id_seq; Type: SEQUENCE SET; Schema: jamkhandisugars; Owner: root
--

SELECT pg_catalog.setval('jamkhandisugars.purchase_enquairymaster_seller_id_seq', 1, false);


--
-- Name: purchase_enquairystatus_id_seq; Type: SEQUENCE SET; Schema: jamkhandisugars; Owner: root
--

SELECT pg_catalog.setval('jamkhandisugars.purchase_enquairystatus_id_seq', 14, true);


--
-- Name: purchase_gstin_id_seq; Type: SEQUENCE SET; Schema: jamkhandisugars; Owner: root
--

SELECT pg_catalog.setval('jamkhandisugars.purchase_gstin_id_seq', 3, true);


--
-- Name: purchase_indentitems_id_seq; Type: SEQUENCE SET; Schema: jamkhandisugars; Owner: root
--

SELECT pg_catalog.setval('jamkhandisugars.purchase_indentitems_id_seq', 43, true);


--
-- Name: purchase_indentmaster_id_seq; Type: SEQUENCE SET; Schema: jamkhandisugars; Owner: root
--

SELECT pg_catalog.setval('jamkhandisugars.purchase_indentmaster_id_seq', 31, true);


--
-- Name: purchase_indentstatus_id_seq; Type: SEQUENCE SET; Schema: jamkhandisugars; Owner: root
--

SELECT pg_catalog.setval('jamkhandisugars.purchase_indentstatus_id_seq', 33, true);


--
-- Name: purchase_indenttype_id_seq; Type: SEQUENCE SET; Schema: jamkhandisugars; Owner: root
--

SELECT pg_catalog.setval('jamkhandisugars.purchase_indenttype_id_seq', 3, true);


--
-- Name: purchase_mir_id_seq; Type: SEQUENCE SET; Schema: jamkhandisugars; Owner: root
--

SELECT pg_catalog.setval('jamkhandisugars.purchase_mir_id_seq', 1, false);


--
-- Name: purchase_pin_id_seq; Type: SEQUENCE SET; Schema: jamkhandisugars; Owner: root
--

SELECT pg_catalog.setval('jamkhandisugars.purchase_pin_id_seq', 1, false);


--
-- Name: purchase_purchaseorder_id_seq; Type: SEQUENCE SET; Schema: jamkhandisugars; Owner: root
--

SELECT pg_catalog.setval('jamkhandisugars.purchase_purchaseorder_id_seq', 24, true);


--
-- Name: purchase_purchaseorderdoc_id_seq; Type: SEQUENCE SET; Schema: jamkhandisugars; Owner: root
--

SELECT pg_catalog.setval('jamkhandisugars.purchase_purchaseorderdoc_id_seq', 1, false);


--
-- Name: purchase_purchaseordermaster_id_seq; Type: SEQUENCE SET; Schema: jamkhandisugars; Owner: root
--

SELECT pg_catalog.setval('jamkhandisugars.purchase_purchaseordermaster_id_seq', 18, true);


--
-- Name: purchase_purchaseorderstatus_id_seq; Type: SEQUENCE SET; Schema: jamkhandisugars; Owner: root
--

SELECT pg_catalog.setval('jamkhandisugars.purchase_purchaseorderstatus_id_seq', 16, true);


--
-- Name: purchase_quotationitem_id_seq; Type: SEQUENCE SET; Schema: jamkhandisugars; Owner: root
--

SELECT pg_catalog.setval('jamkhandisugars.purchase_quotationitem_id_seq', 68, true);


--
-- Name: purchase_quotationmaster_id_seq; Type: SEQUENCE SET; Schema: jamkhandisugars; Owner: root
--

SELECT pg_catalog.setval('jamkhandisugars.purchase_quotationmaster_id_seq', 29, true);


--
-- Name: purchase_quotationstatus_id_seq; Type: SEQUENCE SET; Schema: jamkhandisugars; Owner: root
--

SELECT pg_catalog.setval('jamkhandisugars.purchase_quotationstatus_id_seq', 2, true);


--
-- Name: purchase_requisitionitem_id_seq; Type: SEQUENCE SET; Schema: jamkhandisugars; Owner: root
--

SELECT pg_catalog.setval('jamkhandisugars.purchase_requisitionitem_id_seq', 26, true);


--
-- Name: purchase_requisitionmaster_id_seq; Type: SEQUENCE SET; Schema: jamkhandisugars; Owner: root
--

SELECT pg_catalog.setval('jamkhandisugars.purchase_requisitionmaster_id_seq', 22, true);


--
-- Name: purchase_requisitionstatus_id_seq; Type: SEQUENCE SET; Schema: jamkhandisugars; Owner: root
--

SELECT pg_catalog.setval('jamkhandisugars.purchase_requisitionstatus_id_seq', 18, true);


--
-- Name: purchase_seller_id_seq; Type: SEQUENCE SET; Schema: jamkhandisugars; Owner: root
--

SELECT pg_catalog.setval('jamkhandisugars.purchase_seller_id_seq', 4, true);


--
-- Name: purchase_seller_item_Category_id_seq; Type: SEQUENCE SET; Schema: jamkhandisugars; Owner: root
--

SELECT pg_catalog.setval('jamkhandisugars."purchase_seller_item_Category_id_seq"', 1400, true);


--
-- Name: purchase_seller_mills_id_seq; Type: SEQUENCE SET; Schema: jamkhandisugars; Owner: root
--

SELECT pg_catalog.setval('jamkhandisugars.purchase_seller_mills_id_seq', 5, true);


--
-- Name: purchase_sellerinvoice_id_seq; Type: SEQUENCE SET; Schema: jamkhandisugars; Owner: root
--

SELECT pg_catalog.setval('jamkhandisugars.purchase_sellerinvoice_id_seq', 1, false);


--
-- Name: purchase_state_id_seq; Type: SEQUENCE SET; Schema: jamkhandisugars; Owner: root
--

SELECT pg_catalog.setval('jamkhandisugars.purchase_state_id_seq', 1, true);


--
-- Name: purchase_village_id_seq; Type: SEQUENCE SET; Schema: jamkhandisugars; Owner: root
--

SELECT pg_catalog.setval('jamkhandisugars.purchase_village_id_seq', 1, false);


--
-- Name: auth_group_id_seq; Type: SEQUENCE SET; Schema: public; Owner: root
--

SELECT pg_catalog.setval('public.auth_group_id_seq', 1, false);


--
-- Name: auth_group_permissions_id_seq; Type: SEQUENCE SET; Schema: public; Owner: root
--

SELECT pg_catalog.setval('public.auth_group_permissions_id_seq', 1, false);


--
-- Name: auth_permission_id_seq; Type: SEQUENCE SET; Schema: public; Owner: root
--

SELECT pg_catalog.setval('public.auth_permission_id_seq', 236, true);


--
-- Name: auth_user_groups_id_seq; Type: SEQUENCE SET; Schema: public; Owner: root
--

SELECT pg_catalog.setval('public.auth_user_groups_id_seq', 1, false);


--
-- Name: auth_user_id_seq; Type: SEQUENCE SET; Schema: public; Owner: root
--

SELECT pg_catalog.setval('public.auth_user_id_seq', 1, true);


--
-- Name: auth_user_user_permissions_id_seq; Type: SEQUENCE SET; Schema: public; Owner: root
--

SELECT pg_catalog.setval('public.auth_user_user_permissions_id_seq', 1, false);


--
-- Name: django_admin_log_id_seq; Type: SEQUENCE SET; Schema: public; Owner: root
--

SELECT pg_catalog.setval('public.django_admin_log_id_seq', 2, true);


--
-- Name: django_content_type_id_seq; Type: SEQUENCE SET; Schema: public; Owner: root
--

SELECT pg_catalog.setval('public.django_content_type_id_seq', 59, true);


--
-- Name: django_migrations_id_seq; Type: SEQUENCE SET; Schema: public; Owner: root
--

SELECT pg_catalog.setval('public.django_migrations_id_seq', 75, true);


--
-- Name: tenant_domain_id_seq; Type: SEQUENCE SET; Schema: public; Owner: root
--

SELECT pg_catalog.setval('public.tenant_domain_id_seq', 2, true);


--
-- Name: tenant_tenent_id_seq; Type: SEQUENCE SET; Schema: public; Owner: root
--

SELECT pg_catalog.setval('public.tenant_tenent_id_seq', 2, true);


--
-- Name: auditlog_logentry auditlog_logentry_pkey; Type: CONSTRAINT; Schema: gfg; Owner: root
--

ALTER TABLE ONLY gfg.auditlog_logentry
    ADD CONSTRAINT auditlog_logentry_pkey PRIMARY KEY (id);


--
-- Name: auth_group auth_group_name_key; Type: CONSTRAINT; Schema: gfg; Owner: root
--

ALTER TABLE ONLY gfg.auth_group
    ADD CONSTRAINT auth_group_name_key UNIQUE (name);


--
-- Name: auth_group_permissions auth_group_permissions_group_id_permission_id_0cd325b0_uniq; Type: CONSTRAINT; Schema: gfg; Owner: root
--

ALTER TABLE ONLY gfg.auth_group_permissions
    ADD CONSTRAINT auth_group_permissions_group_id_permission_id_0cd325b0_uniq UNIQUE (group_id, permission_id);


--
-- Name: auth_group_permissions auth_group_permissions_pkey; Type: CONSTRAINT; Schema: gfg; Owner: root
--

ALTER TABLE ONLY gfg.auth_group_permissions
    ADD CONSTRAINT auth_group_permissions_pkey PRIMARY KEY (id);


--
-- Name: auth_group auth_group_pkey; Type: CONSTRAINT; Schema: gfg; Owner: root
--

ALTER TABLE ONLY gfg.auth_group
    ADD CONSTRAINT auth_group_pkey PRIMARY KEY (id);


--
-- Name: auth_permission auth_permission_content_type_id_codename_01ab375a_uniq; Type: CONSTRAINT; Schema: gfg; Owner: root
--

ALTER TABLE ONLY gfg.auth_permission
    ADD CONSTRAINT auth_permission_content_type_id_codename_01ab375a_uniq UNIQUE (content_type_id, codename);


--
-- Name: auth_permission auth_permission_pkey; Type: CONSTRAINT; Schema: gfg; Owner: root
--

ALTER TABLE ONLY gfg.auth_permission
    ADD CONSTRAINT auth_permission_pkey PRIMARY KEY (id);


--
-- Name: auth_user_groups auth_user_groups_pkey; Type: CONSTRAINT; Schema: gfg; Owner: root
--

ALTER TABLE ONLY gfg.auth_user_groups
    ADD CONSTRAINT auth_user_groups_pkey PRIMARY KEY (id);


--
-- Name: auth_user_groups auth_user_groups_user_id_group_id_94350c0c_uniq; Type: CONSTRAINT; Schema: gfg; Owner: root
--

ALTER TABLE ONLY gfg.auth_user_groups
    ADD CONSTRAINT auth_user_groups_user_id_group_id_94350c0c_uniq UNIQUE (user_id, group_id);


--
-- Name: auth_user auth_user_pkey; Type: CONSTRAINT; Schema: gfg; Owner: root
--

ALTER TABLE ONLY gfg.auth_user
    ADD CONSTRAINT auth_user_pkey PRIMARY KEY (id);


--
-- Name: auth_user_user_permissions auth_user_user_permissions_pkey; Type: CONSTRAINT; Schema: gfg; Owner: root
--

ALTER TABLE ONLY gfg.auth_user_user_permissions
    ADD CONSTRAINT auth_user_user_permissions_pkey PRIMARY KEY (id);


--
-- Name: auth_user_user_permissions auth_user_user_permissions_user_id_permission_id_14a6b632_uniq; Type: CONSTRAINT; Schema: gfg; Owner: root
--

ALTER TABLE ONLY gfg.auth_user_user_permissions
    ADD CONSTRAINT auth_user_user_permissions_user_id_permission_id_14a6b632_uniq UNIQUE (user_id, permission_id);


--
-- Name: auth_user auth_user_username_key; Type: CONSTRAINT; Schema: gfg; Owner: root
--

ALTER TABLE ONLY gfg.auth_user
    ADD CONSTRAINT auth_user_username_key UNIQUE (username);


--
-- Name: django_admin_log django_admin_log_pkey; Type: CONSTRAINT; Schema: gfg; Owner: root
--

ALTER TABLE ONLY gfg.django_admin_log
    ADD CONSTRAINT django_admin_log_pkey PRIMARY KEY (id);


--
-- Name: django_content_type django_content_type_app_label_model_76bd3d3b_uniq; Type: CONSTRAINT; Schema: gfg; Owner: root
--

ALTER TABLE ONLY gfg.django_content_type
    ADD CONSTRAINT django_content_type_app_label_model_76bd3d3b_uniq UNIQUE (app_label, model);


--
-- Name: django_content_type django_content_type_pkey; Type: CONSTRAINT; Schema: gfg; Owner: root
--

ALTER TABLE ONLY gfg.django_content_type
    ADD CONSTRAINT django_content_type_pkey PRIMARY KEY (id);


--
-- Name: django_migrations django_migrations_pkey; Type: CONSTRAINT; Schema: gfg; Owner: root
--

ALTER TABLE ONLY gfg.django_migrations
    ADD CONSTRAINT django_migrations_pkey PRIMARY KEY (id);


--
-- Name: django_session django_session_pkey; Type: CONSTRAINT; Schema: gfg; Owner: root
--

ALTER TABLE ONLY gfg.django_session
    ADD CONSTRAINT django_session_pkey PRIMARY KEY (session_key);


--
-- Name: employee_employeemaster_cost_center employee_employeemaster__employeemaster_id_costce_822f3f05_uniq; Type: CONSTRAINT; Schema: gfg; Owner: root
--

ALTER TABLE ONLY gfg.employee_employeemaster_cost_center
    ADD CONSTRAINT employee_employeemaster__employeemaster_id_costce_822f3f05_uniq UNIQUE (employeemaster_id, costcenter_id);


--
-- Name: employee_employeemaster_dept employee_employeemaster__employeemaster_id_depart_60280d85_uniq; Type: CONSTRAINT; Schema: gfg; Owner: root
--

ALTER TABLE ONLY gfg.employee_employeemaster_dept
    ADD CONSTRAINT employee_employeemaster__employeemaster_id_depart_60280d85_uniq UNIQUE (employeemaster_id, department_id);


--
-- Name: employee_employeemaster_mill employee_employeemaster__employeemaster_id_mill_i_123825e1_uniq; Type: CONSTRAINT; Schema: gfg; Owner: root
--

ALTER TABLE ONLY gfg.employee_employeemaster_mill
    ADD CONSTRAINT employee_employeemaster__employeemaster_id_mill_i_123825e1_uniq UNIQUE (employeemaster_id, mill_id);


--
-- Name: employee_employeemaster_cost_center employee_employeemaster_cost_center_pkey; Type: CONSTRAINT; Schema: gfg; Owner: root
--

ALTER TABLE ONLY gfg.employee_employeemaster_cost_center
    ADD CONSTRAINT employee_employeemaster_cost_center_pkey PRIMARY KEY (id);


--
-- Name: employee_employeemaster_dept employee_employeemaster_dept_pkey; Type: CONSTRAINT; Schema: gfg; Owner: root
--

ALTER TABLE ONLY gfg.employee_employeemaster_dept
    ADD CONSTRAINT employee_employeemaster_dept_pkey PRIMARY KEY (id);


--
-- Name: employee_employeemaster_mill employee_employeemaster_mill_pkey; Type: CONSTRAINT; Schema: gfg; Owner: root
--

ALTER TABLE ONLY gfg.employee_employeemaster_mill
    ADD CONSTRAINT employee_employeemaster_mill_pkey PRIMARY KEY (id);


--
-- Name: employee_employeemaster employee_employeemaster_pkey; Type: CONSTRAINT; Schema: gfg; Owner: root
--

ALTER TABLE ONLY gfg.employee_employeemaster
    ADD CONSTRAINT employee_employeemaster_pkey PRIMARY KEY (id);


--
-- Name: employee_employeemaster employee_employeemaster_user_id_key; Type: CONSTRAINT; Schema: gfg; Owner: root
--

ALTER TABLE ONLY gfg.employee_employeemaster
    ADD CONSTRAINT employee_employeemaster_user_id_key UNIQUE (user_id);


--
-- Name: employee_pages employee_pages_pkey; Type: CONSTRAINT; Schema: gfg; Owner: root
--

ALTER TABLE ONLY gfg.employee_pages
    ADD CONSTRAINT employee_pages_pkey PRIMARY KEY (id);


--
-- Name: employee_roles_pages employee_roles_pages_pkey; Type: CONSTRAINT; Schema: gfg; Owner: root
--

ALTER TABLE ONLY gfg.employee_roles_pages
    ADD CONSTRAINT employee_roles_pages_pkey PRIMARY KEY (id);


--
-- Name: employee_roles_pages employee_roles_pages_roles_id_pages_id_1e3cbd0d_uniq; Type: CONSTRAINT; Schema: gfg; Owner: root
--

ALTER TABLE ONLY gfg.employee_roles_pages
    ADD CONSTRAINT employee_roles_pages_roles_id_pages_id_1e3cbd0d_uniq UNIQUE (roles_id, pages_id);


--
-- Name: employee_roles employee_roles_pkey; Type: CONSTRAINT; Schema: gfg; Owner: root
--

ALTER TABLE ONLY gfg.employee_roles
    ADD CONSTRAINT employee_roles_pkey PRIMARY KEY (id);


--
-- Name: institute_department institute_department_pkey; Type: CONSTRAINT; Schema: gfg; Owner: root
--

ALTER TABLE ONLY gfg.institute_department
    ADD CONSTRAINT institute_department_pkey PRIMARY KEY (id);


--
-- Name: institute_emails institute_emails_pkey; Type: CONSTRAINT; Schema: gfg; Owner: root
--

ALTER TABLE ONLY gfg.institute_emails
    ADD CONSTRAINT institute_emails_pkey PRIMARY KEY (id);


--
-- Name: institute_financialyear institute_financialyear_pkey; Type: CONSTRAINT; Schema: gfg; Owner: root
--

ALTER TABLE ONLY gfg.institute_financialyear
    ADD CONSTRAINT institute_financialyear_pkey PRIMARY KEY (id);


--
-- Name: institute_institution institute_institution_pkey; Type: CONSTRAINT; Schema: gfg; Owner: root
--

ALTER TABLE ONLY gfg.institute_institution
    ADD CONSTRAINT institute_institution_pkey PRIMARY KEY (id);


--
-- Name: institute_institutiontype institute_institutiontype_pkey; Type: CONSTRAINT; Schema: gfg; Owner: root
--

ALTER TABLE ONLY gfg.institute_institutiontype
    ADD CONSTRAINT institute_institutiontype_pkey PRIMARY KEY (id);


--
-- Name: institute_mill institute_mill_pkey; Type: CONSTRAINT; Schema: gfg; Owner: root
--

ALTER TABLE ONLY gfg.institute_mill
    ADD CONSTRAINT institute_mill_pkey PRIMARY KEY (id);


--
-- Name: inventory_itemcategory inventory_itemcategory_pkey; Type: CONSTRAINT; Schema: gfg; Owner: root
--

ALTER TABLE ONLY gfg.inventory_itemcategory
    ADD CONSTRAINT inventory_itemcategory_pkey PRIMARY KEY (id);


--
-- Name: inventory_itemmaster_cost_center inventory_itemmaster_cos_itemmaster_id_costcenter_098e9c8c_uniq; Type: CONSTRAINT; Schema: gfg; Owner: root
--

ALTER TABLE ONLY gfg.inventory_itemmaster_cost_center
    ADD CONSTRAINT inventory_itemmaster_cos_itemmaster_id_costcenter_098e9c8c_uniq UNIQUE (itemmaster_id, costcenter_id);


--
-- Name: inventory_itemmaster_cost_center inventory_itemmaster_cost_center_pkey; Type: CONSTRAINT; Schema: gfg; Owner: root
--

ALTER TABLE ONLY gfg.inventory_itemmaster_cost_center
    ADD CONSTRAINT inventory_itemmaster_cost_center_pkey PRIMARY KEY (id);


--
-- Name: inventory_itemmaster_dept inventory_itemmaster_dep_itemmaster_id_department_dfafbd2f_uniq; Type: CONSTRAINT; Schema: gfg; Owner: root
--

ALTER TABLE ONLY gfg.inventory_itemmaster_dept
    ADD CONSTRAINT inventory_itemmaster_dep_itemmaster_id_department_dfafbd2f_uniq UNIQUE (itemmaster_id, department_id);


--
-- Name: inventory_itemmaster_dept inventory_itemmaster_dept_pkey; Type: CONSTRAINT; Schema: gfg; Owner: root
--

ALTER TABLE ONLY gfg.inventory_itemmaster_dept
    ADD CONSTRAINT inventory_itemmaster_dept_pkey PRIMARY KEY (id);


--
-- Name: inventory_itemmaster inventory_itemmaster_pkey; Type: CONSTRAINT; Schema: gfg; Owner: root
--

ALTER TABLE ONLY gfg.inventory_itemmaster
    ADD CONSTRAINT inventory_itemmaster_pkey PRIMARY KEY (id);


--
-- Name: inventory_itemproperties inventory_itemproperties_pkey; Type: CONSTRAINT; Schema: gfg; Owner: root
--

ALTER TABLE ONLY gfg.inventory_itemproperties
    ADD CONSTRAINT inventory_itemproperties_pkey PRIMARY KEY (id);


--
-- Name: inventory_itemtype inventory_itemtype_pkey; Type: CONSTRAINT; Schema: gfg; Owner: root
--

ALTER TABLE ONLY gfg.inventory_itemtype
    ADD CONSTRAINT inventory_itemtype_pkey PRIMARY KEY (id);


--
-- Name: inventory_ledger inventory_ledger_pkey; Type: CONSTRAINT; Schema: gfg; Owner: root
--

ALTER TABLE ONLY gfg.inventory_ledger
    ADD CONSTRAINT inventory_ledger_pkey PRIMARY KEY (id);


--
-- Name: inventory_ledgertype inventory_ledgertype_pkey; Type: CONSTRAINT; Schema: gfg; Owner: root
--

ALTER TABLE ONLY gfg.inventory_ledgertype
    ADD CONSTRAINT inventory_ledgertype_pkey PRIMARY KEY (id);


--
-- Name: inventory_store inventory_store_pkey; Type: CONSTRAINT; Schema: gfg; Owner: root
--

ALTER TABLE ONLY gfg.inventory_store
    ADD CONSTRAINT inventory_store_pkey PRIMARY KEY (id);


--
-- Name: inventory_unitofmeasurement inventory_unitofmeasurement_pkey; Type: CONSTRAINT; Schema: gfg; Owner: root
--

ALTER TABLE ONLY gfg.inventory_unitofmeasurement
    ADD CONSTRAINT inventory_unitofmeasurement_pkey PRIMARY KEY (id);


--
-- Name: purchase_address purchase_address_pkey; Type: CONSTRAINT; Schema: gfg; Owner: root
--

ALTER TABLE ONLY gfg.purchase_address
    ADD CONSTRAINT purchase_address_pkey PRIMARY KEY (id);


--
-- Name: purchase_city purchase_city_name_district_id_1988b6de_uniq; Type: CONSTRAINT; Schema: gfg; Owner: root
--

ALTER TABLE ONLY gfg.purchase_city
    ADD CONSTRAINT purchase_city_name_district_id_1988b6de_uniq UNIQUE (name, district_id);


--
-- Name: purchase_city purchase_city_pkey; Type: CONSTRAINT; Schema: gfg; Owner: root
--

ALTER TABLE ONLY gfg.purchase_city
    ADD CONSTRAINT purchase_city_pkey PRIMARY KEY (id);


--
-- Name: purchase_costcenter purchase_costcenter_pkey; Type: CONSTRAINT; Schema: gfg; Owner: root
--

ALTER TABLE ONLY gfg.purchase_costcenter
    ADD CONSTRAINT purchase_costcenter_pkey PRIMARY KEY (id);


--
-- Name: purchase_district purchase_district_name_state_id_29b69d3a_uniq; Type: CONSTRAINT; Schema: gfg; Owner: root
--

ALTER TABLE ONLY gfg.purchase_district
    ADD CONSTRAINT purchase_district_name_state_id_29b69d3a_uniq UNIQUE (name, state_id);


--
-- Name: purchase_district purchase_district_pkey; Type: CONSTRAINT; Schema: gfg; Owner: root
--

ALTER TABLE ONLY gfg.purchase_district
    ADD CONSTRAINT purchase_district_pkey PRIMARY KEY (id);


--
-- Name: purchase_enquairyitem purchase_enquairyitem_pkey; Type: CONSTRAINT; Schema: gfg; Owner: root
--

ALTER TABLE ONLY gfg.purchase_enquairyitem
    ADD CONSTRAINT purchase_enquairyitem_pkey PRIMARY KEY (id);


--
-- Name: purchase_enquairymaster_seller purchase_enquairymaster__enquairymaster_id_seller_7e58c804_uniq; Type: CONSTRAINT; Schema: gfg; Owner: root
--

ALTER TABLE ONLY gfg.purchase_enquairymaster_seller
    ADD CONSTRAINT purchase_enquairymaster__enquairymaster_id_seller_7e58c804_uniq UNIQUE (enquairymaster_id, seller_id);


--
-- Name: purchase_enquairymaster purchase_enquairymaster_pkey; Type: CONSTRAINT; Schema: gfg; Owner: root
--

ALTER TABLE ONLY gfg.purchase_enquairymaster
    ADD CONSTRAINT purchase_enquairymaster_pkey PRIMARY KEY (id);


--
-- Name: purchase_enquairymaster_seller purchase_enquairymaster_seller_pkey; Type: CONSTRAINT; Schema: gfg; Owner: root
--

ALTER TABLE ONLY gfg.purchase_enquairymaster_seller
    ADD CONSTRAINT purchase_enquairymaster_seller_pkey PRIMARY KEY (id);


--
-- Name: purchase_enquairystatus purchase_enquairystatus_pkey; Type: CONSTRAINT; Schema: gfg; Owner: root
--

ALTER TABLE ONLY gfg.purchase_enquairystatus
    ADD CONSTRAINT purchase_enquairystatus_pkey PRIMARY KEY (id);


--
-- Name: purchase_gstin purchase_gstin_gstin_key; Type: CONSTRAINT; Schema: gfg; Owner: root
--

ALTER TABLE ONLY gfg.purchase_gstin
    ADD CONSTRAINT purchase_gstin_gstin_key UNIQUE (gstin);


--
-- Name: purchase_gstin purchase_gstin_pkey; Type: CONSTRAINT; Schema: gfg; Owner: root
--

ALTER TABLE ONLY gfg.purchase_gstin
    ADD CONSTRAINT purchase_gstin_pkey PRIMARY KEY (id);


--
-- Name: purchase_indentitems purchase_indentitems_pkey; Type: CONSTRAINT; Schema: gfg; Owner: root
--

ALTER TABLE ONLY gfg.purchase_indentitems
    ADD CONSTRAINT purchase_indentitems_pkey PRIMARY KEY (id);


--
-- Name: purchase_indentmaster purchase_indentmaster_pkey; Type: CONSTRAINT; Schema: gfg; Owner: root
--

ALTER TABLE ONLY gfg.purchase_indentmaster
    ADD CONSTRAINT purchase_indentmaster_pkey PRIMARY KEY (id);


--
-- Name: purchase_indentstatus purchase_indentstatus_pkey; Type: CONSTRAINT; Schema: gfg; Owner: root
--

ALTER TABLE ONLY gfg.purchase_indentstatus
    ADD CONSTRAINT purchase_indentstatus_pkey PRIMARY KEY (id);


--
-- Name: purchase_indenttype purchase_indenttype_pkey; Type: CONSTRAINT; Schema: gfg; Owner: root
--

ALTER TABLE ONLY gfg.purchase_indenttype
    ADD CONSTRAINT purchase_indenttype_pkey PRIMARY KEY (id);


--
-- Name: purchase_mir purchase_mir_pkey; Type: CONSTRAINT; Schema: gfg; Owner: root
--

ALTER TABLE ONLY gfg.purchase_mir
    ADD CONSTRAINT purchase_mir_pkey PRIMARY KEY (id);


--
-- Name: purchase_pin purchase_pin_pin_code_key; Type: CONSTRAINT; Schema: gfg; Owner: root
--

ALTER TABLE ONLY gfg.purchase_pin
    ADD CONSTRAINT purchase_pin_pin_code_key UNIQUE (pin_code);


--
-- Name: purchase_pin purchase_pin_pkey; Type: CONSTRAINT; Schema: gfg; Owner: root
--

ALTER TABLE ONLY gfg.purchase_pin
    ADD CONSTRAINT purchase_pin_pkey PRIMARY KEY (id);


--
-- Name: purchase_purchaseorder purchase_purchaseorder_pkey; Type: CONSTRAINT; Schema: gfg; Owner: root
--

ALTER TABLE ONLY gfg.purchase_purchaseorder
    ADD CONSTRAINT purchase_purchaseorder_pkey PRIMARY KEY (id);


--
-- Name: purchase_purchaseorderdoc purchase_purchaseorderdoc_pkey; Type: CONSTRAINT; Schema: gfg; Owner: root
--

ALTER TABLE ONLY gfg.purchase_purchaseorderdoc
    ADD CONSTRAINT purchase_purchaseorderdoc_pkey PRIMARY KEY (id);


--
-- Name: purchase_purchaseordermaster purchase_purchaseordermaster_pkey; Type: CONSTRAINT; Schema: gfg; Owner: root
--

ALTER TABLE ONLY gfg.purchase_purchaseordermaster
    ADD CONSTRAINT purchase_purchaseordermaster_pkey PRIMARY KEY (id);


--
-- Name: purchase_purchaseorderstatus purchase_purchaseorderstatus_pkey; Type: CONSTRAINT; Schema: gfg; Owner: root
--

ALTER TABLE ONLY gfg.purchase_purchaseorderstatus
    ADD CONSTRAINT purchase_purchaseorderstatus_pkey PRIMARY KEY (id);


--
-- Name: purchase_quotationitem purchase_quotationitem_pkey; Type: CONSTRAINT; Schema: gfg; Owner: root
--

ALTER TABLE ONLY gfg.purchase_quotationitem
    ADD CONSTRAINT purchase_quotationitem_pkey PRIMARY KEY (id);


--
-- Name: purchase_quotationmaster purchase_quotationmaster_pkey; Type: CONSTRAINT; Schema: gfg; Owner: root
--

ALTER TABLE ONLY gfg.purchase_quotationmaster
    ADD CONSTRAINT purchase_quotationmaster_pkey PRIMARY KEY (id);


--
-- Name: purchase_quotationstatus purchase_quotationstatus_pkey; Type: CONSTRAINT; Schema: gfg; Owner: root
--

ALTER TABLE ONLY gfg.purchase_quotationstatus
    ADD CONSTRAINT purchase_quotationstatus_pkey PRIMARY KEY (id);


--
-- Name: purchase_requisitionitem purchase_requisitionitem_pkey; Type: CONSTRAINT; Schema: gfg; Owner: root
--

ALTER TABLE ONLY gfg.purchase_requisitionitem
    ADD CONSTRAINT purchase_requisitionitem_pkey PRIMARY KEY (id);


--
-- Name: purchase_requisitionmaster purchase_requisitionmaster_pkey; Type: CONSTRAINT; Schema: gfg; Owner: root
--

ALTER TABLE ONLY gfg.purchase_requisitionmaster
    ADD CONSTRAINT purchase_requisitionmaster_pkey PRIMARY KEY (id);


--
-- Name: purchase_requisitionstatus purchase_requisitionstatus_pkey; Type: CONSTRAINT; Schema: gfg; Owner: root
--

ALTER TABLE ONLY gfg.purchase_requisitionstatus
    ADD CONSTRAINT purchase_requisitionstatus_pkey PRIMARY KEY (id);


--
-- Name: purchase_seller_item_Category purchase_seller_item_Cat_seller_id_itemcategory_i_76f72949_uniq; Type: CONSTRAINT; Schema: gfg; Owner: root
--

ALTER TABLE ONLY gfg."purchase_seller_item_Category"
    ADD CONSTRAINT "purchase_seller_item_Cat_seller_id_itemcategory_i_76f72949_uniq" UNIQUE (seller_id, itemcategory_id);


--
-- Name: purchase_seller_item_Category purchase_seller_item_Category_pkey; Type: CONSTRAINT; Schema: gfg; Owner: root
--

ALTER TABLE ONLY gfg."purchase_seller_item_Category"
    ADD CONSTRAINT "purchase_seller_item_Category_pkey" PRIMARY KEY (id);


--
-- Name: purchase_seller_mills purchase_seller_mills_pkey; Type: CONSTRAINT; Schema: gfg; Owner: root
--

ALTER TABLE ONLY gfg.purchase_seller_mills
    ADD CONSTRAINT purchase_seller_mills_pkey PRIMARY KEY (id);


--
-- Name: purchase_seller_mills purchase_seller_mills_seller_id_mill_id_59713ef5_uniq; Type: CONSTRAINT; Schema: gfg; Owner: root
--

ALTER TABLE ONLY gfg.purchase_seller_mills
    ADD CONSTRAINT purchase_seller_mills_seller_id_mill_id_59713ef5_uniq UNIQUE (seller_id, mill_id);


--
-- Name: purchase_seller purchase_seller_pkey; Type: CONSTRAINT; Schema: gfg; Owner: root
--

ALTER TABLE ONLY gfg.purchase_seller
    ADD CONSTRAINT purchase_seller_pkey PRIMARY KEY (id);


--
-- Name: purchase_sellerinvoice purchase_sellerinvoice_pkey; Type: CONSTRAINT; Schema: gfg; Owner: root
--

ALTER TABLE ONLY gfg.purchase_sellerinvoice
    ADD CONSTRAINT purchase_sellerinvoice_pkey PRIMARY KEY (id);


--
-- Name: purchase_state purchase_state_pkey; Type: CONSTRAINT; Schema: gfg; Owner: root
--

ALTER TABLE ONLY gfg.purchase_state
    ADD CONSTRAINT purchase_state_pkey PRIMARY KEY (id);


--
-- Name: purchase_village purchase_village_name_pin_id_dd0302e2_uniq; Type: CONSTRAINT; Schema: gfg; Owner: root
--

ALTER TABLE ONLY gfg.purchase_village
    ADD CONSTRAINT purchase_village_name_pin_id_dd0302e2_uniq UNIQUE (name, pin_id);


--
-- Name: purchase_village purchase_village_pkey; Type: CONSTRAINT; Schema: gfg; Owner: root
--

ALTER TABLE ONLY gfg.purchase_village
    ADD CONSTRAINT purchase_village_pkey PRIMARY KEY (id);


--
-- Name: auditlog_logentry auditlog_logentry_pkey; Type: CONSTRAINT; Schema: jamkhandisugars; Owner: root
--

ALTER TABLE ONLY jamkhandisugars.auditlog_logentry
    ADD CONSTRAINT auditlog_logentry_pkey PRIMARY KEY (id);


--
-- Name: auth_group auth_group_name_key; Type: CONSTRAINT; Schema: jamkhandisugars; Owner: root
--

ALTER TABLE ONLY jamkhandisugars.auth_group
    ADD CONSTRAINT auth_group_name_key UNIQUE (name);


--
-- Name: auth_group_permissions auth_group_permissions_group_id_permission_id_0cd325b0_uniq; Type: CONSTRAINT; Schema: jamkhandisugars; Owner: root
--

ALTER TABLE ONLY jamkhandisugars.auth_group_permissions
    ADD CONSTRAINT auth_group_permissions_group_id_permission_id_0cd325b0_uniq UNIQUE (group_id, permission_id);


--
-- Name: auth_group_permissions auth_group_permissions_pkey; Type: CONSTRAINT; Schema: jamkhandisugars; Owner: root
--

ALTER TABLE ONLY jamkhandisugars.auth_group_permissions
    ADD CONSTRAINT auth_group_permissions_pkey PRIMARY KEY (id);


--
-- Name: auth_group auth_group_pkey; Type: CONSTRAINT; Schema: jamkhandisugars; Owner: root
--

ALTER TABLE ONLY jamkhandisugars.auth_group
    ADD CONSTRAINT auth_group_pkey PRIMARY KEY (id);


--
-- Name: auth_permission auth_permission_content_type_id_codename_01ab375a_uniq; Type: CONSTRAINT; Schema: jamkhandisugars; Owner: root
--

ALTER TABLE ONLY jamkhandisugars.auth_permission
    ADD CONSTRAINT auth_permission_content_type_id_codename_01ab375a_uniq UNIQUE (content_type_id, codename);


--
-- Name: auth_permission auth_permission_pkey; Type: CONSTRAINT; Schema: jamkhandisugars; Owner: root
--

ALTER TABLE ONLY jamkhandisugars.auth_permission
    ADD CONSTRAINT auth_permission_pkey PRIMARY KEY (id);


--
-- Name: auth_user_groups auth_user_groups_pkey; Type: CONSTRAINT; Schema: jamkhandisugars; Owner: root
--

ALTER TABLE ONLY jamkhandisugars.auth_user_groups
    ADD CONSTRAINT auth_user_groups_pkey PRIMARY KEY (id);


--
-- Name: auth_user_groups auth_user_groups_user_id_group_id_94350c0c_uniq; Type: CONSTRAINT; Schema: jamkhandisugars; Owner: root
--

ALTER TABLE ONLY jamkhandisugars.auth_user_groups
    ADD CONSTRAINT auth_user_groups_user_id_group_id_94350c0c_uniq UNIQUE (user_id, group_id);


--
-- Name: auth_user auth_user_pkey; Type: CONSTRAINT; Schema: jamkhandisugars; Owner: root
--

ALTER TABLE ONLY jamkhandisugars.auth_user
    ADD CONSTRAINT auth_user_pkey PRIMARY KEY (id);


--
-- Name: auth_user_user_permissions auth_user_user_permissions_pkey; Type: CONSTRAINT; Schema: jamkhandisugars; Owner: root
--

ALTER TABLE ONLY jamkhandisugars.auth_user_user_permissions
    ADD CONSTRAINT auth_user_user_permissions_pkey PRIMARY KEY (id);


--
-- Name: auth_user_user_permissions auth_user_user_permissions_user_id_permission_id_14a6b632_uniq; Type: CONSTRAINT; Schema: jamkhandisugars; Owner: root
--

ALTER TABLE ONLY jamkhandisugars.auth_user_user_permissions
    ADD CONSTRAINT auth_user_user_permissions_user_id_permission_id_14a6b632_uniq UNIQUE (user_id, permission_id);


--
-- Name: auth_user auth_user_username_key; Type: CONSTRAINT; Schema: jamkhandisugars; Owner: root
--

ALTER TABLE ONLY jamkhandisugars.auth_user
    ADD CONSTRAINT auth_user_username_key UNIQUE (username);


--
-- Name: django_admin_log django_admin_log_pkey; Type: CONSTRAINT; Schema: jamkhandisugars; Owner: root
--

ALTER TABLE ONLY jamkhandisugars.django_admin_log
    ADD CONSTRAINT django_admin_log_pkey PRIMARY KEY (id);


--
-- Name: django_content_type django_content_type_app_label_model_76bd3d3b_uniq; Type: CONSTRAINT; Schema: jamkhandisugars; Owner: root
--

ALTER TABLE ONLY jamkhandisugars.django_content_type
    ADD CONSTRAINT django_content_type_app_label_model_76bd3d3b_uniq UNIQUE (app_label, model);


--
-- Name: django_content_type django_content_type_pkey; Type: CONSTRAINT; Schema: jamkhandisugars; Owner: root
--

ALTER TABLE ONLY jamkhandisugars.django_content_type
    ADD CONSTRAINT django_content_type_pkey PRIMARY KEY (id);


--
-- Name: django_migrations django_migrations_pkey; Type: CONSTRAINT; Schema: jamkhandisugars; Owner: root
--

ALTER TABLE ONLY jamkhandisugars.django_migrations
    ADD CONSTRAINT django_migrations_pkey PRIMARY KEY (id);


--
-- Name: django_session django_session_pkey; Type: CONSTRAINT; Schema: jamkhandisugars; Owner: root
--

ALTER TABLE ONLY jamkhandisugars.django_session
    ADD CONSTRAINT django_session_pkey PRIMARY KEY (session_key);


--
-- Name: employee_employeemaster_cost_center employee_employeemaster__employeemaster_id_costce_822f3f05_uniq; Type: CONSTRAINT; Schema: jamkhandisugars; Owner: root
--

ALTER TABLE ONLY jamkhandisugars.employee_employeemaster_cost_center
    ADD CONSTRAINT employee_employeemaster__employeemaster_id_costce_822f3f05_uniq UNIQUE (employeemaster_id, costcenter_id);


--
-- Name: employee_employeemaster_dept employee_employeemaster__employeemaster_id_depart_60280d85_uniq; Type: CONSTRAINT; Schema: jamkhandisugars; Owner: root
--

ALTER TABLE ONLY jamkhandisugars.employee_employeemaster_dept
    ADD CONSTRAINT employee_employeemaster__employeemaster_id_depart_60280d85_uniq UNIQUE (employeemaster_id, department_id);


--
-- Name: employee_employeemaster_mill employee_employeemaster__employeemaster_id_mill_i_123825e1_uniq; Type: CONSTRAINT; Schema: jamkhandisugars; Owner: root
--

ALTER TABLE ONLY jamkhandisugars.employee_employeemaster_mill
    ADD CONSTRAINT employee_employeemaster__employeemaster_id_mill_i_123825e1_uniq UNIQUE (employeemaster_id, mill_id);


--
-- Name: employee_employeemaster_cost_center employee_employeemaster_cost_center_pkey; Type: CONSTRAINT; Schema: jamkhandisugars; Owner: root
--

ALTER TABLE ONLY jamkhandisugars.employee_employeemaster_cost_center
    ADD CONSTRAINT employee_employeemaster_cost_center_pkey PRIMARY KEY (id);


--
-- Name: employee_employeemaster_dept employee_employeemaster_dept_pkey; Type: CONSTRAINT; Schema: jamkhandisugars; Owner: root
--

ALTER TABLE ONLY jamkhandisugars.employee_employeemaster_dept
    ADD CONSTRAINT employee_employeemaster_dept_pkey PRIMARY KEY (id);


--
-- Name: employee_employeemaster_mill employee_employeemaster_mill_pkey; Type: CONSTRAINT; Schema: jamkhandisugars; Owner: root
--

ALTER TABLE ONLY jamkhandisugars.employee_employeemaster_mill
    ADD CONSTRAINT employee_employeemaster_mill_pkey PRIMARY KEY (id);


--
-- Name: employee_employeemaster employee_employeemaster_pkey; Type: CONSTRAINT; Schema: jamkhandisugars; Owner: root
--

ALTER TABLE ONLY jamkhandisugars.employee_employeemaster
    ADD CONSTRAINT employee_employeemaster_pkey PRIMARY KEY (id);


--
-- Name: employee_employeemaster employee_employeemaster_user_id_key; Type: CONSTRAINT; Schema: jamkhandisugars; Owner: root
--

ALTER TABLE ONLY jamkhandisugars.employee_employeemaster
    ADD CONSTRAINT employee_employeemaster_user_id_key UNIQUE (user_id);


--
-- Name: employee_pages employee_pages_pkey; Type: CONSTRAINT; Schema: jamkhandisugars; Owner: root
--

ALTER TABLE ONLY jamkhandisugars.employee_pages
    ADD CONSTRAINT employee_pages_pkey PRIMARY KEY (id);


--
-- Name: employee_roles_pages employee_roles_pages_pkey; Type: CONSTRAINT; Schema: jamkhandisugars; Owner: root
--

ALTER TABLE ONLY jamkhandisugars.employee_roles_pages
    ADD CONSTRAINT employee_roles_pages_pkey PRIMARY KEY (id);


--
-- Name: employee_roles_pages employee_roles_pages_roles_id_pages_id_1e3cbd0d_uniq; Type: CONSTRAINT; Schema: jamkhandisugars; Owner: root
--

ALTER TABLE ONLY jamkhandisugars.employee_roles_pages
    ADD CONSTRAINT employee_roles_pages_roles_id_pages_id_1e3cbd0d_uniq UNIQUE (roles_id, pages_id);


--
-- Name: employee_roles employee_roles_pkey; Type: CONSTRAINT; Schema: jamkhandisugars; Owner: root
--

ALTER TABLE ONLY jamkhandisugars.employee_roles
    ADD CONSTRAINT employee_roles_pkey PRIMARY KEY (id);


--
-- Name: institute_department institute_department_pkey; Type: CONSTRAINT; Schema: jamkhandisugars; Owner: root
--

ALTER TABLE ONLY jamkhandisugars.institute_department
    ADD CONSTRAINT institute_department_pkey PRIMARY KEY (id);


--
-- Name: institute_emails institute_emails_pkey; Type: CONSTRAINT; Schema: jamkhandisugars; Owner: root
--

ALTER TABLE ONLY jamkhandisugars.institute_emails
    ADD CONSTRAINT institute_emails_pkey PRIMARY KEY (id);


--
-- Name: institute_financialyear institute_financialyear_pkey; Type: CONSTRAINT; Schema: jamkhandisugars; Owner: root
--

ALTER TABLE ONLY jamkhandisugars.institute_financialyear
    ADD CONSTRAINT institute_financialyear_pkey PRIMARY KEY (id);


--
-- Name: institute_institution institute_institution_pkey; Type: CONSTRAINT; Schema: jamkhandisugars; Owner: root
--

ALTER TABLE ONLY jamkhandisugars.institute_institution
    ADD CONSTRAINT institute_institution_pkey PRIMARY KEY (id);


--
-- Name: institute_institutiontype institute_institutiontype_pkey; Type: CONSTRAINT; Schema: jamkhandisugars; Owner: root
--

ALTER TABLE ONLY jamkhandisugars.institute_institutiontype
    ADD CONSTRAINT institute_institutiontype_pkey PRIMARY KEY (id);


--
-- Name: institute_mill institute_mill_pkey; Type: CONSTRAINT; Schema: jamkhandisugars; Owner: root
--

ALTER TABLE ONLY jamkhandisugars.institute_mill
    ADD CONSTRAINT institute_mill_pkey PRIMARY KEY (id);


--
-- Name: inventory_itemcategory inventory_itemcategory_pkey; Type: CONSTRAINT; Schema: jamkhandisugars; Owner: root
--

ALTER TABLE ONLY jamkhandisugars.inventory_itemcategory
    ADD CONSTRAINT inventory_itemcategory_pkey PRIMARY KEY (id);


--
-- Name: inventory_itemmaster_cost_center inventory_itemmaster_cos_itemmaster_id_costcenter_098e9c8c_uniq; Type: CONSTRAINT; Schema: jamkhandisugars; Owner: root
--

ALTER TABLE ONLY jamkhandisugars.inventory_itemmaster_cost_center
    ADD CONSTRAINT inventory_itemmaster_cos_itemmaster_id_costcenter_098e9c8c_uniq UNIQUE (itemmaster_id, costcenter_id);


--
-- Name: inventory_itemmaster_cost_center inventory_itemmaster_cost_center_pkey; Type: CONSTRAINT; Schema: jamkhandisugars; Owner: root
--

ALTER TABLE ONLY jamkhandisugars.inventory_itemmaster_cost_center
    ADD CONSTRAINT inventory_itemmaster_cost_center_pkey PRIMARY KEY (id);


--
-- Name: inventory_itemmaster_dept inventory_itemmaster_dep_itemmaster_id_department_dfafbd2f_uniq; Type: CONSTRAINT; Schema: jamkhandisugars; Owner: root
--

ALTER TABLE ONLY jamkhandisugars.inventory_itemmaster_dept
    ADD CONSTRAINT inventory_itemmaster_dep_itemmaster_id_department_dfafbd2f_uniq UNIQUE (itemmaster_id, department_id);


--
-- Name: inventory_itemmaster_dept inventory_itemmaster_dept_pkey; Type: CONSTRAINT; Schema: jamkhandisugars; Owner: root
--

ALTER TABLE ONLY jamkhandisugars.inventory_itemmaster_dept
    ADD CONSTRAINT inventory_itemmaster_dept_pkey PRIMARY KEY (id);


--
-- Name: inventory_itemmaster inventory_itemmaster_pkey; Type: CONSTRAINT; Schema: jamkhandisugars; Owner: root
--

ALTER TABLE ONLY jamkhandisugars.inventory_itemmaster
    ADD CONSTRAINT inventory_itemmaster_pkey PRIMARY KEY (id);


--
-- Name: inventory_itemproperties inventory_itemproperties_pkey; Type: CONSTRAINT; Schema: jamkhandisugars; Owner: root
--

ALTER TABLE ONLY jamkhandisugars.inventory_itemproperties
    ADD CONSTRAINT inventory_itemproperties_pkey PRIMARY KEY (id);


--
-- Name: inventory_itemtype inventory_itemtype_pkey; Type: CONSTRAINT; Schema: jamkhandisugars; Owner: root
--

ALTER TABLE ONLY jamkhandisugars.inventory_itemtype
    ADD CONSTRAINT inventory_itemtype_pkey PRIMARY KEY (id);


--
-- Name: inventory_ledger inventory_ledger_pkey; Type: CONSTRAINT; Schema: jamkhandisugars; Owner: root
--

ALTER TABLE ONLY jamkhandisugars.inventory_ledger
    ADD CONSTRAINT inventory_ledger_pkey PRIMARY KEY (id);


--
-- Name: inventory_ledgertype inventory_ledgertype_pkey; Type: CONSTRAINT; Schema: jamkhandisugars; Owner: root
--

ALTER TABLE ONLY jamkhandisugars.inventory_ledgertype
    ADD CONSTRAINT inventory_ledgertype_pkey PRIMARY KEY (id);


--
-- Name: inventory_store inventory_store_pkey; Type: CONSTRAINT; Schema: jamkhandisugars; Owner: root
--

ALTER TABLE ONLY jamkhandisugars.inventory_store
    ADD CONSTRAINT inventory_store_pkey PRIMARY KEY (id);


--
-- Name: inventory_unitofmeasurement inventory_unitofmeasurement_pkey; Type: CONSTRAINT; Schema: jamkhandisugars; Owner: root
--

ALTER TABLE ONLY jamkhandisugars.inventory_unitofmeasurement
    ADD CONSTRAINT inventory_unitofmeasurement_pkey PRIMARY KEY (id);


--
-- Name: purchase_address purchase_address_pkey; Type: CONSTRAINT; Schema: jamkhandisugars; Owner: root
--

ALTER TABLE ONLY jamkhandisugars.purchase_address
    ADD CONSTRAINT purchase_address_pkey PRIMARY KEY (id);


--
-- Name: purchase_city purchase_city_name_district_id_1988b6de_uniq; Type: CONSTRAINT; Schema: jamkhandisugars; Owner: root
--

ALTER TABLE ONLY jamkhandisugars.purchase_city
    ADD CONSTRAINT purchase_city_name_district_id_1988b6de_uniq UNIQUE (name, district_id);


--
-- Name: purchase_city purchase_city_pkey; Type: CONSTRAINT; Schema: jamkhandisugars; Owner: root
--

ALTER TABLE ONLY jamkhandisugars.purchase_city
    ADD CONSTRAINT purchase_city_pkey PRIMARY KEY (id);


--
-- Name: purchase_costcenter purchase_costcenter_pkey; Type: CONSTRAINT; Schema: jamkhandisugars; Owner: root
--

ALTER TABLE ONLY jamkhandisugars.purchase_costcenter
    ADD CONSTRAINT purchase_costcenter_pkey PRIMARY KEY (id);


--
-- Name: purchase_district purchase_district_name_state_id_29b69d3a_uniq; Type: CONSTRAINT; Schema: jamkhandisugars; Owner: root
--

ALTER TABLE ONLY jamkhandisugars.purchase_district
    ADD CONSTRAINT purchase_district_name_state_id_29b69d3a_uniq UNIQUE (name, state_id);


--
-- Name: purchase_district purchase_district_pkey; Type: CONSTRAINT; Schema: jamkhandisugars; Owner: root
--

ALTER TABLE ONLY jamkhandisugars.purchase_district
    ADD CONSTRAINT purchase_district_pkey PRIMARY KEY (id);


--
-- Name: purchase_enquairyitem purchase_enquairyitem_pkey; Type: CONSTRAINT; Schema: jamkhandisugars; Owner: root
--

ALTER TABLE ONLY jamkhandisugars.purchase_enquairyitem
    ADD CONSTRAINT purchase_enquairyitem_pkey PRIMARY KEY (id);


--
-- Name: purchase_enquairymaster_seller purchase_enquairymaster__enquairymaster_id_seller_7e58c804_uniq; Type: CONSTRAINT; Schema: jamkhandisugars; Owner: root
--

ALTER TABLE ONLY jamkhandisugars.purchase_enquairymaster_seller
    ADD CONSTRAINT purchase_enquairymaster__enquairymaster_id_seller_7e58c804_uniq UNIQUE (enquairymaster_id, seller_id);


--
-- Name: purchase_enquairymaster purchase_enquairymaster_pkey; Type: CONSTRAINT; Schema: jamkhandisugars; Owner: root
--

ALTER TABLE ONLY jamkhandisugars.purchase_enquairymaster
    ADD CONSTRAINT purchase_enquairymaster_pkey PRIMARY KEY (id);


--
-- Name: purchase_enquairymaster_seller purchase_enquairymaster_seller_pkey; Type: CONSTRAINT; Schema: jamkhandisugars; Owner: root
--

ALTER TABLE ONLY jamkhandisugars.purchase_enquairymaster_seller
    ADD CONSTRAINT purchase_enquairymaster_seller_pkey PRIMARY KEY (id);


--
-- Name: purchase_enquairystatus purchase_enquairystatus_pkey; Type: CONSTRAINT; Schema: jamkhandisugars; Owner: root
--

ALTER TABLE ONLY jamkhandisugars.purchase_enquairystatus
    ADD CONSTRAINT purchase_enquairystatus_pkey PRIMARY KEY (id);


--
-- Name: purchase_gstin purchase_gstin_gstin_key; Type: CONSTRAINT; Schema: jamkhandisugars; Owner: root
--

ALTER TABLE ONLY jamkhandisugars.purchase_gstin
    ADD CONSTRAINT purchase_gstin_gstin_key UNIQUE (gstin);


--
-- Name: purchase_gstin purchase_gstin_pkey; Type: CONSTRAINT; Schema: jamkhandisugars; Owner: root
--

ALTER TABLE ONLY jamkhandisugars.purchase_gstin
    ADD CONSTRAINT purchase_gstin_pkey PRIMARY KEY (id);


--
-- Name: purchase_indentitems purchase_indentitems_pkey; Type: CONSTRAINT; Schema: jamkhandisugars; Owner: root
--

ALTER TABLE ONLY jamkhandisugars.purchase_indentitems
    ADD CONSTRAINT purchase_indentitems_pkey PRIMARY KEY (id);


--
-- Name: purchase_indentmaster purchase_indentmaster_pkey; Type: CONSTRAINT; Schema: jamkhandisugars; Owner: root
--

ALTER TABLE ONLY jamkhandisugars.purchase_indentmaster
    ADD CONSTRAINT purchase_indentmaster_pkey PRIMARY KEY (id);


--
-- Name: purchase_indentstatus purchase_indentstatus_pkey; Type: CONSTRAINT; Schema: jamkhandisugars; Owner: root
--

ALTER TABLE ONLY jamkhandisugars.purchase_indentstatus
    ADD CONSTRAINT purchase_indentstatus_pkey PRIMARY KEY (id);


--
-- Name: purchase_indenttype purchase_indenttype_pkey; Type: CONSTRAINT; Schema: jamkhandisugars; Owner: root
--

ALTER TABLE ONLY jamkhandisugars.purchase_indenttype
    ADD CONSTRAINT purchase_indenttype_pkey PRIMARY KEY (id);


--
-- Name: purchase_mir purchase_mir_pkey; Type: CONSTRAINT; Schema: jamkhandisugars; Owner: root
--

ALTER TABLE ONLY jamkhandisugars.purchase_mir
    ADD CONSTRAINT purchase_mir_pkey PRIMARY KEY (id);


--
-- Name: purchase_pin purchase_pin_pin_code_key; Type: CONSTRAINT; Schema: jamkhandisugars; Owner: root
--

ALTER TABLE ONLY jamkhandisugars.purchase_pin
    ADD CONSTRAINT purchase_pin_pin_code_key UNIQUE (pin_code);


--
-- Name: purchase_pin purchase_pin_pkey; Type: CONSTRAINT; Schema: jamkhandisugars; Owner: root
--

ALTER TABLE ONLY jamkhandisugars.purchase_pin
    ADD CONSTRAINT purchase_pin_pkey PRIMARY KEY (id);


--
-- Name: purchase_purchaseorder purchase_purchaseorder_pkey; Type: CONSTRAINT; Schema: jamkhandisugars; Owner: root
--

ALTER TABLE ONLY jamkhandisugars.purchase_purchaseorder
    ADD CONSTRAINT purchase_purchaseorder_pkey PRIMARY KEY (id);


--
-- Name: purchase_purchaseorderdoc purchase_purchaseorderdoc_pkey; Type: CONSTRAINT; Schema: jamkhandisugars; Owner: root
--

ALTER TABLE ONLY jamkhandisugars.purchase_purchaseorderdoc
    ADD CONSTRAINT purchase_purchaseorderdoc_pkey PRIMARY KEY (id);


--
-- Name: purchase_purchaseordermaster purchase_purchaseordermaster_pkey; Type: CONSTRAINT; Schema: jamkhandisugars; Owner: root
--

ALTER TABLE ONLY jamkhandisugars.purchase_purchaseordermaster
    ADD CONSTRAINT purchase_purchaseordermaster_pkey PRIMARY KEY (id);


--
-- Name: purchase_purchaseorderstatus purchase_purchaseorderstatus_pkey; Type: CONSTRAINT; Schema: jamkhandisugars; Owner: root
--

ALTER TABLE ONLY jamkhandisugars.purchase_purchaseorderstatus
    ADD CONSTRAINT purchase_purchaseorderstatus_pkey PRIMARY KEY (id);


--
-- Name: purchase_quotationitem purchase_quotationitem_pkey; Type: CONSTRAINT; Schema: jamkhandisugars; Owner: root
--

ALTER TABLE ONLY jamkhandisugars.purchase_quotationitem
    ADD CONSTRAINT purchase_quotationitem_pkey PRIMARY KEY (id);


--
-- Name: purchase_quotationmaster purchase_quotationmaster_pkey; Type: CONSTRAINT; Schema: jamkhandisugars; Owner: root
--

ALTER TABLE ONLY jamkhandisugars.purchase_quotationmaster
    ADD CONSTRAINT purchase_quotationmaster_pkey PRIMARY KEY (id);


--
-- Name: purchase_quotationstatus purchase_quotationstatus_pkey; Type: CONSTRAINT; Schema: jamkhandisugars; Owner: root
--

ALTER TABLE ONLY jamkhandisugars.purchase_quotationstatus
    ADD CONSTRAINT purchase_quotationstatus_pkey PRIMARY KEY (id);


--
-- Name: purchase_requisitionitem purchase_requisitionitem_pkey; Type: CONSTRAINT; Schema: jamkhandisugars; Owner: root
--

ALTER TABLE ONLY jamkhandisugars.purchase_requisitionitem
    ADD CONSTRAINT purchase_requisitionitem_pkey PRIMARY KEY (id);


--
-- Name: purchase_requisitionmaster purchase_requisitionmaster_pkey; Type: CONSTRAINT; Schema: jamkhandisugars; Owner: root
--

ALTER TABLE ONLY jamkhandisugars.purchase_requisitionmaster
    ADD CONSTRAINT purchase_requisitionmaster_pkey PRIMARY KEY (id);


--
-- Name: purchase_requisitionstatus purchase_requisitionstatus_pkey; Type: CONSTRAINT; Schema: jamkhandisugars; Owner: root
--

ALTER TABLE ONLY jamkhandisugars.purchase_requisitionstatus
    ADD CONSTRAINT purchase_requisitionstatus_pkey PRIMARY KEY (id);


--
-- Name: purchase_seller_item_Category purchase_seller_item_Cat_seller_id_itemcategory_i_76f72949_uniq; Type: CONSTRAINT; Schema: jamkhandisugars; Owner: root
--

ALTER TABLE ONLY jamkhandisugars."purchase_seller_item_Category"
    ADD CONSTRAINT "purchase_seller_item_Cat_seller_id_itemcategory_i_76f72949_uniq" UNIQUE (seller_id, itemcategory_id);


--
-- Name: purchase_seller_item_Category purchase_seller_item_Category_pkey; Type: CONSTRAINT; Schema: jamkhandisugars; Owner: root
--

ALTER TABLE ONLY jamkhandisugars."purchase_seller_item_Category"
    ADD CONSTRAINT "purchase_seller_item_Category_pkey" PRIMARY KEY (id);


--
-- Name: purchase_seller_mills purchase_seller_mills_pkey; Type: CONSTRAINT; Schema: jamkhandisugars; Owner: root
--

ALTER TABLE ONLY jamkhandisugars.purchase_seller_mills
    ADD CONSTRAINT purchase_seller_mills_pkey PRIMARY KEY (id);


--
-- Name: purchase_seller_mills purchase_seller_mills_seller_id_mill_id_59713ef5_uniq; Type: CONSTRAINT; Schema: jamkhandisugars; Owner: root
--

ALTER TABLE ONLY jamkhandisugars.purchase_seller_mills
    ADD CONSTRAINT purchase_seller_mills_seller_id_mill_id_59713ef5_uniq UNIQUE (seller_id, mill_id);


--
-- Name: purchase_seller purchase_seller_pkey; Type: CONSTRAINT; Schema: jamkhandisugars; Owner: root
--

ALTER TABLE ONLY jamkhandisugars.purchase_seller
    ADD CONSTRAINT purchase_seller_pkey PRIMARY KEY (id);


--
-- Name: purchase_sellerinvoice purchase_sellerinvoice_pkey; Type: CONSTRAINT; Schema: jamkhandisugars; Owner: root
--

ALTER TABLE ONLY jamkhandisugars.purchase_sellerinvoice
    ADD CONSTRAINT purchase_sellerinvoice_pkey PRIMARY KEY (id);


--
-- Name: purchase_state purchase_state_pkey; Type: CONSTRAINT; Schema: jamkhandisugars; Owner: root
--

ALTER TABLE ONLY jamkhandisugars.purchase_state
    ADD CONSTRAINT purchase_state_pkey PRIMARY KEY (id);


--
-- Name: purchase_village purchase_village_name_pin_id_dd0302e2_uniq; Type: CONSTRAINT; Schema: jamkhandisugars; Owner: root
--

ALTER TABLE ONLY jamkhandisugars.purchase_village
    ADD CONSTRAINT purchase_village_name_pin_id_dd0302e2_uniq UNIQUE (name, pin_id);


--
-- Name: purchase_village purchase_village_pkey; Type: CONSTRAINT; Schema: jamkhandisugars; Owner: root
--

ALTER TABLE ONLY jamkhandisugars.purchase_village
    ADD CONSTRAINT purchase_village_pkey PRIMARY KEY (id);


--
-- Name: auth_group auth_group_name_key; Type: CONSTRAINT; Schema: public; Owner: root
--

ALTER TABLE ONLY public.auth_group
    ADD CONSTRAINT auth_group_name_key UNIQUE (name);


--
-- Name: auth_group_permissions auth_group_permissions_group_id_permission_id_0cd325b0_uniq; Type: CONSTRAINT; Schema: public; Owner: root
--

ALTER TABLE ONLY public.auth_group_permissions
    ADD CONSTRAINT auth_group_permissions_group_id_permission_id_0cd325b0_uniq UNIQUE (group_id, permission_id);


--
-- Name: auth_group_permissions auth_group_permissions_pkey; Type: CONSTRAINT; Schema: public; Owner: root
--

ALTER TABLE ONLY public.auth_group_permissions
    ADD CONSTRAINT auth_group_permissions_pkey PRIMARY KEY (id);


--
-- Name: auth_group auth_group_pkey; Type: CONSTRAINT; Schema: public; Owner: root
--

ALTER TABLE ONLY public.auth_group
    ADD CONSTRAINT auth_group_pkey PRIMARY KEY (id);


--
-- Name: auth_permission auth_permission_content_type_id_codename_01ab375a_uniq; Type: CONSTRAINT; Schema: public; Owner: root
--

ALTER TABLE ONLY public.auth_permission
    ADD CONSTRAINT auth_permission_content_type_id_codename_01ab375a_uniq UNIQUE (content_type_id, codename);


--
-- Name: auth_permission auth_permission_pkey; Type: CONSTRAINT; Schema: public; Owner: root
--

ALTER TABLE ONLY public.auth_permission
    ADD CONSTRAINT auth_permission_pkey PRIMARY KEY (id);


--
-- Name: auth_user_groups auth_user_groups_pkey; Type: CONSTRAINT; Schema: public; Owner: root
--

ALTER TABLE ONLY public.auth_user_groups
    ADD CONSTRAINT auth_user_groups_pkey PRIMARY KEY (id);


--
-- Name: auth_user_groups auth_user_groups_user_id_group_id_94350c0c_uniq; Type: CONSTRAINT; Schema: public; Owner: root
--

ALTER TABLE ONLY public.auth_user_groups
    ADD CONSTRAINT auth_user_groups_user_id_group_id_94350c0c_uniq UNIQUE (user_id, group_id);


--
-- Name: auth_user auth_user_pkey; Type: CONSTRAINT; Schema: public; Owner: root
--

ALTER TABLE ONLY public.auth_user
    ADD CONSTRAINT auth_user_pkey PRIMARY KEY (id);


--
-- Name: auth_user_user_permissions auth_user_user_permissions_pkey; Type: CONSTRAINT; Schema: public; Owner: root
--

ALTER TABLE ONLY public.auth_user_user_permissions
    ADD CONSTRAINT auth_user_user_permissions_pkey PRIMARY KEY (id);


--
-- Name: auth_user_user_permissions auth_user_user_permissions_user_id_permission_id_14a6b632_uniq; Type: CONSTRAINT; Schema: public; Owner: root
--

ALTER TABLE ONLY public.auth_user_user_permissions
    ADD CONSTRAINT auth_user_user_permissions_user_id_permission_id_14a6b632_uniq UNIQUE (user_id, permission_id);


--
-- Name: auth_user auth_user_username_key; Type: CONSTRAINT; Schema: public; Owner: root
--

ALTER TABLE ONLY public.auth_user
    ADD CONSTRAINT auth_user_username_key UNIQUE (username);


--
-- Name: django_admin_log django_admin_log_pkey; Type: CONSTRAINT; Schema: public; Owner: root
--

ALTER TABLE ONLY public.django_admin_log
    ADD CONSTRAINT django_admin_log_pkey PRIMARY KEY (id);


--
-- Name: django_content_type django_content_type_app_label_model_76bd3d3b_uniq; Type: CONSTRAINT; Schema: public; Owner: root
--

ALTER TABLE ONLY public.django_content_type
    ADD CONSTRAINT django_content_type_app_label_model_76bd3d3b_uniq UNIQUE (app_label, model);


--
-- Name: django_content_type django_content_type_pkey; Type: CONSTRAINT; Schema: public; Owner: root
--

ALTER TABLE ONLY public.django_content_type
    ADD CONSTRAINT django_content_type_pkey PRIMARY KEY (id);


--
-- Name: django_migrations django_migrations_pkey; Type: CONSTRAINT; Schema: public; Owner: root
--

ALTER TABLE ONLY public.django_migrations
    ADD CONSTRAINT django_migrations_pkey PRIMARY KEY (id);


--
-- Name: django_session django_session_pkey; Type: CONSTRAINT; Schema: public; Owner: root
--

ALTER TABLE ONLY public.django_session
    ADD CONSTRAINT django_session_pkey PRIMARY KEY (session_key);


--
-- Name: tenant_domain tenant_domain_domain_key; Type: CONSTRAINT; Schema: public; Owner: root
--

ALTER TABLE ONLY public.tenant_domain
    ADD CONSTRAINT tenant_domain_domain_key UNIQUE (domain);


--
-- Name: tenant_domain tenant_domain_pkey; Type: CONSTRAINT; Schema: public; Owner: root
--

ALTER TABLE ONLY public.tenant_domain
    ADD CONSTRAINT tenant_domain_pkey PRIMARY KEY (id);


--
-- Name: tenant_tenent tenant_tenent_pkey; Type: CONSTRAINT; Schema: public; Owner: root
--

ALTER TABLE ONLY public.tenant_tenent
    ADD CONSTRAINT tenant_tenent_pkey PRIMARY KEY (id);


--
-- Name: tenant_tenent tenant_tenent_schema_name_key; Type: CONSTRAINT; Schema: public; Owner: root
--

ALTER TABLE ONLY public.tenant_tenent
    ADD CONSTRAINT tenant_tenent_schema_name_key UNIQUE (schema_name);


--
-- Name: auditlog_logentry_action_229afe39; Type: INDEX; Schema: gfg; Owner: root
--

CREATE INDEX auditlog_logentry_action_229afe39 ON gfg.auditlog_logentry USING btree (action);


--
-- Name: auditlog_logentry_actor_id_959271d2; Type: INDEX; Schema: gfg; Owner: root
--

CREATE INDEX auditlog_logentry_actor_id_959271d2 ON gfg.auditlog_logentry USING btree (actor_id);


--
-- Name: auditlog_logentry_cid_9f467263; Type: INDEX; Schema: gfg; Owner: root
--

CREATE INDEX auditlog_logentry_cid_9f467263 ON gfg.auditlog_logentry USING btree (cid);


--
-- Name: auditlog_logentry_cid_9f467263_like; Type: INDEX; Schema: gfg; Owner: root
--

CREATE INDEX auditlog_logentry_cid_9f467263_like ON gfg.auditlog_logentry USING btree (cid varchar_pattern_ops);


--
-- Name: auditlog_logentry_content_type_id_75830218; Type: INDEX; Schema: gfg; Owner: root
--

CREATE INDEX auditlog_logentry_content_type_id_75830218 ON gfg.auditlog_logentry USING btree (content_type_id);


--
-- Name: auditlog_logentry_object_id_09c2eee8; Type: INDEX; Schema: gfg; Owner: root
--

CREATE INDEX auditlog_logentry_object_id_09c2eee8 ON gfg.auditlog_logentry USING btree (object_id);


--
-- Name: auditlog_logentry_object_pk_6e3219c0; Type: INDEX; Schema: gfg; Owner: root
--

CREATE INDEX auditlog_logentry_object_pk_6e3219c0 ON gfg.auditlog_logentry USING btree (object_pk);


--
-- Name: auditlog_logentry_object_pk_6e3219c0_like; Type: INDEX; Schema: gfg; Owner: root
--

CREATE INDEX auditlog_logentry_object_pk_6e3219c0_like ON gfg.auditlog_logentry USING btree (object_pk varchar_pattern_ops);


--
-- Name: auditlog_logentry_timestamp_37867bb0; Type: INDEX; Schema: gfg; Owner: root
--

CREATE INDEX auditlog_logentry_timestamp_37867bb0 ON gfg.auditlog_logentry USING btree ("timestamp");


--
-- Name: auth_group_name_a6ea08ec_like; Type: INDEX; Schema: gfg; Owner: root
--

CREATE INDEX auth_group_name_a6ea08ec_like ON gfg.auth_group USING btree (name varchar_pattern_ops);


--
-- Name: auth_group_permissions_group_id_b120cbf9; Type: INDEX; Schema: gfg; Owner: root
--

CREATE INDEX auth_group_permissions_group_id_b120cbf9 ON gfg.auth_group_permissions USING btree (group_id);


--
-- Name: auth_group_permissions_permission_id_84c5c92e; Type: INDEX; Schema: gfg; Owner: root
--

CREATE INDEX auth_group_permissions_permission_id_84c5c92e ON gfg.auth_group_permissions USING btree (permission_id);


--
-- Name: auth_permission_content_type_id_2f476e4b; Type: INDEX; Schema: gfg; Owner: root
--

CREATE INDEX auth_permission_content_type_id_2f476e4b ON gfg.auth_permission USING btree (content_type_id);


--
-- Name: auth_user_groups_group_id_97559544; Type: INDEX; Schema: gfg; Owner: root
--

CREATE INDEX auth_user_groups_group_id_97559544 ON gfg.auth_user_groups USING btree (group_id);


--
-- Name: auth_user_groups_user_id_6a12ed8b; Type: INDEX; Schema: gfg; Owner: root
--

CREATE INDEX auth_user_groups_user_id_6a12ed8b ON gfg.auth_user_groups USING btree (user_id);


--
-- Name: auth_user_user_permissions_permission_id_1fbb5f2c; Type: INDEX; Schema: gfg; Owner: root
--

CREATE INDEX auth_user_user_permissions_permission_id_1fbb5f2c ON gfg.auth_user_user_permissions USING btree (permission_id);


--
-- Name: auth_user_user_permissions_user_id_a95ead1b; Type: INDEX; Schema: gfg; Owner: root
--

CREATE INDEX auth_user_user_permissions_user_id_a95ead1b ON gfg.auth_user_user_permissions USING btree (user_id);


--
-- Name: auth_user_username_6821ab7c_like; Type: INDEX; Schema: gfg; Owner: root
--

CREATE INDEX auth_user_username_6821ab7c_like ON gfg.auth_user USING btree (username varchar_pattern_ops);


--
-- Name: django_admin_log_content_type_id_c4bce8eb; Type: INDEX; Schema: gfg; Owner: root
--

CREATE INDEX django_admin_log_content_type_id_c4bce8eb ON gfg.django_admin_log USING btree (content_type_id);


--
-- Name: django_admin_log_user_id_c564eba6; Type: INDEX; Schema: gfg; Owner: root
--

CREATE INDEX django_admin_log_user_id_c564eba6 ON gfg.django_admin_log USING btree (user_id);


--
-- Name: django_session_expire_date_a5c62663; Type: INDEX; Schema: gfg; Owner: root
--

CREATE INDEX django_session_expire_date_a5c62663 ON gfg.django_session USING btree (expire_date);


--
-- Name: django_session_session_key_c0390e0f_like; Type: INDEX; Schema: gfg; Owner: root
--

CREATE INDEX django_session_session_key_c0390e0f_like ON gfg.django_session USING btree (session_key varchar_pattern_ops);


--
-- Name: employee_employeemaster_cost_center_costcenter_id_886a451d; Type: INDEX; Schema: gfg; Owner: root
--

CREATE INDEX employee_employeemaster_cost_center_costcenter_id_886a451d ON gfg.employee_employeemaster_cost_center USING btree (costcenter_id);


--
-- Name: employee_employeemaster_cost_center_employeemaster_id_c6d953a7; Type: INDEX; Schema: gfg; Owner: root
--

CREATE INDEX employee_employeemaster_cost_center_employeemaster_id_c6d953a7 ON gfg.employee_employeemaster_cost_center USING btree (employeemaster_id);


--
-- Name: employee_employeemaster_dept_department_id_5c81457a; Type: INDEX; Schema: gfg; Owner: root
--

CREATE INDEX employee_employeemaster_dept_department_id_5c81457a ON gfg.employee_employeemaster_dept USING btree (department_id);


--
-- Name: employee_employeemaster_dept_employeemaster_id_cfdd0af2; Type: INDEX; Schema: gfg; Owner: root
--

CREATE INDEX employee_employeemaster_dept_employeemaster_id_cfdd0af2 ON gfg.employee_employeemaster_dept USING btree (employeemaster_id);


--
-- Name: employee_employeemaster_mill_employeemaster_id_6909df5d; Type: INDEX; Schema: gfg; Owner: root
--

CREATE INDEX employee_employeemaster_mill_employeemaster_id_6909df5d ON gfg.employee_employeemaster_mill USING btree (employeemaster_id);


--
-- Name: employee_employeemaster_mill_mill_id_f4ac9f1c; Type: INDEX; Schema: gfg; Owner: root
--

CREATE INDEX employee_employeemaster_mill_mill_id_f4ac9f1c ON gfg.employee_employeemaster_mill USING btree (mill_id);


--
-- Name: employee_employeemaster_roles_id_aeba112d; Type: INDEX; Schema: gfg; Owner: root
--

CREATE INDEX employee_employeemaster_roles_id_aeba112d ON gfg.employee_employeemaster USING btree (roles_id);


--
-- Name: employee_roles_pages_pages_id_be5e142f; Type: INDEX; Schema: gfg; Owner: root
--

CREATE INDEX employee_roles_pages_pages_id_be5e142f ON gfg.employee_roles_pages USING btree (pages_id);


--
-- Name: employee_roles_pages_roles_id_fc39ef4e; Type: INDEX; Schema: gfg; Owner: root
--

CREATE INDEX employee_roles_pages_roles_id_fc39ef4e ON gfg.employee_roles_pages USING btree (roles_id);


--
-- Name: institute_department_mill_id_bf32c536; Type: INDEX; Schema: gfg; Owner: root
--

CREATE INDEX institute_department_mill_id_bf32c536 ON gfg.institute_department USING btree (mill_id);


--
-- Name: institute_department_parent_id_f9ffe626; Type: INDEX; Schema: gfg; Owner: root
--

CREATE INDEX institute_department_parent_id_f9ffe626 ON gfg.institute_department USING btree (parent_id);


--
-- Name: institute_emails_mill_id_74814107; Type: INDEX; Schema: gfg; Owner: root
--

CREATE INDEX institute_emails_mill_id_74814107 ON gfg.institute_emails USING btree (mill_id);


--
-- Name: institute_institution_instituttion_type_id_7a61a2cc; Type: INDEX; Schema: gfg; Owner: root
--

CREATE INDEX institute_institution_instituttion_type_id_7a61a2cc ON gfg.institute_institution USING btree (instituttion_type_id);


--
-- Name: institute_mill_institution_id_40f5aec9; Type: INDEX; Schema: gfg; Owner: root
--

CREATE INDEX institute_mill_institution_id_40f5aec9 ON gfg.institute_mill USING btree (institution_id);


--
-- Name: inventory_itemcategory_parent_id_62f5a205; Type: INDEX; Schema: gfg; Owner: root
--

CREATE INDEX inventory_itemcategory_parent_id_62f5a205 ON gfg.inventory_itemcategory USING btree (parent_id);


--
-- Name: inventory_itemmaster_cost_center_costcenter_id_36e54e6e; Type: INDEX; Schema: gfg; Owner: root
--

CREATE INDEX inventory_itemmaster_cost_center_costcenter_id_36e54e6e ON gfg.inventory_itemmaster_cost_center USING btree (costcenter_id);


--
-- Name: inventory_itemmaster_cost_center_itemmaster_id_b696c09d; Type: INDEX; Schema: gfg; Owner: root
--

CREATE INDEX inventory_itemmaster_cost_center_itemmaster_id_b696c09d ON gfg.inventory_itemmaster_cost_center USING btree (itemmaster_id);


--
-- Name: inventory_itemmaster_dept_department_id_c892e125; Type: INDEX; Schema: gfg; Owner: root
--

CREATE INDEX inventory_itemmaster_dept_department_id_c892e125 ON gfg.inventory_itemmaster_dept USING btree (department_id);


--
-- Name: inventory_itemmaster_dept_itemmaster_id_ce1d6044; Type: INDEX; Schema: gfg; Owner: root
--

CREATE INDEX inventory_itemmaster_dept_itemmaster_id_ce1d6044 ON gfg.inventory_itemmaster_dept USING btree (itemmaster_id);


--
-- Name: inventory_itemmaster_item_category_id_55735e4d; Type: INDEX; Schema: gfg; Owner: root
--

CREATE INDEX inventory_itemmaster_item_category_id_55735e4d ON gfg.inventory_itemmaster USING btree (item_category_id);


--
-- Name: inventory_itemmaster_item_type_id_6e672b18; Type: INDEX; Schema: gfg; Owner: root
--

CREATE INDEX inventory_itemmaster_item_type_id_6e672b18 ON gfg.inventory_itemmaster USING btree (item_type_id);


--
-- Name: inventory_itemmaster_uom_id_ba1c825f; Type: INDEX; Schema: gfg; Owner: root
--

CREATE INDEX inventory_itemmaster_uom_id_ba1c825f ON gfg.inventory_itemmaster USING btree (uom_id);


--
-- Name: inventory_itemproperties_item_id_3d4a385a; Type: INDEX; Schema: gfg; Owner: root
--

CREATE INDEX inventory_itemproperties_item_id_3d4a385a ON gfg.inventory_itemproperties USING btree (item_id);


--
-- Name: inventory_ledger_item_id_3bf04d1f; Type: INDEX; Schema: gfg; Owner: root
--

CREATE INDEX inventory_ledger_item_id_3bf04d1f ON gfg.inventory_ledger USING btree (item_id);


--
-- Name: inventory_ledger_ledger_type_id_4e49dc62; Type: INDEX; Schema: gfg; Owner: root
--

CREATE INDEX inventory_ledger_ledger_type_id_4e49dc62 ON gfg.inventory_ledger USING btree (ledger_type_id);


--
-- Name: inventory_ledger_mill_id_c47451c0; Type: INDEX; Schema: gfg; Owner: root
--

CREATE INDEX inventory_ledger_mill_id_c47451c0 ON gfg.inventory_ledger USING btree (mill_id);


--
-- Name: inventory_ledger_seller_id_c6350268; Type: INDEX; Schema: gfg; Owner: root
--

CREATE INDEX inventory_ledger_seller_id_c6350268 ON gfg.inventory_ledger USING btree (seller_id);


--
-- Name: inventory_ledger_store_id_59557492; Type: INDEX; Schema: gfg; Owner: root
--

CREATE INDEX inventory_ledger_store_id_59557492 ON gfg.inventory_ledger USING btree (store_id);


--
-- Name: inventory_store_parent_id_b43f462c; Type: INDEX; Schema: gfg; Owner: root
--

CREATE INDEX inventory_store_parent_id_b43f462c ON gfg.inventory_store USING btree (parent_id);


--
-- Name: purchase_address_gstin_id_97d1425d; Type: INDEX; Schema: gfg; Owner: root
--

CREATE INDEX purchase_address_gstin_id_97d1425d ON gfg.purchase_address USING btree (gstin_id);


--
-- Name: purchase_address_pin_code_id_3f154a46; Type: INDEX; Schema: gfg; Owner: root
--

CREATE INDEX purchase_address_pin_code_id_3f154a46 ON gfg.purchase_address USING btree (pin_code_id);


--
-- Name: purchase_address_seller_id_ab3f8d54; Type: INDEX; Schema: gfg; Owner: root
--

CREATE INDEX purchase_address_seller_id_ab3f8d54 ON gfg.purchase_address USING btree (seller_id);


--
-- Name: purchase_city_district_id_9aff07a9; Type: INDEX; Schema: gfg; Owner: root
--

CREATE INDEX purchase_city_district_id_9aff07a9 ON gfg.purchase_city USING btree (district_id);


--
-- Name: purchase_costcenter_mill_id_18acc5c5; Type: INDEX; Schema: gfg; Owner: root
--

CREATE INDEX purchase_costcenter_mill_id_18acc5c5 ON gfg.purchase_costcenter USING btree (mill_id);


--
-- Name: purchase_costcenter_parent_id_e11559a7; Type: INDEX; Schema: gfg; Owner: root
--

CREATE INDEX purchase_costcenter_parent_id_e11559a7 ON gfg.purchase_costcenter USING btree (parent_id);


--
-- Name: purchase_district_state_id_0371a79f; Type: INDEX; Schema: gfg; Owner: root
--

CREATE INDEX purchase_district_state_id_0371a79f ON gfg.purchase_district USING btree (state_id);


--
-- Name: purchase_enquairyitem_item_id_819f47f8; Type: INDEX; Schema: gfg; Owner: root
--

CREATE INDEX purchase_enquairyitem_item_id_819f47f8 ON gfg.purchase_enquairyitem USING btree (item_id);


--
-- Name: purchase_enquairyitem_master_id_6e338137; Type: INDEX; Schema: gfg; Owner: root
--

CREATE INDEX purchase_enquairyitem_master_id_6e338137 ON gfg.purchase_enquairyitem USING btree (master_id);


--
-- Name: purchase_enquairymaster_requisition_id_54682cd4; Type: INDEX; Schema: gfg; Owner: root
--

CREATE INDEX purchase_enquairymaster_requisition_id_54682cd4 ON gfg.purchase_enquairymaster USING btree (requisition_id);


--
-- Name: purchase_enquairymaster_seller_enquairymaster_id_fe7be89c; Type: INDEX; Schema: gfg; Owner: root
--

CREATE INDEX purchase_enquairymaster_seller_enquairymaster_id_fe7be89c ON gfg.purchase_enquairymaster_seller USING btree (enquairymaster_id);


--
-- Name: purchase_enquairymaster_seller_seller_id_c270c245; Type: INDEX; Schema: gfg; Owner: root
--

CREATE INDEX purchase_enquairymaster_seller_seller_id_c270c245 ON gfg.purchase_enquairymaster_seller USING btree (seller_id);


--
-- Name: purchase_enquairystatus_employee_id_694eb3ad; Type: INDEX; Schema: gfg; Owner: root
--

CREATE INDEX purchase_enquairystatus_employee_id_694eb3ad ON gfg.purchase_enquairystatus USING btree (employee_id);


--
-- Name: purchase_enquairystatus_master_id_998aada6; Type: INDEX; Schema: gfg; Owner: root
--

CREATE INDEX purchase_enquairystatus_master_id_998aada6 ON gfg.purchase_enquairystatus USING btree (master_id);


--
-- Name: purchase_gstin_gstin_ceb467f0_like; Type: INDEX; Schema: gfg; Owner: root
--

CREATE INDEX purchase_gstin_gstin_ceb467f0_like ON gfg.purchase_gstin USING btree (gstin varchar_pattern_ops);


--
-- Name: purchase_gstin_state_id_b7965b3e; Type: INDEX; Schema: gfg; Owner: root
--

CREATE INDEX purchase_gstin_state_id_b7965b3e ON gfg.purchase_gstin USING btree (state_id);


--
-- Name: purchase_indentitems_indent_id_fbd1cd6c; Type: INDEX; Schema: gfg; Owner: root
--

CREATE INDEX purchase_indentitems_indent_id_fbd1cd6c ON gfg.purchase_indentitems USING btree (indent_id);


--
-- Name: purchase_indentitems_item_id_61d052a7; Type: INDEX; Schema: gfg; Owner: root
--

CREATE INDEX purchase_indentitems_item_id_61d052a7 ON gfg.purchase_indentitems USING btree (item_id);


--
-- Name: purchase_indentmaster_dept_id_75096cb7; Type: INDEX; Schema: gfg; Owner: root
--

CREATE INDEX purchase_indentmaster_dept_id_75096cb7 ON gfg.purchase_indentmaster USING btree (dept_id);


--
-- Name: purchase_indentmaster_employee_id_7ca47468; Type: INDEX; Schema: gfg; Owner: root
--

CREATE INDEX purchase_indentmaster_employee_id_7ca47468 ON gfg.purchase_indentmaster USING btree (employee_id);


--
-- Name: purchase_indentmaster_indent_type_id_c1b4650d; Type: INDEX; Schema: gfg; Owner: root
--

CREATE INDEX purchase_indentmaster_indent_type_id_c1b4650d ON gfg.purchase_indentmaster USING btree (indent_type_id);


--
-- Name: purchase_indentmaster_mill_id_359f240a; Type: INDEX; Schema: gfg; Owner: root
--

CREATE INDEX purchase_indentmaster_mill_id_359f240a ON gfg.purchase_indentmaster USING btree (mill_id);


--
-- Name: purchase_indentstatus_employee_id_137b6efd; Type: INDEX; Schema: gfg; Owner: root
--

CREATE INDEX purchase_indentstatus_employee_id_137b6efd ON gfg.purchase_indentstatus USING btree (employee_id);


--
-- Name: purchase_indentstatus_indent_master_id_ebd5dc84; Type: INDEX; Schema: gfg; Owner: root
--

CREATE INDEX purchase_indentstatus_indent_master_id_ebd5dc84 ON gfg.purchase_indentstatus USING btree (indent_master_id);


--
-- Name: purchase_mir_item_id_7b2412a1; Type: INDEX; Schema: gfg; Owner: root
--

CREATE INDEX purchase_mir_item_id_7b2412a1 ON gfg.purchase_mir USING btree (item_id);


--
-- Name: purchase_mir_perchase_order_id_f5c01e02; Type: INDEX; Schema: gfg; Owner: root
--

CREATE INDEX purchase_mir_perchase_order_id_f5c01e02 ON gfg.purchase_mir USING btree (perchase_order_id);


--
-- Name: purchase_mir_seller_invoice_id_1226ed21; Type: INDEX; Schema: gfg; Owner: root
--

CREATE INDEX purchase_mir_seller_invoice_id_1226ed21 ON gfg.purchase_mir USING btree (seller_invoice_id);


--
-- Name: purchase_pin_city_id_0bb2f187; Type: INDEX; Schema: gfg; Owner: root
--

CREATE INDEX purchase_pin_city_id_0bb2f187 ON gfg.purchase_pin USING btree (city_id);


--
-- Name: purchase_purchaseorder_item_id_2575b068; Type: INDEX; Schema: gfg; Owner: root
--

CREATE INDEX purchase_purchaseorder_item_id_2575b068 ON gfg.purchase_purchaseorder USING btree (item_id);


--
-- Name: purchase_purchaseorder_perchase_order_id_eca61b62; Type: INDEX; Schema: gfg; Owner: root
--

CREATE INDEX purchase_purchaseorder_perchase_order_id_eca61b62 ON gfg.purchase_purchaseorder USING btree (perchase_order_id);


--
-- Name: purchase_purchaseorderdoc_purchase_order_id_09520438; Type: INDEX; Schema: gfg; Owner: root
--

CREATE INDEX purchase_purchaseorderdoc_purchase_order_id_09520438 ON gfg.purchase_purchaseorderdoc USING btree (purchase_order_id);


--
-- Name: purchase_purchaseordermaster_approved_by_id_cd0328d5; Type: INDEX; Schema: gfg; Owner: root
--

CREATE INDEX purchase_purchaseordermaster_approved_by_id_cd0328d5 ON gfg.purchase_purchaseordermaster USING btree (approved_by_id);


--
-- Name: purchase_purchaseordermaster_checked_by_id_48f3bf76; Type: INDEX; Schema: gfg; Owner: root
--

CREATE INDEX purchase_purchaseordermaster_checked_by_id_48f3bf76 ON gfg.purchase_purchaseordermaster USING btree (checked_by_id);


--
-- Name: purchase_purchaseordermaster_prepared_by_id_8b247b23; Type: INDEX; Schema: gfg; Owner: root
--

CREATE INDEX purchase_purchaseordermaster_prepared_by_id_8b247b23 ON gfg.purchase_purchaseordermaster USING btree (prepared_by_id);


--
-- Name: purchase_purchaseordermaster_quotation_master_id_edf8f34a; Type: INDEX; Schema: gfg; Owner: root
--

CREATE INDEX purchase_purchaseordermaster_quotation_master_id_edf8f34a ON gfg.purchase_purchaseordermaster USING btree (quotation_master_id);


--
-- Name: purchase_purchaseordermaster_seller_id_66a02332; Type: INDEX; Schema: gfg; Owner: root
--

CREATE INDEX purchase_purchaseordermaster_seller_id_66a02332 ON gfg.purchase_purchaseordermaster USING btree (seller_id);


--
-- Name: purchase_purchaseorderstatus_employee_id_3e095fb3; Type: INDEX; Schema: gfg; Owner: root
--

CREATE INDEX purchase_purchaseorderstatus_employee_id_3e095fb3 ON gfg.purchase_purchaseorderstatus USING btree (employee_id);


--
-- Name: purchase_purchaseorderstatus_po_master_id_4b0f1bf0; Type: INDEX; Schema: gfg; Owner: root
--

CREATE INDEX purchase_purchaseorderstatus_po_master_id_4b0f1bf0 ON gfg.purchase_purchaseorderstatus USING btree (po_master_id);


--
-- Name: purchase_quotationitem_item_id_0fef117c; Type: INDEX; Schema: gfg; Owner: root
--

CREATE INDEX purchase_quotationitem_item_id_0fef117c ON gfg.purchase_quotationitem USING btree (item_id);


--
-- Name: purchase_quotationitem_quotation_master_id_f779fa95; Type: INDEX; Schema: gfg; Owner: root
--

CREATE INDEX purchase_quotationitem_quotation_master_id_f779fa95 ON gfg.purchase_quotationitem USING btree (quotation_master_id);


--
-- Name: purchase_quotationmaster_enquiry_master_id_f141c632; Type: INDEX; Schema: gfg; Owner: root
--

CREATE INDEX purchase_quotationmaster_enquiry_master_id_f141c632 ON gfg.purchase_quotationmaster USING btree (enquiry_master_id);


--
-- Name: purchase_quotationmaster_parent_id_4535c5fe; Type: INDEX; Schema: gfg; Owner: root
--

CREATE INDEX purchase_quotationmaster_parent_id_4535c5fe ON gfg.purchase_quotationmaster USING btree (parent_id);


--
-- Name: purchase_quotationmaster_seller_id_e653547a; Type: INDEX; Schema: gfg; Owner: root
--

CREATE INDEX purchase_quotationmaster_seller_id_e653547a ON gfg.purchase_quotationmaster USING btree (seller_id);


--
-- Name: purchase_quotationstatus_employee_id_7473af1c; Type: INDEX; Schema: gfg; Owner: root
--

CREATE INDEX purchase_quotationstatus_employee_id_7473af1c ON gfg.purchase_quotationstatus USING btree (employee_id);


--
-- Name: purchase_quotationstatus_quotation_master_id_5fd34ffe; Type: INDEX; Schema: gfg; Owner: root
--

CREATE INDEX purchase_quotationstatus_quotation_master_id_5fd34ffe ON gfg.purchase_quotationstatus USING btree (quotation_master_id);


--
-- Name: purchase_requisitionitem_indent_item_id_a81540a4; Type: INDEX; Schema: gfg; Owner: root
--

CREATE INDEX purchase_requisitionitem_indent_item_id_a81540a4 ON gfg.purchase_requisitionitem USING btree (indent_item_id);


--
-- Name: purchase_requisitionitem_requisition_master_id_0c4e2d46; Type: INDEX; Schema: gfg; Owner: root
--

CREATE INDEX purchase_requisitionitem_requisition_master_id_0c4e2d46 ON gfg.purchase_requisitionitem USING btree (requisition_master_id);


--
-- Name: purchase_requisitionmaster_employee_id_78dbd60c; Type: INDEX; Schema: gfg; Owner: root
--

CREATE INDEX purchase_requisitionmaster_employee_id_78dbd60c ON gfg.purchase_requisitionmaster USING btree (employee_id);


--
-- Name: purchase_requisitionmaster_indent_master_id_91dc9934; Type: INDEX; Schema: gfg; Owner: root
--

CREATE INDEX purchase_requisitionmaster_indent_master_id_91dc9934 ON gfg.purchase_requisitionmaster USING btree (indent_master_id);


--
-- Name: purchase_requisitionstatus_employee_id_07916b76; Type: INDEX; Schema: gfg; Owner: root
--

CREATE INDEX purchase_requisitionstatus_employee_id_07916b76 ON gfg.purchase_requisitionstatus USING btree (employee_id);


--
-- Name: purchase_requisitionstatus_master_id_ac813aaa; Type: INDEX; Schema: gfg; Owner: root
--

CREATE INDEX purchase_requisitionstatus_master_id_ac813aaa ON gfg.purchase_requisitionstatus USING btree (master_id);


--
-- Name: purchase_seller_gstin_id_59474ecb; Type: INDEX; Schema: gfg; Owner: root
--

CREATE INDEX purchase_seller_gstin_id_59474ecb ON gfg.purchase_seller USING btree (gstin_id);


--
-- Name: purchase_seller_item_Category_itemcategory_id_6a645cad; Type: INDEX; Schema: gfg; Owner: root
--

CREATE INDEX "purchase_seller_item_Category_itemcategory_id_6a645cad" ON gfg."purchase_seller_item_Category" USING btree (itemcategory_id);


--
-- Name: purchase_seller_item_Category_seller_id_3d0b5ed6; Type: INDEX; Schema: gfg; Owner: root
--

CREATE INDEX "purchase_seller_item_Category_seller_id_3d0b5ed6" ON gfg."purchase_seller_item_Category" USING btree (seller_id);


--
-- Name: purchase_seller_mills_mill_id_acead82f; Type: INDEX; Schema: gfg; Owner: root
--

CREATE INDEX purchase_seller_mills_mill_id_acead82f ON gfg.purchase_seller_mills USING btree (mill_id);


--
-- Name: purchase_seller_mills_seller_id_a206ad50; Type: INDEX; Schema: gfg; Owner: root
--

CREATE INDEX purchase_seller_mills_seller_id_a206ad50 ON gfg.purchase_seller_mills USING btree (seller_id);


--
-- Name: purchase_sellerinvoice_mill_id_b8dff25e; Type: INDEX; Schema: gfg; Owner: root
--

CREATE INDEX purchase_sellerinvoice_mill_id_b8dff25e ON gfg.purchase_sellerinvoice USING btree (mill_id);


--
-- Name: purchase_sellerinvoice_perchase_order_id_de8189fb; Type: INDEX; Schema: gfg; Owner: root
--

CREATE INDEX purchase_sellerinvoice_perchase_order_id_de8189fb ON gfg.purchase_sellerinvoice USING btree (perchase_order_id);


--
-- Name: purchase_sellerinvoice_seller_id_372730e5; Type: INDEX; Schema: gfg; Owner: root
--

CREATE INDEX purchase_sellerinvoice_seller_id_372730e5 ON gfg.purchase_sellerinvoice USING btree (seller_id);


--
-- Name: purchase_village_pin_id_cd5aca56; Type: INDEX; Schema: gfg; Owner: root
--

CREATE INDEX purchase_village_pin_id_cd5aca56 ON gfg.purchase_village USING btree (pin_id);


--
-- Name: auditlog_logentry_action_229afe39; Type: INDEX; Schema: jamkhandisugars; Owner: root
--

CREATE INDEX auditlog_logentry_action_229afe39 ON jamkhandisugars.auditlog_logentry USING btree (action);


--
-- Name: auditlog_logentry_actor_id_959271d2; Type: INDEX; Schema: jamkhandisugars; Owner: root
--

CREATE INDEX auditlog_logentry_actor_id_959271d2 ON jamkhandisugars.auditlog_logentry USING btree (actor_id);


--
-- Name: auditlog_logentry_cid_9f467263; Type: INDEX; Schema: jamkhandisugars; Owner: root
--

CREATE INDEX auditlog_logentry_cid_9f467263 ON jamkhandisugars.auditlog_logentry USING btree (cid);


--
-- Name: auditlog_logentry_cid_9f467263_like; Type: INDEX; Schema: jamkhandisugars; Owner: root
--

CREATE INDEX auditlog_logentry_cid_9f467263_like ON jamkhandisugars.auditlog_logentry USING btree (cid varchar_pattern_ops);


--
-- Name: auditlog_logentry_content_type_id_75830218; Type: INDEX; Schema: jamkhandisugars; Owner: root
--

CREATE INDEX auditlog_logentry_content_type_id_75830218 ON jamkhandisugars.auditlog_logentry USING btree (content_type_id);


--
-- Name: auditlog_logentry_object_id_09c2eee8; Type: INDEX; Schema: jamkhandisugars; Owner: root
--

CREATE INDEX auditlog_logentry_object_id_09c2eee8 ON jamkhandisugars.auditlog_logentry USING btree (object_id);


--
-- Name: auditlog_logentry_object_pk_6e3219c0; Type: INDEX; Schema: jamkhandisugars; Owner: root
--

CREATE INDEX auditlog_logentry_object_pk_6e3219c0 ON jamkhandisugars.auditlog_logentry USING btree (object_pk);


--
-- Name: auditlog_logentry_object_pk_6e3219c0_like; Type: INDEX; Schema: jamkhandisugars; Owner: root
--

CREATE INDEX auditlog_logentry_object_pk_6e3219c0_like ON jamkhandisugars.auditlog_logentry USING btree (object_pk varchar_pattern_ops);


--
-- Name: auditlog_logentry_timestamp_37867bb0; Type: INDEX; Schema: jamkhandisugars; Owner: root
--

CREATE INDEX auditlog_logentry_timestamp_37867bb0 ON jamkhandisugars.auditlog_logentry USING btree ("timestamp");


--
-- Name: auth_group_name_a6ea08ec_like; Type: INDEX; Schema: jamkhandisugars; Owner: root
--

CREATE INDEX auth_group_name_a6ea08ec_like ON jamkhandisugars.auth_group USING btree (name varchar_pattern_ops);


--
-- Name: auth_group_permissions_group_id_b120cbf9; Type: INDEX; Schema: jamkhandisugars; Owner: root
--

CREATE INDEX auth_group_permissions_group_id_b120cbf9 ON jamkhandisugars.auth_group_permissions USING btree (group_id);


--
-- Name: auth_group_permissions_permission_id_84c5c92e; Type: INDEX; Schema: jamkhandisugars; Owner: root
--

CREATE INDEX auth_group_permissions_permission_id_84c5c92e ON jamkhandisugars.auth_group_permissions USING btree (permission_id);


--
-- Name: auth_permission_content_type_id_2f476e4b; Type: INDEX; Schema: jamkhandisugars; Owner: root
--

CREATE INDEX auth_permission_content_type_id_2f476e4b ON jamkhandisugars.auth_permission USING btree (content_type_id);


--
-- Name: auth_user_groups_group_id_97559544; Type: INDEX; Schema: jamkhandisugars; Owner: root
--

CREATE INDEX auth_user_groups_group_id_97559544 ON jamkhandisugars.auth_user_groups USING btree (group_id);


--
-- Name: auth_user_groups_user_id_6a12ed8b; Type: INDEX; Schema: jamkhandisugars; Owner: root
--

CREATE INDEX auth_user_groups_user_id_6a12ed8b ON jamkhandisugars.auth_user_groups USING btree (user_id);


--
-- Name: auth_user_user_permissions_permission_id_1fbb5f2c; Type: INDEX; Schema: jamkhandisugars; Owner: root
--

CREATE INDEX auth_user_user_permissions_permission_id_1fbb5f2c ON jamkhandisugars.auth_user_user_permissions USING btree (permission_id);


--
-- Name: auth_user_user_permissions_user_id_a95ead1b; Type: INDEX; Schema: jamkhandisugars; Owner: root
--

CREATE INDEX auth_user_user_permissions_user_id_a95ead1b ON jamkhandisugars.auth_user_user_permissions USING btree (user_id);


--
-- Name: auth_user_username_6821ab7c_like; Type: INDEX; Schema: jamkhandisugars; Owner: root
--

CREATE INDEX auth_user_username_6821ab7c_like ON jamkhandisugars.auth_user USING btree (username varchar_pattern_ops);


--
-- Name: django_admin_log_content_type_id_c4bce8eb; Type: INDEX; Schema: jamkhandisugars; Owner: root
--

CREATE INDEX django_admin_log_content_type_id_c4bce8eb ON jamkhandisugars.django_admin_log USING btree (content_type_id);


--
-- Name: django_admin_log_user_id_c564eba6; Type: INDEX; Schema: jamkhandisugars; Owner: root
--

CREATE INDEX django_admin_log_user_id_c564eba6 ON jamkhandisugars.django_admin_log USING btree (user_id);


--
-- Name: django_session_expire_date_a5c62663; Type: INDEX; Schema: jamkhandisugars; Owner: root
--

CREATE INDEX django_session_expire_date_a5c62663 ON jamkhandisugars.django_session USING btree (expire_date);


--
-- Name: django_session_session_key_c0390e0f_like; Type: INDEX; Schema: jamkhandisugars; Owner: root
--

CREATE INDEX django_session_session_key_c0390e0f_like ON jamkhandisugars.django_session USING btree (session_key varchar_pattern_ops);


--
-- Name: employee_employeemaster_cost_center_costcenter_id_886a451d; Type: INDEX; Schema: jamkhandisugars; Owner: root
--

CREATE INDEX employee_employeemaster_cost_center_costcenter_id_886a451d ON jamkhandisugars.employee_employeemaster_cost_center USING btree (costcenter_id);


--
-- Name: employee_employeemaster_cost_center_employeemaster_id_c6d953a7; Type: INDEX; Schema: jamkhandisugars; Owner: root
--

CREATE INDEX employee_employeemaster_cost_center_employeemaster_id_c6d953a7 ON jamkhandisugars.employee_employeemaster_cost_center USING btree (employeemaster_id);


--
-- Name: employee_employeemaster_dept_department_id_5c81457a; Type: INDEX; Schema: jamkhandisugars; Owner: root
--

CREATE INDEX employee_employeemaster_dept_department_id_5c81457a ON jamkhandisugars.employee_employeemaster_dept USING btree (department_id);


--
-- Name: employee_employeemaster_dept_employeemaster_id_cfdd0af2; Type: INDEX; Schema: jamkhandisugars; Owner: root
--

CREATE INDEX employee_employeemaster_dept_employeemaster_id_cfdd0af2 ON jamkhandisugars.employee_employeemaster_dept USING btree (employeemaster_id);


--
-- Name: employee_employeemaster_mill_employeemaster_id_6909df5d; Type: INDEX; Schema: jamkhandisugars; Owner: root
--

CREATE INDEX employee_employeemaster_mill_employeemaster_id_6909df5d ON jamkhandisugars.employee_employeemaster_mill USING btree (employeemaster_id);


--
-- Name: employee_employeemaster_mill_mill_id_f4ac9f1c; Type: INDEX; Schema: jamkhandisugars; Owner: root
--

CREATE INDEX employee_employeemaster_mill_mill_id_f4ac9f1c ON jamkhandisugars.employee_employeemaster_mill USING btree (mill_id);


--
-- Name: employee_employeemaster_roles_id_aeba112d; Type: INDEX; Schema: jamkhandisugars; Owner: root
--

CREATE INDEX employee_employeemaster_roles_id_aeba112d ON jamkhandisugars.employee_employeemaster USING btree (roles_id);


--
-- Name: employee_roles_pages_pages_id_be5e142f; Type: INDEX; Schema: jamkhandisugars; Owner: root
--

CREATE INDEX employee_roles_pages_pages_id_be5e142f ON jamkhandisugars.employee_roles_pages USING btree (pages_id);


--
-- Name: employee_roles_pages_roles_id_fc39ef4e; Type: INDEX; Schema: jamkhandisugars; Owner: root
--

CREATE INDEX employee_roles_pages_roles_id_fc39ef4e ON jamkhandisugars.employee_roles_pages USING btree (roles_id);


--
-- Name: institute_department_mill_id_bf32c536; Type: INDEX; Schema: jamkhandisugars; Owner: root
--

CREATE INDEX institute_department_mill_id_bf32c536 ON jamkhandisugars.institute_department USING btree (mill_id);


--
-- Name: institute_department_parent_id_f9ffe626; Type: INDEX; Schema: jamkhandisugars; Owner: root
--

CREATE INDEX institute_department_parent_id_f9ffe626 ON jamkhandisugars.institute_department USING btree (parent_id);


--
-- Name: institute_emails_mill_id_74814107; Type: INDEX; Schema: jamkhandisugars; Owner: root
--

CREATE INDEX institute_emails_mill_id_74814107 ON jamkhandisugars.institute_emails USING btree (mill_id);


--
-- Name: institute_institution_instituttion_type_id_7a61a2cc; Type: INDEX; Schema: jamkhandisugars; Owner: root
--

CREATE INDEX institute_institution_instituttion_type_id_7a61a2cc ON jamkhandisugars.institute_institution USING btree (instituttion_type_id);


--
-- Name: institute_mill_institution_id_40f5aec9; Type: INDEX; Schema: jamkhandisugars; Owner: root
--

CREATE INDEX institute_mill_institution_id_40f5aec9 ON jamkhandisugars.institute_mill USING btree (institution_id);


--
-- Name: inventory_itemcategory_parent_id_62f5a205; Type: INDEX; Schema: jamkhandisugars; Owner: root
--

CREATE INDEX inventory_itemcategory_parent_id_62f5a205 ON jamkhandisugars.inventory_itemcategory USING btree (parent_id);


--
-- Name: inventory_itemmaster_cost_center_costcenter_id_36e54e6e; Type: INDEX; Schema: jamkhandisugars; Owner: root
--

CREATE INDEX inventory_itemmaster_cost_center_costcenter_id_36e54e6e ON jamkhandisugars.inventory_itemmaster_cost_center USING btree (costcenter_id);


--
-- Name: inventory_itemmaster_cost_center_itemmaster_id_b696c09d; Type: INDEX; Schema: jamkhandisugars; Owner: root
--

CREATE INDEX inventory_itemmaster_cost_center_itemmaster_id_b696c09d ON jamkhandisugars.inventory_itemmaster_cost_center USING btree (itemmaster_id);


--
-- Name: inventory_itemmaster_dept_department_id_c892e125; Type: INDEX; Schema: jamkhandisugars; Owner: root
--

CREATE INDEX inventory_itemmaster_dept_department_id_c892e125 ON jamkhandisugars.inventory_itemmaster_dept USING btree (department_id);


--
-- Name: inventory_itemmaster_dept_itemmaster_id_ce1d6044; Type: INDEX; Schema: jamkhandisugars; Owner: root
--

CREATE INDEX inventory_itemmaster_dept_itemmaster_id_ce1d6044 ON jamkhandisugars.inventory_itemmaster_dept USING btree (itemmaster_id);


--
-- Name: inventory_itemmaster_item_category_id_55735e4d; Type: INDEX; Schema: jamkhandisugars; Owner: root
--

CREATE INDEX inventory_itemmaster_item_category_id_55735e4d ON jamkhandisugars.inventory_itemmaster USING btree (item_category_id);


--
-- Name: inventory_itemmaster_item_type_id_6e672b18; Type: INDEX; Schema: jamkhandisugars; Owner: root
--

CREATE INDEX inventory_itemmaster_item_type_id_6e672b18 ON jamkhandisugars.inventory_itemmaster USING btree (item_type_id);


--
-- Name: inventory_itemmaster_uom_id_ba1c825f; Type: INDEX; Schema: jamkhandisugars; Owner: root
--

CREATE INDEX inventory_itemmaster_uom_id_ba1c825f ON jamkhandisugars.inventory_itemmaster USING btree (uom_id);


--
-- Name: inventory_itemproperties_item_id_3d4a385a; Type: INDEX; Schema: jamkhandisugars; Owner: root
--

CREATE INDEX inventory_itemproperties_item_id_3d4a385a ON jamkhandisugars.inventory_itemproperties USING btree (item_id);


--
-- Name: inventory_ledger_item_id_3bf04d1f; Type: INDEX; Schema: jamkhandisugars; Owner: root
--

CREATE INDEX inventory_ledger_item_id_3bf04d1f ON jamkhandisugars.inventory_ledger USING btree (item_id);


--
-- Name: inventory_ledger_ledger_type_id_4e49dc62; Type: INDEX; Schema: jamkhandisugars; Owner: root
--

CREATE INDEX inventory_ledger_ledger_type_id_4e49dc62 ON jamkhandisugars.inventory_ledger USING btree (ledger_type_id);


--
-- Name: inventory_ledger_mill_id_c47451c0; Type: INDEX; Schema: jamkhandisugars; Owner: root
--

CREATE INDEX inventory_ledger_mill_id_c47451c0 ON jamkhandisugars.inventory_ledger USING btree (mill_id);


--
-- Name: inventory_ledger_seller_id_c6350268; Type: INDEX; Schema: jamkhandisugars; Owner: root
--

CREATE INDEX inventory_ledger_seller_id_c6350268 ON jamkhandisugars.inventory_ledger USING btree (seller_id);


--
-- Name: inventory_ledger_store_id_59557492; Type: INDEX; Schema: jamkhandisugars; Owner: root
--

CREATE INDEX inventory_ledger_store_id_59557492 ON jamkhandisugars.inventory_ledger USING btree (store_id);


--
-- Name: inventory_store_parent_id_b43f462c; Type: INDEX; Schema: jamkhandisugars; Owner: root
--

CREATE INDEX inventory_store_parent_id_b43f462c ON jamkhandisugars.inventory_store USING btree (parent_id);


--
-- Name: purchase_address_gstin_id_97d1425d; Type: INDEX; Schema: jamkhandisugars; Owner: root
--

CREATE INDEX purchase_address_gstin_id_97d1425d ON jamkhandisugars.purchase_address USING btree (gstin_id);


--
-- Name: purchase_address_pin_code_id_3f154a46; Type: INDEX; Schema: jamkhandisugars; Owner: root
--

CREATE INDEX purchase_address_pin_code_id_3f154a46 ON jamkhandisugars.purchase_address USING btree (pin_code_id);


--
-- Name: purchase_address_seller_id_ab3f8d54; Type: INDEX; Schema: jamkhandisugars; Owner: root
--

CREATE INDEX purchase_address_seller_id_ab3f8d54 ON jamkhandisugars.purchase_address USING btree (seller_id);


--
-- Name: purchase_city_district_id_9aff07a9; Type: INDEX; Schema: jamkhandisugars; Owner: root
--

CREATE INDEX purchase_city_district_id_9aff07a9 ON jamkhandisugars.purchase_city USING btree (district_id);


--
-- Name: purchase_costcenter_mill_id_18acc5c5; Type: INDEX; Schema: jamkhandisugars; Owner: root
--

CREATE INDEX purchase_costcenter_mill_id_18acc5c5 ON jamkhandisugars.purchase_costcenter USING btree (mill_id);


--
-- Name: purchase_costcenter_parent_id_e11559a7; Type: INDEX; Schema: jamkhandisugars; Owner: root
--

CREATE INDEX purchase_costcenter_parent_id_e11559a7 ON jamkhandisugars.purchase_costcenter USING btree (parent_id);


--
-- Name: purchase_district_state_id_0371a79f; Type: INDEX; Schema: jamkhandisugars; Owner: root
--

CREATE INDEX purchase_district_state_id_0371a79f ON jamkhandisugars.purchase_district USING btree (state_id);


--
-- Name: purchase_enquairyitem_item_id_819f47f8; Type: INDEX; Schema: jamkhandisugars; Owner: root
--

CREATE INDEX purchase_enquairyitem_item_id_819f47f8 ON jamkhandisugars.purchase_enquairyitem USING btree (item_id);


--
-- Name: purchase_enquairyitem_master_id_6e338137; Type: INDEX; Schema: jamkhandisugars; Owner: root
--

CREATE INDEX purchase_enquairyitem_master_id_6e338137 ON jamkhandisugars.purchase_enquairyitem USING btree (master_id);


--
-- Name: purchase_enquairymaster_requisition_id_54682cd4; Type: INDEX; Schema: jamkhandisugars; Owner: root
--

CREATE INDEX purchase_enquairymaster_requisition_id_54682cd4 ON jamkhandisugars.purchase_enquairymaster USING btree (requisition_id);


--
-- Name: purchase_enquairymaster_seller_enquairymaster_id_fe7be89c; Type: INDEX; Schema: jamkhandisugars; Owner: root
--

CREATE INDEX purchase_enquairymaster_seller_enquairymaster_id_fe7be89c ON jamkhandisugars.purchase_enquairymaster_seller USING btree (enquairymaster_id);


--
-- Name: purchase_enquairymaster_seller_seller_id_c270c245; Type: INDEX; Schema: jamkhandisugars; Owner: root
--

CREATE INDEX purchase_enquairymaster_seller_seller_id_c270c245 ON jamkhandisugars.purchase_enquairymaster_seller USING btree (seller_id);


--
-- Name: purchase_enquairystatus_employee_id_694eb3ad; Type: INDEX; Schema: jamkhandisugars; Owner: root
--

CREATE INDEX purchase_enquairystatus_employee_id_694eb3ad ON jamkhandisugars.purchase_enquairystatus USING btree (employee_id);


--
-- Name: purchase_enquairystatus_master_id_998aada6; Type: INDEX; Schema: jamkhandisugars; Owner: root
--

CREATE INDEX purchase_enquairystatus_master_id_998aada6 ON jamkhandisugars.purchase_enquairystatus USING btree (master_id);


--
-- Name: purchase_gstin_gstin_ceb467f0_like; Type: INDEX; Schema: jamkhandisugars; Owner: root
--

CREATE INDEX purchase_gstin_gstin_ceb467f0_like ON jamkhandisugars.purchase_gstin USING btree (gstin varchar_pattern_ops);


--
-- Name: purchase_gstin_state_id_b7965b3e; Type: INDEX; Schema: jamkhandisugars; Owner: root
--

CREATE INDEX purchase_gstin_state_id_b7965b3e ON jamkhandisugars.purchase_gstin USING btree (state_id);


--
-- Name: purchase_indentitems_indent_id_fbd1cd6c; Type: INDEX; Schema: jamkhandisugars; Owner: root
--

CREATE INDEX purchase_indentitems_indent_id_fbd1cd6c ON jamkhandisugars.purchase_indentitems USING btree (indent_id);


--
-- Name: purchase_indentitems_item_id_61d052a7; Type: INDEX; Schema: jamkhandisugars; Owner: root
--

CREATE INDEX purchase_indentitems_item_id_61d052a7 ON jamkhandisugars.purchase_indentitems USING btree (item_id);


--
-- Name: purchase_indentmaster_dept_id_75096cb7; Type: INDEX; Schema: jamkhandisugars; Owner: root
--

CREATE INDEX purchase_indentmaster_dept_id_75096cb7 ON jamkhandisugars.purchase_indentmaster USING btree (dept_id);


--
-- Name: purchase_indentmaster_employee_id_7ca47468; Type: INDEX; Schema: jamkhandisugars; Owner: root
--

CREATE INDEX purchase_indentmaster_employee_id_7ca47468 ON jamkhandisugars.purchase_indentmaster USING btree (employee_id);


--
-- Name: purchase_indentmaster_indent_type_id_c1b4650d; Type: INDEX; Schema: jamkhandisugars; Owner: root
--

CREATE INDEX purchase_indentmaster_indent_type_id_c1b4650d ON jamkhandisugars.purchase_indentmaster USING btree (indent_type_id);


--
-- Name: purchase_indentmaster_mill_id_359f240a; Type: INDEX; Schema: jamkhandisugars; Owner: root
--

CREATE INDEX purchase_indentmaster_mill_id_359f240a ON jamkhandisugars.purchase_indentmaster USING btree (mill_id);


--
-- Name: purchase_indentstatus_employee_id_137b6efd; Type: INDEX; Schema: jamkhandisugars; Owner: root
--

CREATE INDEX purchase_indentstatus_employee_id_137b6efd ON jamkhandisugars.purchase_indentstatus USING btree (employee_id);


--
-- Name: purchase_indentstatus_indent_master_id_ebd5dc84; Type: INDEX; Schema: jamkhandisugars; Owner: root
--

CREATE INDEX purchase_indentstatus_indent_master_id_ebd5dc84 ON jamkhandisugars.purchase_indentstatus USING btree (indent_master_id);


--
-- Name: purchase_mir_item_id_7b2412a1; Type: INDEX; Schema: jamkhandisugars; Owner: root
--

CREATE INDEX purchase_mir_item_id_7b2412a1 ON jamkhandisugars.purchase_mir USING btree (item_id);


--
-- Name: purchase_mir_perchase_order_id_f5c01e02; Type: INDEX; Schema: jamkhandisugars; Owner: root
--

CREATE INDEX purchase_mir_perchase_order_id_f5c01e02 ON jamkhandisugars.purchase_mir USING btree (perchase_order_id);


--
-- Name: purchase_mir_seller_invoice_id_1226ed21; Type: INDEX; Schema: jamkhandisugars; Owner: root
--

CREATE INDEX purchase_mir_seller_invoice_id_1226ed21 ON jamkhandisugars.purchase_mir USING btree (seller_invoice_id);


--
-- Name: purchase_pin_city_id_0bb2f187; Type: INDEX; Schema: jamkhandisugars; Owner: root
--

CREATE INDEX purchase_pin_city_id_0bb2f187 ON jamkhandisugars.purchase_pin USING btree (city_id);


--
-- Name: purchase_purchaseorder_item_id_2575b068; Type: INDEX; Schema: jamkhandisugars; Owner: root
--

CREATE INDEX purchase_purchaseorder_item_id_2575b068 ON jamkhandisugars.purchase_purchaseorder USING btree (item_id);


--
-- Name: purchase_purchaseorder_perchase_order_id_eca61b62; Type: INDEX; Schema: jamkhandisugars; Owner: root
--

CREATE INDEX purchase_purchaseorder_perchase_order_id_eca61b62 ON jamkhandisugars.purchase_purchaseorder USING btree (perchase_order_id);


--
-- Name: purchase_purchaseorderdoc_purchase_order_id_09520438; Type: INDEX; Schema: jamkhandisugars; Owner: root
--

CREATE INDEX purchase_purchaseorderdoc_purchase_order_id_09520438 ON jamkhandisugars.purchase_purchaseorderdoc USING btree (purchase_order_id);


--
-- Name: purchase_purchaseordermaster_approved_by_id_cd0328d5; Type: INDEX; Schema: jamkhandisugars; Owner: root
--

CREATE INDEX purchase_purchaseordermaster_approved_by_id_cd0328d5 ON jamkhandisugars.purchase_purchaseordermaster USING btree (approved_by_id);


--
-- Name: purchase_purchaseordermaster_checked_by_id_48f3bf76; Type: INDEX; Schema: jamkhandisugars; Owner: root
--

CREATE INDEX purchase_purchaseordermaster_checked_by_id_48f3bf76 ON jamkhandisugars.purchase_purchaseordermaster USING btree (checked_by_id);


--
-- Name: purchase_purchaseordermaster_prepared_by_id_8b247b23; Type: INDEX; Schema: jamkhandisugars; Owner: root
--

CREATE INDEX purchase_purchaseordermaster_prepared_by_id_8b247b23 ON jamkhandisugars.purchase_purchaseordermaster USING btree (prepared_by_id);


--
-- Name: purchase_purchaseordermaster_quotation_master_id_edf8f34a; Type: INDEX; Schema: jamkhandisugars; Owner: root
--

CREATE INDEX purchase_purchaseordermaster_quotation_master_id_edf8f34a ON jamkhandisugars.purchase_purchaseordermaster USING btree (quotation_master_id);


--
-- Name: purchase_purchaseordermaster_seller_id_66a02332; Type: INDEX; Schema: jamkhandisugars; Owner: root
--

CREATE INDEX purchase_purchaseordermaster_seller_id_66a02332 ON jamkhandisugars.purchase_purchaseordermaster USING btree (seller_id);


--
-- Name: purchase_purchaseorderstatus_employee_id_3e095fb3; Type: INDEX; Schema: jamkhandisugars; Owner: root
--

CREATE INDEX purchase_purchaseorderstatus_employee_id_3e095fb3 ON jamkhandisugars.purchase_purchaseorderstatus USING btree (employee_id);


--
-- Name: purchase_purchaseorderstatus_po_master_id_4b0f1bf0; Type: INDEX; Schema: jamkhandisugars; Owner: root
--

CREATE INDEX purchase_purchaseorderstatus_po_master_id_4b0f1bf0 ON jamkhandisugars.purchase_purchaseorderstatus USING btree (po_master_id);


--
-- Name: purchase_quotationitem_item_id_0fef117c; Type: INDEX; Schema: jamkhandisugars; Owner: root
--

CREATE INDEX purchase_quotationitem_item_id_0fef117c ON jamkhandisugars.purchase_quotationitem USING btree (item_id);


--
-- Name: purchase_quotationitem_quotation_master_id_f779fa95; Type: INDEX; Schema: jamkhandisugars; Owner: root
--

CREATE INDEX purchase_quotationitem_quotation_master_id_f779fa95 ON jamkhandisugars.purchase_quotationitem USING btree (quotation_master_id);


--
-- Name: purchase_quotationmaster_enquiry_master_id_f141c632; Type: INDEX; Schema: jamkhandisugars; Owner: root
--

CREATE INDEX purchase_quotationmaster_enquiry_master_id_f141c632 ON jamkhandisugars.purchase_quotationmaster USING btree (enquiry_master_id);


--
-- Name: purchase_quotationmaster_parent_id_4535c5fe; Type: INDEX; Schema: jamkhandisugars; Owner: root
--

CREATE INDEX purchase_quotationmaster_parent_id_4535c5fe ON jamkhandisugars.purchase_quotationmaster USING btree (parent_id);


--
-- Name: purchase_quotationmaster_seller_id_e653547a; Type: INDEX; Schema: jamkhandisugars; Owner: root
--

CREATE INDEX purchase_quotationmaster_seller_id_e653547a ON jamkhandisugars.purchase_quotationmaster USING btree (seller_id);


--
-- Name: purchase_quotationstatus_employee_id_7473af1c; Type: INDEX; Schema: jamkhandisugars; Owner: root
--

CREATE INDEX purchase_quotationstatus_employee_id_7473af1c ON jamkhandisugars.purchase_quotationstatus USING btree (employee_id);


--
-- Name: purchase_quotationstatus_quotation_master_id_5fd34ffe; Type: INDEX; Schema: jamkhandisugars; Owner: root
--

CREATE INDEX purchase_quotationstatus_quotation_master_id_5fd34ffe ON jamkhandisugars.purchase_quotationstatus USING btree (quotation_master_id);


--
-- Name: purchase_requisitionitem_indent_item_id_a81540a4; Type: INDEX; Schema: jamkhandisugars; Owner: root
--

CREATE INDEX purchase_requisitionitem_indent_item_id_a81540a4 ON jamkhandisugars.purchase_requisitionitem USING btree (indent_item_id);


--
-- Name: purchase_requisitionitem_requisition_master_id_0c4e2d46; Type: INDEX; Schema: jamkhandisugars; Owner: root
--

CREATE INDEX purchase_requisitionitem_requisition_master_id_0c4e2d46 ON jamkhandisugars.purchase_requisitionitem USING btree (requisition_master_id);


--
-- Name: purchase_requisitionmaster_employee_id_78dbd60c; Type: INDEX; Schema: jamkhandisugars; Owner: root
--

CREATE INDEX purchase_requisitionmaster_employee_id_78dbd60c ON jamkhandisugars.purchase_requisitionmaster USING btree (employee_id);


--
-- Name: purchase_requisitionmaster_indent_master_id_91dc9934; Type: INDEX; Schema: jamkhandisugars; Owner: root
--

CREATE INDEX purchase_requisitionmaster_indent_master_id_91dc9934 ON jamkhandisugars.purchase_requisitionmaster USING btree (indent_master_id);


--
-- Name: purchase_requisitionstatus_employee_id_07916b76; Type: INDEX; Schema: jamkhandisugars; Owner: root
--

CREATE INDEX purchase_requisitionstatus_employee_id_07916b76 ON jamkhandisugars.purchase_requisitionstatus USING btree (employee_id);


--
-- Name: purchase_requisitionstatus_master_id_ac813aaa; Type: INDEX; Schema: jamkhandisugars; Owner: root
--

CREATE INDEX purchase_requisitionstatus_master_id_ac813aaa ON jamkhandisugars.purchase_requisitionstatus USING btree (master_id);


--
-- Name: purchase_seller_gstin_id_59474ecb; Type: INDEX; Schema: jamkhandisugars; Owner: root
--

CREATE INDEX purchase_seller_gstin_id_59474ecb ON jamkhandisugars.purchase_seller USING btree (gstin_id);


--
-- Name: purchase_seller_item_Category_itemcategory_id_6a645cad; Type: INDEX; Schema: jamkhandisugars; Owner: root
--

CREATE INDEX "purchase_seller_item_Category_itemcategory_id_6a645cad" ON jamkhandisugars."purchase_seller_item_Category" USING btree (itemcategory_id);


--
-- Name: purchase_seller_item_Category_seller_id_3d0b5ed6; Type: INDEX; Schema: jamkhandisugars; Owner: root
--

CREATE INDEX "purchase_seller_item_Category_seller_id_3d0b5ed6" ON jamkhandisugars."purchase_seller_item_Category" USING btree (seller_id);


--
-- Name: purchase_seller_mills_mill_id_acead82f; Type: INDEX; Schema: jamkhandisugars; Owner: root
--

CREATE INDEX purchase_seller_mills_mill_id_acead82f ON jamkhandisugars.purchase_seller_mills USING btree (mill_id);


--
-- Name: purchase_seller_mills_seller_id_a206ad50; Type: INDEX; Schema: jamkhandisugars; Owner: root
--

CREATE INDEX purchase_seller_mills_seller_id_a206ad50 ON jamkhandisugars.purchase_seller_mills USING btree (seller_id);


--
-- Name: purchase_sellerinvoice_mill_id_b8dff25e; Type: INDEX; Schema: jamkhandisugars; Owner: root
--

CREATE INDEX purchase_sellerinvoice_mill_id_b8dff25e ON jamkhandisugars.purchase_sellerinvoice USING btree (mill_id);


--
-- Name: purchase_sellerinvoice_perchase_order_id_de8189fb; Type: INDEX; Schema: jamkhandisugars; Owner: root
--

CREATE INDEX purchase_sellerinvoice_perchase_order_id_de8189fb ON jamkhandisugars.purchase_sellerinvoice USING btree (perchase_order_id);


--
-- Name: purchase_sellerinvoice_seller_id_372730e5; Type: INDEX; Schema: jamkhandisugars; Owner: root
--

CREATE INDEX purchase_sellerinvoice_seller_id_372730e5 ON jamkhandisugars.purchase_sellerinvoice USING btree (seller_id);


--
-- Name: purchase_village_pin_id_cd5aca56; Type: INDEX; Schema: jamkhandisugars; Owner: root
--

CREATE INDEX purchase_village_pin_id_cd5aca56 ON jamkhandisugars.purchase_village USING btree (pin_id);


--
-- Name: auth_group_name_a6ea08ec_like; Type: INDEX; Schema: public; Owner: root
--

CREATE INDEX auth_group_name_a6ea08ec_like ON public.auth_group USING btree (name varchar_pattern_ops);


--
-- Name: auth_group_permissions_group_id_b120cbf9; Type: INDEX; Schema: public; Owner: root
--

CREATE INDEX auth_group_permissions_group_id_b120cbf9 ON public.auth_group_permissions USING btree (group_id);


--
-- Name: auth_group_permissions_permission_id_84c5c92e; Type: INDEX; Schema: public; Owner: root
--

CREATE INDEX auth_group_permissions_permission_id_84c5c92e ON public.auth_group_permissions USING btree (permission_id);


--
-- Name: auth_permission_content_type_id_2f476e4b; Type: INDEX; Schema: public; Owner: root
--

CREATE INDEX auth_permission_content_type_id_2f476e4b ON public.auth_permission USING btree (content_type_id);


--
-- Name: auth_user_groups_group_id_97559544; Type: INDEX; Schema: public; Owner: root
--

CREATE INDEX auth_user_groups_group_id_97559544 ON public.auth_user_groups USING btree (group_id);


--
-- Name: auth_user_groups_user_id_6a12ed8b; Type: INDEX; Schema: public; Owner: root
--

CREATE INDEX auth_user_groups_user_id_6a12ed8b ON public.auth_user_groups USING btree (user_id);


--
-- Name: auth_user_user_permissions_permission_id_1fbb5f2c; Type: INDEX; Schema: public; Owner: root
--

CREATE INDEX auth_user_user_permissions_permission_id_1fbb5f2c ON public.auth_user_user_permissions USING btree (permission_id);


--
-- Name: auth_user_user_permissions_user_id_a95ead1b; Type: INDEX; Schema: public; Owner: root
--

CREATE INDEX auth_user_user_permissions_user_id_a95ead1b ON public.auth_user_user_permissions USING btree (user_id);


--
-- Name: auth_user_username_6821ab7c_like; Type: INDEX; Schema: public; Owner: root
--

CREATE INDEX auth_user_username_6821ab7c_like ON public.auth_user USING btree (username varchar_pattern_ops);


--
-- Name: django_admin_log_content_type_id_c4bce8eb; Type: INDEX; Schema: public; Owner: root
--

CREATE INDEX django_admin_log_content_type_id_c4bce8eb ON public.django_admin_log USING btree (content_type_id);


--
-- Name: django_admin_log_user_id_c564eba6; Type: INDEX; Schema: public; Owner: root
--

CREATE INDEX django_admin_log_user_id_c564eba6 ON public.django_admin_log USING btree (user_id);


--
-- Name: django_session_expire_date_a5c62663; Type: INDEX; Schema: public; Owner: root
--

CREATE INDEX django_session_expire_date_a5c62663 ON public.django_session USING btree (expire_date);


--
-- Name: django_session_session_key_c0390e0f_like; Type: INDEX; Schema: public; Owner: root
--

CREATE INDEX django_session_session_key_c0390e0f_like ON public.django_session USING btree (session_key varchar_pattern_ops);


--
-- Name: tenant_domain_domain_39f2eb25_like; Type: INDEX; Schema: public; Owner: root
--

CREATE INDEX tenant_domain_domain_39f2eb25_like ON public.tenant_domain USING btree (domain varchar_pattern_ops);


--
-- Name: tenant_domain_is_primary_7ac9f0f6; Type: INDEX; Schema: public; Owner: root
--

CREATE INDEX tenant_domain_is_primary_7ac9f0f6 ON public.tenant_domain USING btree (is_primary);


--
-- Name: tenant_domain_tenant_id_39f27a09; Type: INDEX; Schema: public; Owner: root
--

CREATE INDEX tenant_domain_tenant_id_39f27a09 ON public.tenant_domain USING btree (tenant_id);


--
-- Name: tenant_tenent_schema_name_c6d5dd4e_like; Type: INDEX; Schema: public; Owner: root
--

CREATE INDEX tenant_tenent_schema_name_c6d5dd4e_like ON public.tenant_tenent USING btree (schema_name varchar_pattern_ops);


--
-- Name: auditlog_logentry auditlog_logentry_actor_id_959271d2_fk_auth_user_id; Type: FK CONSTRAINT; Schema: gfg; Owner: root
--

ALTER TABLE ONLY gfg.auditlog_logentry
    ADD CONSTRAINT auditlog_logentry_actor_id_959271d2_fk_auth_user_id FOREIGN KEY (actor_id) REFERENCES gfg.auth_user(id) DEFERRABLE INITIALLY DEFERRED;


--
-- Name: auditlog_logentry auditlog_logentry_content_type_id_75830218_fk_django_co; Type: FK CONSTRAINT; Schema: gfg; Owner: root
--

ALTER TABLE ONLY gfg.auditlog_logentry
    ADD CONSTRAINT auditlog_logentry_content_type_id_75830218_fk_django_co FOREIGN KEY (content_type_id) REFERENCES gfg.django_content_type(id) DEFERRABLE INITIALLY DEFERRED;


--
-- Name: auth_group_permissions auth_group_permissio_permission_id_84c5c92e_fk_auth_perm; Type: FK CONSTRAINT; Schema: gfg; Owner: root
--

ALTER TABLE ONLY gfg.auth_group_permissions
    ADD CONSTRAINT auth_group_permissio_permission_id_84c5c92e_fk_auth_perm FOREIGN KEY (permission_id) REFERENCES gfg.auth_permission(id) DEFERRABLE INITIALLY DEFERRED;


--
-- Name: auth_group_permissions auth_group_permissions_group_id_b120cbf9_fk_auth_group_id; Type: FK CONSTRAINT; Schema: gfg; Owner: root
--

ALTER TABLE ONLY gfg.auth_group_permissions
    ADD CONSTRAINT auth_group_permissions_group_id_b120cbf9_fk_auth_group_id FOREIGN KEY (group_id) REFERENCES gfg.auth_group(id) DEFERRABLE INITIALLY DEFERRED;


--
-- Name: auth_permission auth_permission_content_type_id_2f476e4b_fk_django_co; Type: FK CONSTRAINT; Schema: gfg; Owner: root
--

ALTER TABLE ONLY gfg.auth_permission
    ADD CONSTRAINT auth_permission_content_type_id_2f476e4b_fk_django_co FOREIGN KEY (content_type_id) REFERENCES gfg.django_content_type(id) DEFERRABLE INITIALLY DEFERRED;


--
-- Name: auth_user_groups auth_user_groups_group_id_97559544_fk_auth_group_id; Type: FK CONSTRAINT; Schema: gfg; Owner: root
--

ALTER TABLE ONLY gfg.auth_user_groups
    ADD CONSTRAINT auth_user_groups_group_id_97559544_fk_auth_group_id FOREIGN KEY (group_id) REFERENCES gfg.auth_group(id) DEFERRABLE INITIALLY DEFERRED;


--
-- Name: auth_user_groups auth_user_groups_user_id_6a12ed8b_fk_auth_user_id; Type: FK CONSTRAINT; Schema: gfg; Owner: root
--

ALTER TABLE ONLY gfg.auth_user_groups
    ADD CONSTRAINT auth_user_groups_user_id_6a12ed8b_fk_auth_user_id FOREIGN KEY (user_id) REFERENCES gfg.auth_user(id) DEFERRABLE INITIALLY DEFERRED;


--
-- Name: auth_user_user_permissions auth_user_user_permi_permission_id_1fbb5f2c_fk_auth_perm; Type: FK CONSTRAINT; Schema: gfg; Owner: root
--

ALTER TABLE ONLY gfg.auth_user_user_permissions
    ADD CONSTRAINT auth_user_user_permi_permission_id_1fbb5f2c_fk_auth_perm FOREIGN KEY (permission_id) REFERENCES gfg.auth_permission(id) DEFERRABLE INITIALLY DEFERRED;


--
-- Name: auth_user_user_permissions auth_user_user_permissions_user_id_a95ead1b_fk_auth_user_id; Type: FK CONSTRAINT; Schema: gfg; Owner: root
--

ALTER TABLE ONLY gfg.auth_user_user_permissions
    ADD CONSTRAINT auth_user_user_permissions_user_id_a95ead1b_fk_auth_user_id FOREIGN KEY (user_id) REFERENCES gfg.auth_user(id) DEFERRABLE INITIALLY DEFERRED;


--
-- Name: django_admin_log django_admin_log_content_type_id_c4bce8eb_fk_django_co; Type: FK CONSTRAINT; Schema: gfg; Owner: root
--

ALTER TABLE ONLY gfg.django_admin_log
    ADD CONSTRAINT django_admin_log_content_type_id_c4bce8eb_fk_django_co FOREIGN KEY (content_type_id) REFERENCES gfg.django_content_type(id) DEFERRABLE INITIALLY DEFERRED;


--
-- Name: django_admin_log django_admin_log_user_id_c564eba6_fk_auth_user_id; Type: FK CONSTRAINT; Schema: gfg; Owner: root
--

ALTER TABLE ONLY gfg.django_admin_log
    ADD CONSTRAINT django_admin_log_user_id_c564eba6_fk_auth_user_id FOREIGN KEY (user_id) REFERENCES gfg.auth_user(id) DEFERRABLE INITIALLY DEFERRED;


--
-- Name: employee_employeemaster_cost_center employee_employeemas_costcenter_id_886a451d_fk_purchase_; Type: FK CONSTRAINT; Schema: gfg; Owner: root
--

ALTER TABLE ONLY gfg.employee_employeemaster_cost_center
    ADD CONSTRAINT employee_employeemas_costcenter_id_886a451d_fk_purchase_ FOREIGN KEY (costcenter_id) REFERENCES gfg.purchase_costcenter(id) DEFERRABLE INITIALLY DEFERRED;


--
-- Name: employee_employeemaster_dept employee_employeemas_department_id_5c81457a_fk_institute; Type: FK CONSTRAINT; Schema: gfg; Owner: root
--

ALTER TABLE ONLY gfg.employee_employeemaster_dept
    ADD CONSTRAINT employee_employeemas_department_id_5c81457a_fk_institute FOREIGN KEY (department_id) REFERENCES gfg.institute_department(id) DEFERRABLE INITIALLY DEFERRED;


--
-- Name: employee_employeemaster_mill employee_employeemas_employeemaster_id_6909df5d_fk_employee_; Type: FK CONSTRAINT; Schema: gfg; Owner: root
--

ALTER TABLE ONLY gfg.employee_employeemaster_mill
    ADD CONSTRAINT employee_employeemas_employeemaster_id_6909df5d_fk_employee_ FOREIGN KEY (employeemaster_id) REFERENCES gfg.employee_employeemaster(id) DEFERRABLE INITIALLY DEFERRED;


--
-- Name: employee_employeemaster_cost_center employee_employeemas_employeemaster_id_c6d953a7_fk_employee_; Type: FK CONSTRAINT; Schema: gfg; Owner: root
--

ALTER TABLE ONLY gfg.employee_employeemaster_cost_center
    ADD CONSTRAINT employee_employeemas_employeemaster_id_c6d953a7_fk_employee_ FOREIGN KEY (employeemaster_id) REFERENCES gfg.employee_employeemaster(id) DEFERRABLE INITIALLY DEFERRED;


--
-- Name: employee_employeemaster_dept employee_employeemas_employeemaster_id_cfdd0af2_fk_employee_; Type: FK CONSTRAINT; Schema: gfg; Owner: root
--

ALTER TABLE ONLY gfg.employee_employeemaster_dept
    ADD CONSTRAINT employee_employeemas_employeemaster_id_cfdd0af2_fk_employee_ FOREIGN KEY (employeemaster_id) REFERENCES gfg.employee_employeemaster(id) DEFERRABLE INITIALLY DEFERRED;


--
-- Name: employee_employeemaster_mill employee_employeemas_mill_id_f4ac9f1c_fk_institute; Type: FK CONSTRAINT; Schema: gfg; Owner: root
--

ALTER TABLE ONLY gfg.employee_employeemaster_mill
    ADD CONSTRAINT employee_employeemas_mill_id_f4ac9f1c_fk_institute FOREIGN KEY (mill_id) REFERENCES gfg.institute_mill(id) DEFERRABLE INITIALLY DEFERRED;


--
-- Name: employee_employeemaster employee_employeemaster_roles_id_aeba112d_fk_employee_roles_id; Type: FK CONSTRAINT; Schema: gfg; Owner: root
--

ALTER TABLE ONLY gfg.employee_employeemaster
    ADD CONSTRAINT employee_employeemaster_roles_id_aeba112d_fk_employee_roles_id FOREIGN KEY (roles_id) REFERENCES gfg.employee_roles(id) DEFERRABLE INITIALLY DEFERRED;


--
-- Name: employee_employeemaster employee_employeemaster_user_id_2426a49e_fk_auth_user_id; Type: FK CONSTRAINT; Schema: gfg; Owner: root
--

ALTER TABLE ONLY gfg.employee_employeemaster
    ADD CONSTRAINT employee_employeemaster_user_id_2426a49e_fk_auth_user_id FOREIGN KEY (user_id) REFERENCES gfg.auth_user(id) DEFERRABLE INITIALLY DEFERRED;


--
-- Name: employee_roles_pages employee_roles_pages_pages_id_be5e142f_fk_employee_pages_id; Type: FK CONSTRAINT; Schema: gfg; Owner: root
--

ALTER TABLE ONLY gfg.employee_roles_pages
    ADD CONSTRAINT employee_roles_pages_pages_id_be5e142f_fk_employee_pages_id FOREIGN KEY (pages_id) REFERENCES gfg.employee_pages(id) DEFERRABLE INITIALLY DEFERRED;


--
-- Name: employee_roles_pages employee_roles_pages_roles_id_fc39ef4e_fk_employee_roles_id; Type: FK CONSTRAINT; Schema: gfg; Owner: root
--

ALTER TABLE ONLY gfg.employee_roles_pages
    ADD CONSTRAINT employee_roles_pages_roles_id_fc39ef4e_fk_employee_roles_id FOREIGN KEY (roles_id) REFERENCES gfg.employee_roles(id) DEFERRABLE INITIALLY DEFERRED;


--
-- Name: institute_department institute_department_mill_id_bf32c536_fk_institute_mill_id; Type: FK CONSTRAINT; Schema: gfg; Owner: root
--

ALTER TABLE ONLY gfg.institute_department
    ADD CONSTRAINT institute_department_mill_id_bf32c536_fk_institute_mill_id FOREIGN KEY (mill_id) REFERENCES gfg.institute_mill(id) DEFERRABLE INITIALLY DEFERRED;


--
-- Name: institute_department institute_department_parent_id_f9ffe626_fk_institute; Type: FK CONSTRAINT; Schema: gfg; Owner: root
--

ALTER TABLE ONLY gfg.institute_department
    ADD CONSTRAINT institute_department_parent_id_f9ffe626_fk_institute FOREIGN KEY (parent_id) REFERENCES gfg.institute_department(id) DEFERRABLE INITIALLY DEFERRED;


--
-- Name: institute_emails institute_emails_mill_id_74814107_fk_institute_mill_id; Type: FK CONSTRAINT; Schema: gfg; Owner: root
--

ALTER TABLE ONLY gfg.institute_emails
    ADD CONSTRAINT institute_emails_mill_id_74814107_fk_institute_mill_id FOREIGN KEY (mill_id) REFERENCES gfg.institute_mill(id) DEFERRABLE INITIALLY DEFERRED;


--
-- Name: institute_institution institute_institutio_instituttion_type_id_7a61a2cc_fk_institute; Type: FK CONSTRAINT; Schema: gfg; Owner: root
--

ALTER TABLE ONLY gfg.institute_institution
    ADD CONSTRAINT institute_institutio_instituttion_type_id_7a61a2cc_fk_institute FOREIGN KEY (instituttion_type_id) REFERENCES gfg.institute_institutiontype(id) DEFERRABLE INITIALLY DEFERRED;


--
-- Name: institute_mill institute_mill_institution_id_40f5aec9_fk_institute; Type: FK CONSTRAINT; Schema: gfg; Owner: root
--

ALTER TABLE ONLY gfg.institute_mill
    ADD CONSTRAINT institute_mill_institution_id_40f5aec9_fk_institute FOREIGN KEY (institution_id) REFERENCES gfg.institute_institution(id) DEFERRABLE INITIALLY DEFERRED;


--
-- Name: inventory_itemcategory inventory_itemcatego_parent_id_62f5a205_fk_inventory; Type: FK CONSTRAINT; Schema: gfg; Owner: root
--

ALTER TABLE ONLY gfg.inventory_itemcategory
    ADD CONSTRAINT inventory_itemcatego_parent_id_62f5a205_fk_inventory FOREIGN KEY (parent_id) REFERENCES gfg.inventory_itemcategory(id) DEFERRABLE INITIALLY DEFERRED;


--
-- Name: inventory_itemmaster_cost_center inventory_itemmaster_costcenter_id_36e54e6e_fk_purchase_; Type: FK CONSTRAINT; Schema: gfg; Owner: root
--

ALTER TABLE ONLY gfg.inventory_itemmaster_cost_center
    ADD CONSTRAINT inventory_itemmaster_costcenter_id_36e54e6e_fk_purchase_ FOREIGN KEY (costcenter_id) REFERENCES gfg.purchase_costcenter(id) DEFERRABLE INITIALLY DEFERRED;


--
-- Name: inventory_itemmaster_dept inventory_itemmaster_department_id_c892e125_fk_institute; Type: FK CONSTRAINT; Schema: gfg; Owner: root
--

ALTER TABLE ONLY gfg.inventory_itemmaster_dept
    ADD CONSTRAINT inventory_itemmaster_department_id_c892e125_fk_institute FOREIGN KEY (department_id) REFERENCES gfg.institute_department(id) DEFERRABLE INITIALLY DEFERRED;


--
-- Name: inventory_itemmaster inventory_itemmaster_item_category_id_55735e4d_fk_inventory; Type: FK CONSTRAINT; Schema: gfg; Owner: root
--

ALTER TABLE ONLY gfg.inventory_itemmaster
    ADD CONSTRAINT inventory_itemmaster_item_category_id_55735e4d_fk_inventory FOREIGN KEY (item_category_id) REFERENCES gfg.inventory_itemcategory(id) DEFERRABLE INITIALLY DEFERRED;


--
-- Name: inventory_itemmaster inventory_itemmaster_item_type_id_6e672b18_fk_inventory; Type: FK CONSTRAINT; Schema: gfg; Owner: root
--

ALTER TABLE ONLY gfg.inventory_itemmaster
    ADD CONSTRAINT inventory_itemmaster_item_type_id_6e672b18_fk_inventory FOREIGN KEY (item_type_id) REFERENCES gfg.inventory_itemtype(id) DEFERRABLE INITIALLY DEFERRED;


--
-- Name: inventory_itemmaster_cost_center inventory_itemmaster_itemmaster_id_b696c09d_fk_inventory; Type: FK CONSTRAINT; Schema: gfg; Owner: root
--

ALTER TABLE ONLY gfg.inventory_itemmaster_cost_center
    ADD CONSTRAINT inventory_itemmaster_itemmaster_id_b696c09d_fk_inventory FOREIGN KEY (itemmaster_id) REFERENCES gfg.inventory_itemmaster(id) DEFERRABLE INITIALLY DEFERRED;


--
-- Name: inventory_itemmaster_dept inventory_itemmaster_itemmaster_id_ce1d6044_fk_inventory; Type: FK CONSTRAINT; Schema: gfg; Owner: root
--

ALTER TABLE ONLY gfg.inventory_itemmaster_dept
    ADD CONSTRAINT inventory_itemmaster_itemmaster_id_ce1d6044_fk_inventory FOREIGN KEY (itemmaster_id) REFERENCES gfg.inventory_itemmaster(id) DEFERRABLE INITIALLY DEFERRED;


--
-- Name: inventory_itemmaster inventory_itemmaster_uom_id_ba1c825f_fk_inventory; Type: FK CONSTRAINT; Schema: gfg; Owner: root
--

ALTER TABLE ONLY gfg.inventory_itemmaster
    ADD CONSTRAINT inventory_itemmaster_uom_id_ba1c825f_fk_inventory FOREIGN KEY (uom_id) REFERENCES gfg.inventory_unitofmeasurement(id) DEFERRABLE INITIALLY DEFERRED;


--
-- Name: inventory_itemproperties inventory_itemproper_item_id_3d4a385a_fk_inventory; Type: FK CONSTRAINT; Schema: gfg; Owner: root
--

ALTER TABLE ONLY gfg.inventory_itemproperties
    ADD CONSTRAINT inventory_itemproper_item_id_3d4a385a_fk_inventory FOREIGN KEY (item_id) REFERENCES gfg.inventory_itemmaster(id) DEFERRABLE INITIALLY DEFERRED;


--
-- Name: inventory_ledger inventory_ledger_item_id_3bf04d1f_fk_inventory_itemmaster_id; Type: FK CONSTRAINT; Schema: gfg; Owner: root
--

ALTER TABLE ONLY gfg.inventory_ledger
    ADD CONSTRAINT inventory_ledger_item_id_3bf04d1f_fk_inventory_itemmaster_id FOREIGN KEY (item_id) REFERENCES gfg.inventory_itemmaster(id) DEFERRABLE INITIALLY DEFERRED;


--
-- Name: inventory_ledger inventory_ledger_ledger_type_id_4e49dc62_fk_inventory; Type: FK CONSTRAINT; Schema: gfg; Owner: root
--

ALTER TABLE ONLY gfg.inventory_ledger
    ADD CONSTRAINT inventory_ledger_ledger_type_id_4e49dc62_fk_inventory FOREIGN KEY (ledger_type_id) REFERENCES gfg.inventory_ledgertype(id) DEFERRABLE INITIALLY DEFERRED;


--
-- Name: inventory_ledger inventory_ledger_mill_id_c47451c0_fk_institute_mill_id; Type: FK CONSTRAINT; Schema: gfg; Owner: root
--

ALTER TABLE ONLY gfg.inventory_ledger
    ADD CONSTRAINT inventory_ledger_mill_id_c47451c0_fk_institute_mill_id FOREIGN KEY (mill_id) REFERENCES gfg.institute_mill(id) DEFERRABLE INITIALLY DEFERRED;


--
-- Name: inventory_ledger inventory_ledger_seller_id_c6350268_fk_purchase_seller_id; Type: FK CONSTRAINT; Schema: gfg; Owner: root
--

ALTER TABLE ONLY gfg.inventory_ledger
    ADD CONSTRAINT inventory_ledger_seller_id_c6350268_fk_purchase_seller_id FOREIGN KEY (seller_id) REFERENCES gfg.purchase_seller(id) DEFERRABLE INITIALLY DEFERRED;


--
-- Name: inventory_ledger inventory_ledger_store_id_59557492_fk_inventory_store_id; Type: FK CONSTRAINT; Schema: gfg; Owner: root
--

ALTER TABLE ONLY gfg.inventory_ledger
    ADD CONSTRAINT inventory_ledger_store_id_59557492_fk_inventory_store_id FOREIGN KEY (store_id) REFERENCES gfg.inventory_store(id) DEFERRABLE INITIALLY DEFERRED;


--
-- Name: inventory_store inventory_store_parent_id_b43f462c_fk_inventory_store_id; Type: FK CONSTRAINT; Schema: gfg; Owner: root
--

ALTER TABLE ONLY gfg.inventory_store
    ADD CONSTRAINT inventory_store_parent_id_b43f462c_fk_inventory_store_id FOREIGN KEY (parent_id) REFERENCES gfg.inventory_store(id) DEFERRABLE INITIALLY DEFERRED;


--
-- Name: purchase_address purchase_address_gstin_id_97d1425d_fk_purchase_gstin_id; Type: FK CONSTRAINT; Schema: gfg; Owner: root
--

ALTER TABLE ONLY gfg.purchase_address
    ADD CONSTRAINT purchase_address_gstin_id_97d1425d_fk_purchase_gstin_id FOREIGN KEY (gstin_id) REFERENCES gfg.purchase_gstin(id) DEFERRABLE INITIALLY DEFERRED;


--
-- Name: purchase_address purchase_address_pin_code_id_3f154a46_fk_purchase_pin_id; Type: FK CONSTRAINT; Schema: gfg; Owner: root
--

ALTER TABLE ONLY gfg.purchase_address
    ADD CONSTRAINT purchase_address_pin_code_id_3f154a46_fk_purchase_pin_id FOREIGN KEY (pin_code_id) REFERENCES gfg.purchase_pin(id) DEFERRABLE INITIALLY DEFERRED;


--
-- Name: purchase_address purchase_address_seller_id_ab3f8d54_fk_purchase_seller_id; Type: FK CONSTRAINT; Schema: gfg; Owner: root
--

ALTER TABLE ONLY gfg.purchase_address
    ADD CONSTRAINT purchase_address_seller_id_ab3f8d54_fk_purchase_seller_id FOREIGN KEY (seller_id) REFERENCES gfg.purchase_seller(id) DEFERRABLE INITIALLY DEFERRED;


--
-- Name: purchase_city purchase_city_district_id_9aff07a9_fk_purchase_district_id; Type: FK CONSTRAINT; Schema: gfg; Owner: root
--

ALTER TABLE ONLY gfg.purchase_city
    ADD CONSTRAINT purchase_city_district_id_9aff07a9_fk_purchase_district_id FOREIGN KEY (district_id) REFERENCES gfg.purchase_district(id) DEFERRABLE INITIALLY DEFERRED;


--
-- Name: purchase_costcenter purchase_costcenter_mill_id_18acc5c5_fk_institute_mill_id; Type: FK CONSTRAINT; Schema: gfg; Owner: root
--

ALTER TABLE ONLY gfg.purchase_costcenter
    ADD CONSTRAINT purchase_costcenter_mill_id_18acc5c5_fk_institute_mill_id FOREIGN KEY (mill_id) REFERENCES gfg.institute_mill(id) DEFERRABLE INITIALLY DEFERRED;


--
-- Name: purchase_costcenter purchase_costcenter_parent_id_e11559a7_fk_purchase_; Type: FK CONSTRAINT; Schema: gfg; Owner: root
--

ALTER TABLE ONLY gfg.purchase_costcenter
    ADD CONSTRAINT purchase_costcenter_parent_id_e11559a7_fk_purchase_ FOREIGN KEY (parent_id) REFERENCES gfg.purchase_costcenter(id) DEFERRABLE INITIALLY DEFERRED;


--
-- Name: purchase_district purchase_district_state_id_0371a79f_fk_purchase_state_id; Type: FK CONSTRAINT; Schema: gfg; Owner: root
--

ALTER TABLE ONLY gfg.purchase_district
    ADD CONSTRAINT purchase_district_state_id_0371a79f_fk_purchase_state_id FOREIGN KEY (state_id) REFERENCES gfg.purchase_state(id) DEFERRABLE INITIALLY DEFERRED;


--
-- Name: purchase_enquairyitem purchase_enquairyite_item_id_819f47f8_fk_purchase_; Type: FK CONSTRAINT; Schema: gfg; Owner: root
--

ALTER TABLE ONLY gfg.purchase_enquairyitem
    ADD CONSTRAINT purchase_enquairyite_item_id_819f47f8_fk_purchase_ FOREIGN KEY (item_id) REFERENCES gfg.purchase_requisitionitem(id) DEFERRABLE INITIALLY DEFERRED;


--
-- Name: purchase_enquairyitem purchase_enquairyite_master_id_6e338137_fk_purchase_; Type: FK CONSTRAINT; Schema: gfg; Owner: root
--

ALTER TABLE ONLY gfg.purchase_enquairyitem
    ADD CONSTRAINT purchase_enquairyite_master_id_6e338137_fk_purchase_ FOREIGN KEY (master_id) REFERENCES gfg.purchase_enquairymaster(id) DEFERRABLE INITIALLY DEFERRED;


--
-- Name: purchase_enquairymaster_seller purchase_enquairymas_enquairymaster_id_fe7be89c_fk_purchase_; Type: FK CONSTRAINT; Schema: gfg; Owner: root
--

ALTER TABLE ONLY gfg.purchase_enquairymaster_seller
    ADD CONSTRAINT purchase_enquairymas_enquairymaster_id_fe7be89c_fk_purchase_ FOREIGN KEY (enquairymaster_id) REFERENCES gfg.purchase_enquairymaster(id) DEFERRABLE INITIALLY DEFERRED;


--
-- Name: purchase_enquairymaster purchase_enquairymas_requisition_id_54682cd4_fk_purchase_; Type: FK CONSTRAINT; Schema: gfg; Owner: root
--

ALTER TABLE ONLY gfg.purchase_enquairymaster
    ADD CONSTRAINT purchase_enquairymas_requisition_id_54682cd4_fk_purchase_ FOREIGN KEY (requisition_id) REFERENCES gfg.purchase_requisitionmaster(id) DEFERRABLE INITIALLY DEFERRED;


--
-- Name: purchase_enquairymaster_seller purchase_enquairymas_seller_id_c270c245_fk_purchase_; Type: FK CONSTRAINT; Schema: gfg; Owner: root
--

ALTER TABLE ONLY gfg.purchase_enquairymaster_seller
    ADD CONSTRAINT purchase_enquairymas_seller_id_c270c245_fk_purchase_ FOREIGN KEY (seller_id) REFERENCES gfg.purchase_seller(id) DEFERRABLE INITIALLY DEFERRED;


--
-- Name: purchase_enquairystatus purchase_enquairysta_employee_id_694eb3ad_fk_employee_; Type: FK CONSTRAINT; Schema: gfg; Owner: root
--

ALTER TABLE ONLY gfg.purchase_enquairystatus
    ADD CONSTRAINT purchase_enquairysta_employee_id_694eb3ad_fk_employee_ FOREIGN KEY (employee_id) REFERENCES gfg.employee_employeemaster(id) DEFERRABLE INITIALLY DEFERRED;


--
-- Name: purchase_enquairystatus purchase_enquairysta_master_id_998aada6_fk_purchase_; Type: FK CONSTRAINT; Schema: gfg; Owner: root
--

ALTER TABLE ONLY gfg.purchase_enquairystatus
    ADD CONSTRAINT purchase_enquairysta_master_id_998aada6_fk_purchase_ FOREIGN KEY (master_id) REFERENCES gfg.purchase_enquairymaster(id) DEFERRABLE INITIALLY DEFERRED;


--
-- Name: purchase_gstin purchase_gstin_state_id_b7965b3e_fk_purchase_state_id; Type: FK CONSTRAINT; Schema: gfg; Owner: root
--

ALTER TABLE ONLY gfg.purchase_gstin
    ADD CONSTRAINT purchase_gstin_state_id_b7965b3e_fk_purchase_state_id FOREIGN KEY (state_id) REFERENCES gfg.purchase_state(id) DEFERRABLE INITIALLY DEFERRED;


--
-- Name: purchase_indentitems purchase_indentitems_indent_id_fbd1cd6c_fk_purchase_; Type: FK CONSTRAINT; Schema: gfg; Owner: root
--

ALTER TABLE ONLY gfg.purchase_indentitems
    ADD CONSTRAINT purchase_indentitems_indent_id_fbd1cd6c_fk_purchase_ FOREIGN KEY (indent_id) REFERENCES gfg.purchase_indentmaster(id) DEFERRABLE INITIALLY DEFERRED;


--
-- Name: purchase_indentitems purchase_indentitems_item_id_61d052a7_fk_inventory; Type: FK CONSTRAINT; Schema: gfg; Owner: root
--

ALTER TABLE ONLY gfg.purchase_indentitems
    ADD CONSTRAINT purchase_indentitems_item_id_61d052a7_fk_inventory FOREIGN KEY (item_id) REFERENCES gfg.inventory_itemmaster(id) DEFERRABLE INITIALLY DEFERRED;


--
-- Name: purchase_indentmaster purchase_indentmaste_dept_id_75096cb7_fk_institute; Type: FK CONSTRAINT; Schema: gfg; Owner: root
--

ALTER TABLE ONLY gfg.purchase_indentmaster
    ADD CONSTRAINT purchase_indentmaste_dept_id_75096cb7_fk_institute FOREIGN KEY (dept_id) REFERENCES gfg.institute_department(id) DEFERRABLE INITIALLY DEFERRED;


--
-- Name: purchase_indentmaster purchase_indentmaste_employee_id_7ca47468_fk_employee_; Type: FK CONSTRAINT; Schema: gfg; Owner: root
--

ALTER TABLE ONLY gfg.purchase_indentmaster
    ADD CONSTRAINT purchase_indentmaste_employee_id_7ca47468_fk_employee_ FOREIGN KEY (employee_id) REFERENCES gfg.employee_employeemaster(id) DEFERRABLE INITIALLY DEFERRED;


--
-- Name: purchase_indentmaster purchase_indentmaste_indent_type_id_c1b4650d_fk_purchase_; Type: FK CONSTRAINT; Schema: gfg; Owner: root
--

ALTER TABLE ONLY gfg.purchase_indentmaster
    ADD CONSTRAINT purchase_indentmaste_indent_type_id_c1b4650d_fk_purchase_ FOREIGN KEY (indent_type_id) REFERENCES gfg.purchase_indenttype(id) DEFERRABLE INITIALLY DEFERRED;


--
-- Name: purchase_indentmaster purchase_indentmaster_mill_id_359f240a_fk_institute_mill_id; Type: FK CONSTRAINT; Schema: gfg; Owner: root
--

ALTER TABLE ONLY gfg.purchase_indentmaster
    ADD CONSTRAINT purchase_indentmaster_mill_id_359f240a_fk_institute_mill_id FOREIGN KEY (mill_id) REFERENCES gfg.institute_mill(id) DEFERRABLE INITIALLY DEFERRED;


--
-- Name: purchase_indentstatus purchase_indentstatu_employee_id_137b6efd_fk_employee_; Type: FK CONSTRAINT; Schema: gfg; Owner: root
--

ALTER TABLE ONLY gfg.purchase_indentstatus
    ADD CONSTRAINT purchase_indentstatu_employee_id_137b6efd_fk_employee_ FOREIGN KEY (employee_id) REFERENCES gfg.employee_employeemaster(id) DEFERRABLE INITIALLY DEFERRED;


--
-- Name: purchase_indentstatus purchase_indentstatu_indent_master_id_ebd5dc84_fk_purchase_; Type: FK CONSTRAINT; Schema: gfg; Owner: root
--

ALTER TABLE ONLY gfg.purchase_indentstatus
    ADD CONSTRAINT purchase_indentstatu_indent_master_id_ebd5dc84_fk_purchase_ FOREIGN KEY (indent_master_id) REFERENCES gfg.purchase_indentmaster(id) DEFERRABLE INITIALLY DEFERRED;


--
-- Name: purchase_mir purchase_mir_item_id_7b2412a1_fk_inventory_itemmaster_id; Type: FK CONSTRAINT; Schema: gfg; Owner: root
--

ALTER TABLE ONLY gfg.purchase_mir
    ADD CONSTRAINT purchase_mir_item_id_7b2412a1_fk_inventory_itemmaster_id FOREIGN KEY (item_id) REFERENCES gfg.inventory_itemmaster(id) DEFERRABLE INITIALLY DEFERRED;


--
-- Name: purchase_mir purchase_mir_perchase_order_id_f5c01e02_fk_purchase_; Type: FK CONSTRAINT; Schema: gfg; Owner: root
--

ALTER TABLE ONLY gfg.purchase_mir
    ADD CONSTRAINT purchase_mir_perchase_order_id_f5c01e02_fk_purchase_ FOREIGN KEY (perchase_order_id) REFERENCES gfg.purchase_purchaseordermaster(id) DEFERRABLE INITIALLY DEFERRED;


--
-- Name: purchase_mir purchase_mir_seller_invoice_id_1226ed21_fk_purchase_; Type: FK CONSTRAINT; Schema: gfg; Owner: root
--

ALTER TABLE ONLY gfg.purchase_mir
    ADD CONSTRAINT purchase_mir_seller_invoice_id_1226ed21_fk_purchase_ FOREIGN KEY (seller_invoice_id) REFERENCES gfg.purchase_sellerinvoice(id) DEFERRABLE INITIALLY DEFERRED;


--
-- Name: purchase_pin purchase_pin_city_id_0bb2f187_fk_purchase_city_id; Type: FK CONSTRAINT; Schema: gfg; Owner: root
--

ALTER TABLE ONLY gfg.purchase_pin
    ADD CONSTRAINT purchase_pin_city_id_0bb2f187_fk_purchase_city_id FOREIGN KEY (city_id) REFERENCES gfg.purchase_city(id) DEFERRABLE INITIALLY DEFERRED;


--
-- Name: purchase_purchaseordermaster purchase_purchaseord_approved_by_id_cd0328d5_fk_employee_; Type: FK CONSTRAINT; Schema: gfg; Owner: root
--

ALTER TABLE ONLY gfg.purchase_purchaseordermaster
    ADD CONSTRAINT purchase_purchaseord_approved_by_id_cd0328d5_fk_employee_ FOREIGN KEY (approved_by_id) REFERENCES gfg.employee_employeemaster(id) DEFERRABLE INITIALLY DEFERRED;


--
-- Name: purchase_purchaseordermaster purchase_purchaseord_checked_by_id_48f3bf76_fk_employee_; Type: FK CONSTRAINT; Schema: gfg; Owner: root
--

ALTER TABLE ONLY gfg.purchase_purchaseordermaster
    ADD CONSTRAINT purchase_purchaseord_checked_by_id_48f3bf76_fk_employee_ FOREIGN KEY (checked_by_id) REFERENCES gfg.employee_employeemaster(id) DEFERRABLE INITIALLY DEFERRED;


--
-- Name: purchase_purchaseorderstatus purchase_purchaseord_employee_id_3e095fb3_fk_employee_; Type: FK CONSTRAINT; Schema: gfg; Owner: root
--

ALTER TABLE ONLY gfg.purchase_purchaseorderstatus
    ADD CONSTRAINT purchase_purchaseord_employee_id_3e095fb3_fk_employee_ FOREIGN KEY (employee_id) REFERENCES gfg.employee_employeemaster(id) DEFERRABLE INITIALLY DEFERRED;


--
-- Name: purchase_purchaseorder purchase_purchaseord_item_id_2575b068_fk_inventory; Type: FK CONSTRAINT; Schema: gfg; Owner: root
--

ALTER TABLE ONLY gfg.purchase_purchaseorder
    ADD CONSTRAINT purchase_purchaseord_item_id_2575b068_fk_inventory FOREIGN KEY (item_id) REFERENCES gfg.inventory_itemmaster(id) DEFERRABLE INITIALLY DEFERRED;


--
-- Name: purchase_purchaseorder purchase_purchaseord_perchase_order_id_eca61b62_fk_purchase_; Type: FK CONSTRAINT; Schema: gfg; Owner: root
--

ALTER TABLE ONLY gfg.purchase_purchaseorder
    ADD CONSTRAINT purchase_purchaseord_perchase_order_id_eca61b62_fk_purchase_ FOREIGN KEY (perchase_order_id) REFERENCES gfg.purchase_purchaseordermaster(id) DEFERRABLE INITIALLY DEFERRED;


--
-- Name: purchase_purchaseorderstatus purchase_purchaseord_po_master_id_4b0f1bf0_fk_purchase_; Type: FK CONSTRAINT; Schema: gfg; Owner: root
--

ALTER TABLE ONLY gfg.purchase_purchaseorderstatus
    ADD CONSTRAINT purchase_purchaseord_po_master_id_4b0f1bf0_fk_purchase_ FOREIGN KEY (po_master_id) REFERENCES gfg.purchase_purchaseordermaster(id) DEFERRABLE INITIALLY DEFERRED;


--
-- Name: purchase_purchaseordermaster purchase_purchaseord_prepared_by_id_8b247b23_fk_employee_; Type: FK CONSTRAINT; Schema: gfg; Owner: root
--

ALTER TABLE ONLY gfg.purchase_purchaseordermaster
    ADD CONSTRAINT purchase_purchaseord_prepared_by_id_8b247b23_fk_employee_ FOREIGN KEY (prepared_by_id) REFERENCES gfg.employee_employeemaster(id) DEFERRABLE INITIALLY DEFERRED;


--
-- Name: purchase_purchaseorderdoc purchase_purchaseord_purchase_order_id_09520438_fk_purchase_; Type: FK CONSTRAINT; Schema: gfg; Owner: root
--

ALTER TABLE ONLY gfg.purchase_purchaseorderdoc
    ADD CONSTRAINT purchase_purchaseord_purchase_order_id_09520438_fk_purchase_ FOREIGN KEY (purchase_order_id) REFERENCES gfg.purchase_purchaseordermaster(id) DEFERRABLE INITIALLY DEFERRED;


--
-- Name: purchase_purchaseordermaster purchase_purchaseord_quotation_master_id_edf8f34a_fk_purchase_; Type: FK CONSTRAINT; Schema: gfg; Owner: root
--

ALTER TABLE ONLY gfg.purchase_purchaseordermaster
    ADD CONSTRAINT purchase_purchaseord_quotation_master_id_edf8f34a_fk_purchase_ FOREIGN KEY (quotation_master_id) REFERENCES gfg.purchase_quotationmaster(id) DEFERRABLE INITIALLY DEFERRED;


--
-- Name: purchase_purchaseordermaster purchase_purchaseord_seller_id_66a02332_fk_purchase_; Type: FK CONSTRAINT; Schema: gfg; Owner: root
--

ALTER TABLE ONLY gfg.purchase_purchaseordermaster
    ADD CONSTRAINT purchase_purchaseord_seller_id_66a02332_fk_purchase_ FOREIGN KEY (seller_id) REFERENCES gfg.purchase_seller(id) DEFERRABLE INITIALLY DEFERRED;


--
-- Name: purchase_quotationitem purchase_quotationit_item_id_0fef117c_fk_inventory; Type: FK CONSTRAINT; Schema: gfg; Owner: root
--

ALTER TABLE ONLY gfg.purchase_quotationitem
    ADD CONSTRAINT purchase_quotationit_item_id_0fef117c_fk_inventory FOREIGN KEY (item_id) REFERENCES gfg.inventory_itemmaster(id) DEFERRABLE INITIALLY DEFERRED;


--
-- Name: purchase_quotationitem purchase_quotationit_quotation_master_id_f779fa95_fk_purchase_; Type: FK CONSTRAINT; Schema: gfg; Owner: root
--

ALTER TABLE ONLY gfg.purchase_quotationitem
    ADD CONSTRAINT purchase_quotationit_quotation_master_id_f779fa95_fk_purchase_ FOREIGN KEY (quotation_master_id) REFERENCES gfg.purchase_quotationmaster(id) DEFERRABLE INITIALLY DEFERRED;


--
-- Name: purchase_quotationmaster purchase_quotationma_enquiry_master_id_f141c632_fk_purchase_; Type: FK CONSTRAINT; Schema: gfg; Owner: root
--

ALTER TABLE ONLY gfg.purchase_quotationmaster
    ADD CONSTRAINT purchase_quotationma_enquiry_master_id_f141c632_fk_purchase_ FOREIGN KEY (enquiry_master_id) REFERENCES gfg.purchase_enquairymaster(id) DEFERRABLE INITIALLY DEFERRED;


--
-- Name: purchase_quotationmaster purchase_quotationma_parent_id_4535c5fe_fk_purchase_; Type: FK CONSTRAINT; Schema: gfg; Owner: root
--

ALTER TABLE ONLY gfg.purchase_quotationmaster
    ADD CONSTRAINT purchase_quotationma_parent_id_4535c5fe_fk_purchase_ FOREIGN KEY (parent_id) REFERENCES gfg.purchase_quotationmaster(id) DEFERRABLE INITIALLY DEFERRED;


--
-- Name: purchase_quotationmaster purchase_quotationma_seller_id_e653547a_fk_purchase_; Type: FK CONSTRAINT; Schema: gfg; Owner: root
--

ALTER TABLE ONLY gfg.purchase_quotationmaster
    ADD CONSTRAINT purchase_quotationma_seller_id_e653547a_fk_purchase_ FOREIGN KEY (seller_id) REFERENCES gfg.purchase_seller(id) DEFERRABLE INITIALLY DEFERRED;


--
-- Name: purchase_quotationstatus purchase_quotationst_employee_id_7473af1c_fk_employee_; Type: FK CONSTRAINT; Schema: gfg; Owner: root
--

ALTER TABLE ONLY gfg.purchase_quotationstatus
    ADD CONSTRAINT purchase_quotationst_employee_id_7473af1c_fk_employee_ FOREIGN KEY (employee_id) REFERENCES gfg.employee_employeemaster(id) DEFERRABLE INITIALLY DEFERRED;


--
-- Name: purchase_quotationstatus purchase_quotationst_quotation_master_id_5fd34ffe_fk_purchase_; Type: FK CONSTRAINT; Schema: gfg; Owner: root
--

ALTER TABLE ONLY gfg.purchase_quotationstatus
    ADD CONSTRAINT purchase_quotationst_quotation_master_id_5fd34ffe_fk_purchase_ FOREIGN KEY (quotation_master_id) REFERENCES gfg.purchase_quotationmaster(id) DEFERRABLE INITIALLY DEFERRED;


--
-- Name: purchase_requisitionstatus purchase_requisition_employee_id_07916b76_fk_employee_; Type: FK CONSTRAINT; Schema: gfg; Owner: root
--

ALTER TABLE ONLY gfg.purchase_requisitionstatus
    ADD CONSTRAINT purchase_requisition_employee_id_07916b76_fk_employee_ FOREIGN KEY (employee_id) REFERENCES gfg.employee_employeemaster(id) DEFERRABLE INITIALLY DEFERRED;


--
-- Name: purchase_requisitionmaster purchase_requisition_employee_id_78dbd60c_fk_employee_; Type: FK CONSTRAINT; Schema: gfg; Owner: root
--

ALTER TABLE ONLY gfg.purchase_requisitionmaster
    ADD CONSTRAINT purchase_requisition_employee_id_78dbd60c_fk_employee_ FOREIGN KEY (employee_id) REFERENCES gfg.employee_employeemaster(id) DEFERRABLE INITIALLY DEFERRED;


--
-- Name: purchase_requisitionitem purchase_requisition_indent_item_id_a81540a4_fk_purchase_; Type: FK CONSTRAINT; Schema: gfg; Owner: root
--

ALTER TABLE ONLY gfg.purchase_requisitionitem
    ADD CONSTRAINT purchase_requisition_indent_item_id_a81540a4_fk_purchase_ FOREIGN KEY (indent_item_id) REFERENCES gfg.purchase_indentitems(id) DEFERRABLE INITIALLY DEFERRED;


--
-- Name: purchase_requisitionmaster purchase_requisition_indent_master_id_91dc9934_fk_purchase_; Type: FK CONSTRAINT; Schema: gfg; Owner: root
--

ALTER TABLE ONLY gfg.purchase_requisitionmaster
    ADD CONSTRAINT purchase_requisition_indent_master_id_91dc9934_fk_purchase_ FOREIGN KEY (indent_master_id) REFERENCES gfg.purchase_indentmaster(id) DEFERRABLE INITIALLY DEFERRED;


--
-- Name: purchase_requisitionstatus purchase_requisition_master_id_ac813aaa_fk_purchase_; Type: FK CONSTRAINT; Schema: gfg; Owner: root
--

ALTER TABLE ONLY gfg.purchase_requisitionstatus
    ADD CONSTRAINT purchase_requisition_master_id_ac813aaa_fk_purchase_ FOREIGN KEY (master_id) REFERENCES gfg.purchase_requisitionmaster(id) DEFERRABLE INITIALLY DEFERRED;


--
-- Name: purchase_requisitionitem purchase_requisition_requisition_master_i_0c4e2d46_fk_purchase_; Type: FK CONSTRAINT; Schema: gfg; Owner: root
--

ALTER TABLE ONLY gfg.purchase_requisitionitem
    ADD CONSTRAINT purchase_requisition_requisition_master_i_0c4e2d46_fk_purchase_ FOREIGN KEY (requisition_master_id) REFERENCES gfg.purchase_requisitionmaster(id) DEFERRABLE INITIALLY DEFERRED;


--
-- Name: purchase_seller purchase_seller_gstin_id_59474ecb_fk_purchase_gstin_id; Type: FK CONSTRAINT; Schema: gfg; Owner: root
--

ALTER TABLE ONLY gfg.purchase_seller
    ADD CONSTRAINT purchase_seller_gstin_id_59474ecb_fk_purchase_gstin_id FOREIGN KEY (gstin_id) REFERENCES gfg.purchase_gstin(id) DEFERRABLE INITIALLY DEFERRED;


--
-- Name: purchase_seller_item_Category purchase_seller_item_itemcategory_id_6a645cad_fk_inventory; Type: FK CONSTRAINT; Schema: gfg; Owner: root
--

ALTER TABLE ONLY gfg."purchase_seller_item_Category"
    ADD CONSTRAINT purchase_seller_item_itemcategory_id_6a645cad_fk_inventory FOREIGN KEY (itemcategory_id) REFERENCES gfg.inventory_itemcategory(id) DEFERRABLE INITIALLY DEFERRED;


--
-- Name: purchase_seller_item_Category purchase_seller_item_seller_id_3d0b5ed6_fk_purchase_; Type: FK CONSTRAINT; Schema: gfg; Owner: root
--

ALTER TABLE ONLY gfg."purchase_seller_item_Category"
    ADD CONSTRAINT purchase_seller_item_seller_id_3d0b5ed6_fk_purchase_ FOREIGN KEY (seller_id) REFERENCES gfg.purchase_seller(id) DEFERRABLE INITIALLY DEFERRED;


--
-- Name: purchase_seller_mills purchase_seller_mills_mill_id_acead82f_fk_institute_mill_id; Type: FK CONSTRAINT; Schema: gfg; Owner: root
--

ALTER TABLE ONLY gfg.purchase_seller_mills
    ADD CONSTRAINT purchase_seller_mills_mill_id_acead82f_fk_institute_mill_id FOREIGN KEY (mill_id) REFERENCES gfg.institute_mill(id) DEFERRABLE INITIALLY DEFERRED;


--
-- Name: purchase_seller_mills purchase_seller_mills_seller_id_a206ad50_fk_purchase_seller_id; Type: FK CONSTRAINT; Schema: gfg; Owner: root
--

ALTER TABLE ONLY gfg.purchase_seller_mills
    ADD CONSTRAINT purchase_seller_mills_seller_id_a206ad50_fk_purchase_seller_id FOREIGN KEY (seller_id) REFERENCES gfg.purchase_seller(id) DEFERRABLE INITIALLY DEFERRED;


--
-- Name: purchase_sellerinvoice purchase_sellerinvoi_perchase_order_id_de8189fb_fk_purchase_; Type: FK CONSTRAINT; Schema: gfg; Owner: root
--

ALTER TABLE ONLY gfg.purchase_sellerinvoice
    ADD CONSTRAINT purchase_sellerinvoi_perchase_order_id_de8189fb_fk_purchase_ FOREIGN KEY (perchase_order_id) REFERENCES gfg.purchase_purchaseordermaster(id) DEFERRABLE INITIALLY DEFERRED;


--
-- Name: purchase_sellerinvoice purchase_sellerinvoice_mill_id_b8dff25e_fk_institute_mill_id; Type: FK CONSTRAINT; Schema: gfg; Owner: root
--

ALTER TABLE ONLY gfg.purchase_sellerinvoice
    ADD CONSTRAINT purchase_sellerinvoice_mill_id_b8dff25e_fk_institute_mill_id FOREIGN KEY (mill_id) REFERENCES gfg.institute_mill(id) DEFERRABLE INITIALLY DEFERRED;


--
-- Name: purchase_sellerinvoice purchase_sellerinvoice_seller_id_372730e5_fk_purchase_seller_id; Type: FK CONSTRAINT; Schema: gfg; Owner: root
--

ALTER TABLE ONLY gfg.purchase_sellerinvoice
    ADD CONSTRAINT purchase_sellerinvoice_seller_id_372730e5_fk_purchase_seller_id FOREIGN KEY (seller_id) REFERENCES gfg.purchase_seller(id) DEFERRABLE INITIALLY DEFERRED;


--
-- Name: purchase_village purchase_village_pin_id_cd5aca56_fk_purchase_pin_id; Type: FK CONSTRAINT; Schema: gfg; Owner: root
--

ALTER TABLE ONLY gfg.purchase_village
    ADD CONSTRAINT purchase_village_pin_id_cd5aca56_fk_purchase_pin_id FOREIGN KEY (pin_id) REFERENCES gfg.purchase_pin(id) DEFERRABLE INITIALLY DEFERRED;


--
-- Name: auditlog_logentry auditlog_logentry_actor_id_959271d2_fk_auth_user_id; Type: FK CONSTRAINT; Schema: jamkhandisugars; Owner: root
--

ALTER TABLE ONLY jamkhandisugars.auditlog_logentry
    ADD CONSTRAINT auditlog_logentry_actor_id_959271d2_fk_auth_user_id FOREIGN KEY (actor_id) REFERENCES jamkhandisugars.auth_user(id) DEFERRABLE INITIALLY DEFERRED;


--
-- Name: auditlog_logentry auditlog_logentry_content_type_id_75830218_fk_django_co; Type: FK CONSTRAINT; Schema: jamkhandisugars; Owner: root
--

ALTER TABLE ONLY jamkhandisugars.auditlog_logentry
    ADD CONSTRAINT auditlog_logentry_content_type_id_75830218_fk_django_co FOREIGN KEY (content_type_id) REFERENCES jamkhandisugars.django_content_type(id) DEFERRABLE INITIALLY DEFERRED;


--
-- Name: auth_group_permissions auth_group_permissio_permission_id_84c5c92e_fk_auth_perm; Type: FK CONSTRAINT; Schema: jamkhandisugars; Owner: root
--

ALTER TABLE ONLY jamkhandisugars.auth_group_permissions
    ADD CONSTRAINT auth_group_permissio_permission_id_84c5c92e_fk_auth_perm FOREIGN KEY (permission_id) REFERENCES jamkhandisugars.auth_permission(id) DEFERRABLE INITIALLY DEFERRED;


--
-- Name: auth_group_permissions auth_group_permissions_group_id_b120cbf9_fk_auth_group_id; Type: FK CONSTRAINT; Schema: jamkhandisugars; Owner: root
--

ALTER TABLE ONLY jamkhandisugars.auth_group_permissions
    ADD CONSTRAINT auth_group_permissions_group_id_b120cbf9_fk_auth_group_id FOREIGN KEY (group_id) REFERENCES jamkhandisugars.auth_group(id) DEFERRABLE INITIALLY DEFERRED;


--
-- Name: auth_permission auth_permission_content_type_id_2f476e4b_fk_django_co; Type: FK CONSTRAINT; Schema: jamkhandisugars; Owner: root
--

ALTER TABLE ONLY jamkhandisugars.auth_permission
    ADD CONSTRAINT auth_permission_content_type_id_2f476e4b_fk_django_co FOREIGN KEY (content_type_id) REFERENCES jamkhandisugars.django_content_type(id) DEFERRABLE INITIALLY DEFERRED;


--
-- Name: auth_user_groups auth_user_groups_group_id_97559544_fk_auth_group_id; Type: FK CONSTRAINT; Schema: jamkhandisugars; Owner: root
--

ALTER TABLE ONLY jamkhandisugars.auth_user_groups
    ADD CONSTRAINT auth_user_groups_group_id_97559544_fk_auth_group_id FOREIGN KEY (group_id) REFERENCES jamkhandisugars.auth_group(id) DEFERRABLE INITIALLY DEFERRED;


--
-- Name: auth_user_groups auth_user_groups_user_id_6a12ed8b_fk_auth_user_id; Type: FK CONSTRAINT; Schema: jamkhandisugars; Owner: root
--

ALTER TABLE ONLY jamkhandisugars.auth_user_groups
    ADD CONSTRAINT auth_user_groups_user_id_6a12ed8b_fk_auth_user_id FOREIGN KEY (user_id) REFERENCES jamkhandisugars.auth_user(id) DEFERRABLE INITIALLY DEFERRED;


--
-- Name: auth_user_user_permissions auth_user_user_permi_permission_id_1fbb5f2c_fk_auth_perm; Type: FK CONSTRAINT; Schema: jamkhandisugars; Owner: root
--

ALTER TABLE ONLY jamkhandisugars.auth_user_user_permissions
    ADD CONSTRAINT auth_user_user_permi_permission_id_1fbb5f2c_fk_auth_perm FOREIGN KEY (permission_id) REFERENCES jamkhandisugars.auth_permission(id) DEFERRABLE INITIALLY DEFERRED;


--
-- Name: auth_user_user_permissions auth_user_user_permissions_user_id_a95ead1b_fk_auth_user_id; Type: FK CONSTRAINT; Schema: jamkhandisugars; Owner: root
--

ALTER TABLE ONLY jamkhandisugars.auth_user_user_permissions
    ADD CONSTRAINT auth_user_user_permissions_user_id_a95ead1b_fk_auth_user_id FOREIGN KEY (user_id) REFERENCES jamkhandisugars.auth_user(id) DEFERRABLE INITIALLY DEFERRED;


--
-- Name: django_admin_log django_admin_log_content_type_id_c4bce8eb_fk_django_co; Type: FK CONSTRAINT; Schema: jamkhandisugars; Owner: root
--

ALTER TABLE ONLY jamkhandisugars.django_admin_log
    ADD CONSTRAINT django_admin_log_content_type_id_c4bce8eb_fk_django_co FOREIGN KEY (content_type_id) REFERENCES jamkhandisugars.django_content_type(id) DEFERRABLE INITIALLY DEFERRED;


--
-- Name: django_admin_log django_admin_log_user_id_c564eba6_fk_auth_user_id; Type: FK CONSTRAINT; Schema: jamkhandisugars; Owner: root
--

ALTER TABLE ONLY jamkhandisugars.django_admin_log
    ADD CONSTRAINT django_admin_log_user_id_c564eba6_fk_auth_user_id FOREIGN KEY (user_id) REFERENCES jamkhandisugars.auth_user(id) DEFERRABLE INITIALLY DEFERRED;


--
-- Name: employee_employeemaster_cost_center employee_employeemas_costcenter_id_886a451d_fk_purchase_; Type: FK CONSTRAINT; Schema: jamkhandisugars; Owner: root
--

ALTER TABLE ONLY jamkhandisugars.employee_employeemaster_cost_center
    ADD CONSTRAINT employee_employeemas_costcenter_id_886a451d_fk_purchase_ FOREIGN KEY (costcenter_id) REFERENCES jamkhandisugars.purchase_costcenter(id) DEFERRABLE INITIALLY DEFERRED;


--
-- Name: employee_employeemaster_dept employee_employeemas_department_id_5c81457a_fk_institute; Type: FK CONSTRAINT; Schema: jamkhandisugars; Owner: root
--

ALTER TABLE ONLY jamkhandisugars.employee_employeemaster_dept
    ADD CONSTRAINT employee_employeemas_department_id_5c81457a_fk_institute FOREIGN KEY (department_id) REFERENCES jamkhandisugars.institute_department(id) DEFERRABLE INITIALLY DEFERRED;


--
-- Name: employee_employeemaster_mill employee_employeemas_employeemaster_id_6909df5d_fk_employee_; Type: FK CONSTRAINT; Schema: jamkhandisugars; Owner: root
--

ALTER TABLE ONLY jamkhandisugars.employee_employeemaster_mill
    ADD CONSTRAINT employee_employeemas_employeemaster_id_6909df5d_fk_employee_ FOREIGN KEY (employeemaster_id) REFERENCES jamkhandisugars.employee_employeemaster(id) DEFERRABLE INITIALLY DEFERRED;


--
-- Name: employee_employeemaster_cost_center employee_employeemas_employeemaster_id_c6d953a7_fk_employee_; Type: FK CONSTRAINT; Schema: jamkhandisugars; Owner: root
--

ALTER TABLE ONLY jamkhandisugars.employee_employeemaster_cost_center
    ADD CONSTRAINT employee_employeemas_employeemaster_id_c6d953a7_fk_employee_ FOREIGN KEY (employeemaster_id) REFERENCES jamkhandisugars.employee_employeemaster(id) DEFERRABLE INITIALLY DEFERRED;


--
-- Name: employee_employeemaster_dept employee_employeemas_employeemaster_id_cfdd0af2_fk_employee_; Type: FK CONSTRAINT; Schema: jamkhandisugars; Owner: root
--

ALTER TABLE ONLY jamkhandisugars.employee_employeemaster_dept
    ADD CONSTRAINT employee_employeemas_employeemaster_id_cfdd0af2_fk_employee_ FOREIGN KEY (employeemaster_id) REFERENCES jamkhandisugars.employee_employeemaster(id) DEFERRABLE INITIALLY DEFERRED;


--
-- Name: employee_employeemaster_mill employee_employeemas_mill_id_f4ac9f1c_fk_institute; Type: FK CONSTRAINT; Schema: jamkhandisugars; Owner: root
--

ALTER TABLE ONLY jamkhandisugars.employee_employeemaster_mill
    ADD CONSTRAINT employee_employeemas_mill_id_f4ac9f1c_fk_institute FOREIGN KEY (mill_id) REFERENCES jamkhandisugars.institute_mill(id) DEFERRABLE INITIALLY DEFERRED;


--
-- Name: employee_employeemaster employee_employeemaster_roles_id_aeba112d_fk_employee_roles_id; Type: FK CONSTRAINT; Schema: jamkhandisugars; Owner: root
--

ALTER TABLE ONLY jamkhandisugars.employee_employeemaster
    ADD CONSTRAINT employee_employeemaster_roles_id_aeba112d_fk_employee_roles_id FOREIGN KEY (roles_id) REFERENCES jamkhandisugars.employee_roles(id) DEFERRABLE INITIALLY DEFERRED;


--
-- Name: employee_employeemaster employee_employeemaster_user_id_2426a49e_fk_auth_user_id; Type: FK CONSTRAINT; Schema: jamkhandisugars; Owner: root
--

ALTER TABLE ONLY jamkhandisugars.employee_employeemaster
    ADD CONSTRAINT employee_employeemaster_user_id_2426a49e_fk_auth_user_id FOREIGN KEY (user_id) REFERENCES jamkhandisugars.auth_user(id) DEFERRABLE INITIALLY DEFERRED;


--
-- Name: employee_roles_pages employee_roles_pages_pages_id_be5e142f_fk_employee_pages_id; Type: FK CONSTRAINT; Schema: jamkhandisugars; Owner: root
--

ALTER TABLE ONLY jamkhandisugars.employee_roles_pages
    ADD CONSTRAINT employee_roles_pages_pages_id_be5e142f_fk_employee_pages_id FOREIGN KEY (pages_id) REFERENCES jamkhandisugars.employee_pages(id) DEFERRABLE INITIALLY DEFERRED;


--
-- Name: employee_roles_pages employee_roles_pages_roles_id_fc39ef4e_fk_employee_roles_id; Type: FK CONSTRAINT; Schema: jamkhandisugars; Owner: root
--

ALTER TABLE ONLY jamkhandisugars.employee_roles_pages
    ADD CONSTRAINT employee_roles_pages_roles_id_fc39ef4e_fk_employee_roles_id FOREIGN KEY (roles_id) REFERENCES jamkhandisugars.employee_roles(id) DEFERRABLE INITIALLY DEFERRED;


--
-- Name: institute_department institute_department_mill_id_bf32c536_fk_institute_mill_id; Type: FK CONSTRAINT; Schema: jamkhandisugars; Owner: root
--

ALTER TABLE ONLY jamkhandisugars.institute_department
    ADD CONSTRAINT institute_department_mill_id_bf32c536_fk_institute_mill_id FOREIGN KEY (mill_id) REFERENCES jamkhandisugars.institute_mill(id) DEFERRABLE INITIALLY DEFERRED;


--
-- Name: institute_department institute_department_parent_id_f9ffe626_fk_institute; Type: FK CONSTRAINT; Schema: jamkhandisugars; Owner: root
--

ALTER TABLE ONLY jamkhandisugars.institute_department
    ADD CONSTRAINT institute_department_parent_id_f9ffe626_fk_institute FOREIGN KEY (parent_id) REFERENCES jamkhandisugars.institute_department(id) DEFERRABLE INITIALLY DEFERRED;


--
-- Name: institute_emails institute_emails_mill_id_74814107_fk_institute_mill_id; Type: FK CONSTRAINT; Schema: jamkhandisugars; Owner: root
--

ALTER TABLE ONLY jamkhandisugars.institute_emails
    ADD CONSTRAINT institute_emails_mill_id_74814107_fk_institute_mill_id FOREIGN KEY (mill_id) REFERENCES jamkhandisugars.institute_mill(id) DEFERRABLE INITIALLY DEFERRED;


--
-- Name: institute_institution institute_institutio_instituttion_type_id_7a61a2cc_fk_institute; Type: FK CONSTRAINT; Schema: jamkhandisugars; Owner: root
--

ALTER TABLE ONLY jamkhandisugars.institute_institution
    ADD CONSTRAINT institute_institutio_instituttion_type_id_7a61a2cc_fk_institute FOREIGN KEY (instituttion_type_id) REFERENCES jamkhandisugars.institute_institutiontype(id) DEFERRABLE INITIALLY DEFERRED;


--
-- Name: institute_mill institute_mill_institution_id_40f5aec9_fk_institute; Type: FK CONSTRAINT; Schema: jamkhandisugars; Owner: root
--

ALTER TABLE ONLY jamkhandisugars.institute_mill
    ADD CONSTRAINT institute_mill_institution_id_40f5aec9_fk_institute FOREIGN KEY (institution_id) REFERENCES jamkhandisugars.institute_institution(id) DEFERRABLE INITIALLY DEFERRED;


--
-- Name: inventory_itemcategory inventory_itemcatego_parent_id_62f5a205_fk_inventory; Type: FK CONSTRAINT; Schema: jamkhandisugars; Owner: root
--

ALTER TABLE ONLY jamkhandisugars.inventory_itemcategory
    ADD CONSTRAINT inventory_itemcatego_parent_id_62f5a205_fk_inventory FOREIGN KEY (parent_id) REFERENCES jamkhandisugars.inventory_itemcategory(id) DEFERRABLE INITIALLY DEFERRED;


--
-- Name: inventory_itemmaster_cost_center inventory_itemmaster_costcenter_id_36e54e6e_fk_purchase_; Type: FK CONSTRAINT; Schema: jamkhandisugars; Owner: root
--

ALTER TABLE ONLY jamkhandisugars.inventory_itemmaster_cost_center
    ADD CONSTRAINT inventory_itemmaster_costcenter_id_36e54e6e_fk_purchase_ FOREIGN KEY (costcenter_id) REFERENCES jamkhandisugars.purchase_costcenter(id) DEFERRABLE INITIALLY DEFERRED;


--
-- Name: inventory_itemmaster_dept inventory_itemmaster_department_id_c892e125_fk_institute; Type: FK CONSTRAINT; Schema: jamkhandisugars; Owner: root
--

ALTER TABLE ONLY jamkhandisugars.inventory_itemmaster_dept
    ADD CONSTRAINT inventory_itemmaster_department_id_c892e125_fk_institute FOREIGN KEY (department_id) REFERENCES jamkhandisugars.institute_department(id) DEFERRABLE INITIALLY DEFERRED;


--
-- Name: inventory_itemmaster inventory_itemmaster_item_category_id_55735e4d_fk_inventory; Type: FK CONSTRAINT; Schema: jamkhandisugars; Owner: root
--

ALTER TABLE ONLY jamkhandisugars.inventory_itemmaster
    ADD CONSTRAINT inventory_itemmaster_item_category_id_55735e4d_fk_inventory FOREIGN KEY (item_category_id) REFERENCES jamkhandisugars.inventory_itemcategory(id) DEFERRABLE INITIALLY DEFERRED;


--
-- Name: inventory_itemmaster inventory_itemmaster_item_type_id_6e672b18_fk_inventory; Type: FK CONSTRAINT; Schema: jamkhandisugars; Owner: root
--

ALTER TABLE ONLY jamkhandisugars.inventory_itemmaster
    ADD CONSTRAINT inventory_itemmaster_item_type_id_6e672b18_fk_inventory FOREIGN KEY (item_type_id) REFERENCES jamkhandisugars.inventory_itemtype(id) DEFERRABLE INITIALLY DEFERRED;


--
-- Name: inventory_itemmaster_cost_center inventory_itemmaster_itemmaster_id_b696c09d_fk_inventory; Type: FK CONSTRAINT; Schema: jamkhandisugars; Owner: root
--

ALTER TABLE ONLY jamkhandisugars.inventory_itemmaster_cost_center
    ADD CONSTRAINT inventory_itemmaster_itemmaster_id_b696c09d_fk_inventory FOREIGN KEY (itemmaster_id) REFERENCES jamkhandisugars.inventory_itemmaster(id) DEFERRABLE INITIALLY DEFERRED;


--
-- Name: inventory_itemmaster_dept inventory_itemmaster_itemmaster_id_ce1d6044_fk_inventory; Type: FK CONSTRAINT; Schema: jamkhandisugars; Owner: root
--

ALTER TABLE ONLY jamkhandisugars.inventory_itemmaster_dept
    ADD CONSTRAINT inventory_itemmaster_itemmaster_id_ce1d6044_fk_inventory FOREIGN KEY (itemmaster_id) REFERENCES jamkhandisugars.inventory_itemmaster(id) DEFERRABLE INITIALLY DEFERRED;


--
-- Name: inventory_itemmaster inventory_itemmaster_uom_id_ba1c825f_fk_inventory; Type: FK CONSTRAINT; Schema: jamkhandisugars; Owner: root
--

ALTER TABLE ONLY jamkhandisugars.inventory_itemmaster
    ADD CONSTRAINT inventory_itemmaster_uom_id_ba1c825f_fk_inventory FOREIGN KEY (uom_id) REFERENCES jamkhandisugars.inventory_unitofmeasurement(id) DEFERRABLE INITIALLY DEFERRED;


--
-- Name: inventory_itemproperties inventory_itemproper_item_id_3d4a385a_fk_inventory; Type: FK CONSTRAINT; Schema: jamkhandisugars; Owner: root
--

ALTER TABLE ONLY jamkhandisugars.inventory_itemproperties
    ADD CONSTRAINT inventory_itemproper_item_id_3d4a385a_fk_inventory FOREIGN KEY (item_id) REFERENCES jamkhandisugars.inventory_itemmaster(id) DEFERRABLE INITIALLY DEFERRED;


--
-- Name: inventory_ledger inventory_ledger_item_id_3bf04d1f_fk_inventory_itemmaster_id; Type: FK CONSTRAINT; Schema: jamkhandisugars; Owner: root
--

ALTER TABLE ONLY jamkhandisugars.inventory_ledger
    ADD CONSTRAINT inventory_ledger_item_id_3bf04d1f_fk_inventory_itemmaster_id FOREIGN KEY (item_id) REFERENCES jamkhandisugars.inventory_itemmaster(id) DEFERRABLE INITIALLY DEFERRED;


--
-- Name: inventory_ledger inventory_ledger_ledger_type_id_4e49dc62_fk_inventory; Type: FK CONSTRAINT; Schema: jamkhandisugars; Owner: root
--

ALTER TABLE ONLY jamkhandisugars.inventory_ledger
    ADD CONSTRAINT inventory_ledger_ledger_type_id_4e49dc62_fk_inventory FOREIGN KEY (ledger_type_id) REFERENCES jamkhandisugars.inventory_ledgertype(id) DEFERRABLE INITIALLY DEFERRED;


--
-- Name: inventory_ledger inventory_ledger_mill_id_c47451c0_fk_institute_mill_id; Type: FK CONSTRAINT; Schema: jamkhandisugars; Owner: root
--

ALTER TABLE ONLY jamkhandisugars.inventory_ledger
    ADD CONSTRAINT inventory_ledger_mill_id_c47451c0_fk_institute_mill_id FOREIGN KEY (mill_id) REFERENCES jamkhandisugars.institute_mill(id) DEFERRABLE INITIALLY DEFERRED;


--
-- Name: inventory_ledger inventory_ledger_seller_id_c6350268_fk_purchase_seller_id; Type: FK CONSTRAINT; Schema: jamkhandisugars; Owner: root
--

ALTER TABLE ONLY jamkhandisugars.inventory_ledger
    ADD CONSTRAINT inventory_ledger_seller_id_c6350268_fk_purchase_seller_id FOREIGN KEY (seller_id) REFERENCES jamkhandisugars.purchase_seller(id) DEFERRABLE INITIALLY DEFERRED;


--
-- Name: inventory_ledger inventory_ledger_store_id_59557492_fk_inventory_store_id; Type: FK CONSTRAINT; Schema: jamkhandisugars; Owner: root
--

ALTER TABLE ONLY jamkhandisugars.inventory_ledger
    ADD CONSTRAINT inventory_ledger_store_id_59557492_fk_inventory_store_id FOREIGN KEY (store_id) REFERENCES jamkhandisugars.inventory_store(id) DEFERRABLE INITIALLY DEFERRED;


--
-- Name: inventory_store inventory_store_parent_id_b43f462c_fk_inventory_store_id; Type: FK CONSTRAINT; Schema: jamkhandisugars; Owner: root
--

ALTER TABLE ONLY jamkhandisugars.inventory_store
    ADD CONSTRAINT inventory_store_parent_id_b43f462c_fk_inventory_store_id FOREIGN KEY (parent_id) REFERENCES jamkhandisugars.inventory_store(id) DEFERRABLE INITIALLY DEFERRED;


--
-- Name: purchase_address purchase_address_gstin_id_97d1425d_fk_purchase_gstin_id; Type: FK CONSTRAINT; Schema: jamkhandisugars; Owner: root
--

ALTER TABLE ONLY jamkhandisugars.purchase_address
    ADD CONSTRAINT purchase_address_gstin_id_97d1425d_fk_purchase_gstin_id FOREIGN KEY (gstin_id) REFERENCES jamkhandisugars.purchase_gstin(id) DEFERRABLE INITIALLY DEFERRED;


--
-- Name: purchase_address purchase_address_pin_code_id_3f154a46_fk_purchase_pin_id; Type: FK CONSTRAINT; Schema: jamkhandisugars; Owner: root
--

ALTER TABLE ONLY jamkhandisugars.purchase_address
    ADD CONSTRAINT purchase_address_pin_code_id_3f154a46_fk_purchase_pin_id FOREIGN KEY (pin_code_id) REFERENCES jamkhandisugars.purchase_pin(id) DEFERRABLE INITIALLY DEFERRED;


--
-- Name: purchase_address purchase_address_seller_id_ab3f8d54_fk_purchase_seller_id; Type: FK CONSTRAINT; Schema: jamkhandisugars; Owner: root
--

ALTER TABLE ONLY jamkhandisugars.purchase_address
    ADD CONSTRAINT purchase_address_seller_id_ab3f8d54_fk_purchase_seller_id FOREIGN KEY (seller_id) REFERENCES jamkhandisugars.purchase_seller(id) DEFERRABLE INITIALLY DEFERRED;


--
-- Name: purchase_city purchase_city_district_id_9aff07a9_fk_purchase_district_id; Type: FK CONSTRAINT; Schema: jamkhandisugars; Owner: root
--

ALTER TABLE ONLY jamkhandisugars.purchase_city
    ADD CONSTRAINT purchase_city_district_id_9aff07a9_fk_purchase_district_id FOREIGN KEY (district_id) REFERENCES jamkhandisugars.purchase_district(id) DEFERRABLE INITIALLY DEFERRED;


--
-- Name: purchase_costcenter purchase_costcenter_mill_id_18acc5c5_fk_institute_mill_id; Type: FK CONSTRAINT; Schema: jamkhandisugars; Owner: root
--

ALTER TABLE ONLY jamkhandisugars.purchase_costcenter
    ADD CONSTRAINT purchase_costcenter_mill_id_18acc5c5_fk_institute_mill_id FOREIGN KEY (mill_id) REFERENCES jamkhandisugars.institute_mill(id) DEFERRABLE INITIALLY DEFERRED;


--
-- Name: purchase_costcenter purchase_costcenter_parent_id_e11559a7_fk_purchase_; Type: FK CONSTRAINT; Schema: jamkhandisugars; Owner: root
--

ALTER TABLE ONLY jamkhandisugars.purchase_costcenter
    ADD CONSTRAINT purchase_costcenter_parent_id_e11559a7_fk_purchase_ FOREIGN KEY (parent_id) REFERENCES jamkhandisugars.purchase_costcenter(id) DEFERRABLE INITIALLY DEFERRED;


--
-- Name: purchase_district purchase_district_state_id_0371a79f_fk_purchase_state_id; Type: FK CONSTRAINT; Schema: jamkhandisugars; Owner: root
--

ALTER TABLE ONLY jamkhandisugars.purchase_district
    ADD CONSTRAINT purchase_district_state_id_0371a79f_fk_purchase_state_id FOREIGN KEY (state_id) REFERENCES jamkhandisugars.purchase_state(id) DEFERRABLE INITIALLY DEFERRED;


--
-- Name: purchase_enquairyitem purchase_enquairyite_item_id_819f47f8_fk_purchase_; Type: FK CONSTRAINT; Schema: jamkhandisugars; Owner: root
--

ALTER TABLE ONLY jamkhandisugars.purchase_enquairyitem
    ADD CONSTRAINT purchase_enquairyite_item_id_819f47f8_fk_purchase_ FOREIGN KEY (item_id) REFERENCES jamkhandisugars.purchase_requisitionitem(id) DEFERRABLE INITIALLY DEFERRED;


--
-- Name: purchase_enquairyitem purchase_enquairyite_master_id_6e338137_fk_purchase_; Type: FK CONSTRAINT; Schema: jamkhandisugars; Owner: root
--

ALTER TABLE ONLY jamkhandisugars.purchase_enquairyitem
    ADD CONSTRAINT purchase_enquairyite_master_id_6e338137_fk_purchase_ FOREIGN KEY (master_id) REFERENCES jamkhandisugars.purchase_enquairymaster(id) DEFERRABLE INITIALLY DEFERRED;


--
-- Name: purchase_enquairymaster_seller purchase_enquairymas_enquairymaster_id_fe7be89c_fk_purchase_; Type: FK CONSTRAINT; Schema: jamkhandisugars; Owner: root
--

ALTER TABLE ONLY jamkhandisugars.purchase_enquairymaster_seller
    ADD CONSTRAINT purchase_enquairymas_enquairymaster_id_fe7be89c_fk_purchase_ FOREIGN KEY (enquairymaster_id) REFERENCES jamkhandisugars.purchase_enquairymaster(id) DEFERRABLE INITIALLY DEFERRED;


--
-- Name: purchase_enquairymaster purchase_enquairymas_requisition_id_54682cd4_fk_purchase_; Type: FK CONSTRAINT; Schema: jamkhandisugars; Owner: root
--

ALTER TABLE ONLY jamkhandisugars.purchase_enquairymaster
    ADD CONSTRAINT purchase_enquairymas_requisition_id_54682cd4_fk_purchase_ FOREIGN KEY (requisition_id) REFERENCES jamkhandisugars.purchase_requisitionmaster(id) DEFERRABLE INITIALLY DEFERRED;


--
-- Name: purchase_enquairymaster_seller purchase_enquairymas_seller_id_c270c245_fk_purchase_; Type: FK CONSTRAINT; Schema: jamkhandisugars; Owner: root
--

ALTER TABLE ONLY jamkhandisugars.purchase_enquairymaster_seller
    ADD CONSTRAINT purchase_enquairymas_seller_id_c270c245_fk_purchase_ FOREIGN KEY (seller_id) REFERENCES jamkhandisugars.purchase_seller(id) DEFERRABLE INITIALLY DEFERRED;


--
-- Name: purchase_enquairystatus purchase_enquairysta_employee_id_694eb3ad_fk_employee_; Type: FK CONSTRAINT; Schema: jamkhandisugars; Owner: root
--

ALTER TABLE ONLY jamkhandisugars.purchase_enquairystatus
    ADD CONSTRAINT purchase_enquairysta_employee_id_694eb3ad_fk_employee_ FOREIGN KEY (employee_id) REFERENCES jamkhandisugars.employee_employeemaster(id) DEFERRABLE INITIALLY DEFERRED;


--
-- Name: purchase_enquairystatus purchase_enquairysta_master_id_998aada6_fk_purchase_; Type: FK CONSTRAINT; Schema: jamkhandisugars; Owner: root
--

ALTER TABLE ONLY jamkhandisugars.purchase_enquairystatus
    ADD CONSTRAINT purchase_enquairysta_master_id_998aada6_fk_purchase_ FOREIGN KEY (master_id) REFERENCES jamkhandisugars.purchase_enquairymaster(id) DEFERRABLE INITIALLY DEFERRED;


--
-- Name: purchase_gstin purchase_gstin_state_id_b7965b3e_fk_purchase_state_id; Type: FK CONSTRAINT; Schema: jamkhandisugars; Owner: root
--

ALTER TABLE ONLY jamkhandisugars.purchase_gstin
    ADD CONSTRAINT purchase_gstin_state_id_b7965b3e_fk_purchase_state_id FOREIGN KEY (state_id) REFERENCES jamkhandisugars.purchase_state(id) DEFERRABLE INITIALLY DEFERRED;


--
-- Name: purchase_indentitems purchase_indentitems_indent_id_fbd1cd6c_fk_purchase_; Type: FK CONSTRAINT; Schema: jamkhandisugars; Owner: root
--

ALTER TABLE ONLY jamkhandisugars.purchase_indentitems
    ADD CONSTRAINT purchase_indentitems_indent_id_fbd1cd6c_fk_purchase_ FOREIGN KEY (indent_id) REFERENCES jamkhandisugars.purchase_indentmaster(id) DEFERRABLE INITIALLY DEFERRED;


--
-- Name: purchase_indentitems purchase_indentitems_item_id_61d052a7_fk_inventory; Type: FK CONSTRAINT; Schema: jamkhandisugars; Owner: root
--

ALTER TABLE ONLY jamkhandisugars.purchase_indentitems
    ADD CONSTRAINT purchase_indentitems_item_id_61d052a7_fk_inventory FOREIGN KEY (item_id) REFERENCES jamkhandisugars.inventory_itemmaster(id) DEFERRABLE INITIALLY DEFERRED;


--
-- Name: purchase_indentmaster purchase_indentmaste_dept_id_75096cb7_fk_institute; Type: FK CONSTRAINT; Schema: jamkhandisugars; Owner: root
--

ALTER TABLE ONLY jamkhandisugars.purchase_indentmaster
    ADD CONSTRAINT purchase_indentmaste_dept_id_75096cb7_fk_institute FOREIGN KEY (dept_id) REFERENCES jamkhandisugars.institute_department(id) DEFERRABLE INITIALLY DEFERRED;


--
-- Name: purchase_indentmaster purchase_indentmaste_employee_id_7ca47468_fk_employee_; Type: FK CONSTRAINT; Schema: jamkhandisugars; Owner: root
--

ALTER TABLE ONLY jamkhandisugars.purchase_indentmaster
    ADD CONSTRAINT purchase_indentmaste_employee_id_7ca47468_fk_employee_ FOREIGN KEY (employee_id) REFERENCES jamkhandisugars.employee_employeemaster(id) DEFERRABLE INITIALLY DEFERRED;


--
-- Name: purchase_indentmaster purchase_indentmaste_indent_type_id_c1b4650d_fk_purchase_; Type: FK CONSTRAINT; Schema: jamkhandisugars; Owner: root
--

ALTER TABLE ONLY jamkhandisugars.purchase_indentmaster
    ADD CONSTRAINT purchase_indentmaste_indent_type_id_c1b4650d_fk_purchase_ FOREIGN KEY (indent_type_id) REFERENCES jamkhandisugars.purchase_indenttype(id) DEFERRABLE INITIALLY DEFERRED;


--
-- Name: purchase_indentmaster purchase_indentmaster_mill_id_359f240a_fk_institute_mill_id; Type: FK CONSTRAINT; Schema: jamkhandisugars; Owner: root
--

ALTER TABLE ONLY jamkhandisugars.purchase_indentmaster
    ADD CONSTRAINT purchase_indentmaster_mill_id_359f240a_fk_institute_mill_id FOREIGN KEY (mill_id) REFERENCES jamkhandisugars.institute_mill(id) DEFERRABLE INITIALLY DEFERRED;


--
-- Name: purchase_indentstatus purchase_indentstatu_employee_id_137b6efd_fk_employee_; Type: FK CONSTRAINT; Schema: jamkhandisugars; Owner: root
--

ALTER TABLE ONLY jamkhandisugars.purchase_indentstatus
    ADD CONSTRAINT purchase_indentstatu_employee_id_137b6efd_fk_employee_ FOREIGN KEY (employee_id) REFERENCES jamkhandisugars.employee_employeemaster(id) DEFERRABLE INITIALLY DEFERRED;


--
-- Name: purchase_indentstatus purchase_indentstatu_indent_master_id_ebd5dc84_fk_purchase_; Type: FK CONSTRAINT; Schema: jamkhandisugars; Owner: root
--

ALTER TABLE ONLY jamkhandisugars.purchase_indentstatus
    ADD CONSTRAINT purchase_indentstatu_indent_master_id_ebd5dc84_fk_purchase_ FOREIGN KEY (indent_master_id) REFERENCES jamkhandisugars.purchase_indentmaster(id) DEFERRABLE INITIALLY DEFERRED;


--
-- Name: purchase_mir purchase_mir_item_id_7b2412a1_fk_inventory_itemmaster_id; Type: FK CONSTRAINT; Schema: jamkhandisugars; Owner: root
--

ALTER TABLE ONLY jamkhandisugars.purchase_mir
    ADD CONSTRAINT purchase_mir_item_id_7b2412a1_fk_inventory_itemmaster_id FOREIGN KEY (item_id) REFERENCES jamkhandisugars.inventory_itemmaster(id) DEFERRABLE INITIALLY DEFERRED;


--
-- Name: purchase_mir purchase_mir_perchase_order_id_f5c01e02_fk_purchase_; Type: FK CONSTRAINT; Schema: jamkhandisugars; Owner: root
--

ALTER TABLE ONLY jamkhandisugars.purchase_mir
    ADD CONSTRAINT purchase_mir_perchase_order_id_f5c01e02_fk_purchase_ FOREIGN KEY (perchase_order_id) REFERENCES jamkhandisugars.purchase_purchaseordermaster(id) DEFERRABLE INITIALLY DEFERRED;


--
-- Name: purchase_mir purchase_mir_seller_invoice_id_1226ed21_fk_purchase_; Type: FK CONSTRAINT; Schema: jamkhandisugars; Owner: root
--

ALTER TABLE ONLY jamkhandisugars.purchase_mir
    ADD CONSTRAINT purchase_mir_seller_invoice_id_1226ed21_fk_purchase_ FOREIGN KEY (seller_invoice_id) REFERENCES jamkhandisugars.purchase_sellerinvoice(id) DEFERRABLE INITIALLY DEFERRED;


--
-- Name: purchase_pin purchase_pin_city_id_0bb2f187_fk_purchase_city_id; Type: FK CONSTRAINT; Schema: jamkhandisugars; Owner: root
--

ALTER TABLE ONLY jamkhandisugars.purchase_pin
    ADD CONSTRAINT purchase_pin_city_id_0bb2f187_fk_purchase_city_id FOREIGN KEY (city_id) REFERENCES jamkhandisugars.purchase_city(id) DEFERRABLE INITIALLY DEFERRED;


--
-- Name: purchase_purchaseordermaster purchase_purchaseord_approved_by_id_cd0328d5_fk_employee_; Type: FK CONSTRAINT; Schema: jamkhandisugars; Owner: root
--

ALTER TABLE ONLY jamkhandisugars.purchase_purchaseordermaster
    ADD CONSTRAINT purchase_purchaseord_approved_by_id_cd0328d5_fk_employee_ FOREIGN KEY (approved_by_id) REFERENCES jamkhandisugars.employee_employeemaster(id) DEFERRABLE INITIALLY DEFERRED;


--
-- Name: purchase_purchaseordermaster purchase_purchaseord_checked_by_id_48f3bf76_fk_employee_; Type: FK CONSTRAINT; Schema: jamkhandisugars; Owner: root
--

ALTER TABLE ONLY jamkhandisugars.purchase_purchaseordermaster
    ADD CONSTRAINT purchase_purchaseord_checked_by_id_48f3bf76_fk_employee_ FOREIGN KEY (checked_by_id) REFERENCES jamkhandisugars.employee_employeemaster(id) DEFERRABLE INITIALLY DEFERRED;


--
-- Name: purchase_purchaseorderstatus purchase_purchaseord_employee_id_3e095fb3_fk_employee_; Type: FK CONSTRAINT; Schema: jamkhandisugars; Owner: root
--

ALTER TABLE ONLY jamkhandisugars.purchase_purchaseorderstatus
    ADD CONSTRAINT purchase_purchaseord_employee_id_3e095fb3_fk_employee_ FOREIGN KEY (employee_id) REFERENCES jamkhandisugars.employee_employeemaster(id) DEFERRABLE INITIALLY DEFERRED;


--
-- Name: purchase_purchaseorder purchase_purchaseord_item_id_2575b068_fk_inventory; Type: FK CONSTRAINT; Schema: jamkhandisugars; Owner: root
--

ALTER TABLE ONLY jamkhandisugars.purchase_purchaseorder
    ADD CONSTRAINT purchase_purchaseord_item_id_2575b068_fk_inventory FOREIGN KEY (item_id) REFERENCES jamkhandisugars.inventory_itemmaster(id) DEFERRABLE INITIALLY DEFERRED;


--
-- Name: purchase_purchaseorder purchase_purchaseord_perchase_order_id_eca61b62_fk_purchase_; Type: FK CONSTRAINT; Schema: jamkhandisugars; Owner: root
--

ALTER TABLE ONLY jamkhandisugars.purchase_purchaseorder
    ADD CONSTRAINT purchase_purchaseord_perchase_order_id_eca61b62_fk_purchase_ FOREIGN KEY (perchase_order_id) REFERENCES jamkhandisugars.purchase_purchaseordermaster(id) DEFERRABLE INITIALLY DEFERRED;


--
-- Name: purchase_purchaseorderstatus purchase_purchaseord_po_master_id_4b0f1bf0_fk_purchase_; Type: FK CONSTRAINT; Schema: jamkhandisugars; Owner: root
--

ALTER TABLE ONLY jamkhandisugars.purchase_purchaseorderstatus
    ADD CONSTRAINT purchase_purchaseord_po_master_id_4b0f1bf0_fk_purchase_ FOREIGN KEY (po_master_id) REFERENCES jamkhandisugars.purchase_purchaseordermaster(id) DEFERRABLE INITIALLY DEFERRED;


--
-- Name: purchase_purchaseordermaster purchase_purchaseord_prepared_by_id_8b247b23_fk_employee_; Type: FK CONSTRAINT; Schema: jamkhandisugars; Owner: root
--

ALTER TABLE ONLY jamkhandisugars.purchase_purchaseordermaster
    ADD CONSTRAINT purchase_purchaseord_prepared_by_id_8b247b23_fk_employee_ FOREIGN KEY (prepared_by_id) REFERENCES jamkhandisugars.employee_employeemaster(id) DEFERRABLE INITIALLY DEFERRED;


--
-- Name: purchase_purchaseorderdoc purchase_purchaseord_purchase_order_id_09520438_fk_purchase_; Type: FK CONSTRAINT; Schema: jamkhandisugars; Owner: root
--

ALTER TABLE ONLY jamkhandisugars.purchase_purchaseorderdoc
    ADD CONSTRAINT purchase_purchaseord_purchase_order_id_09520438_fk_purchase_ FOREIGN KEY (purchase_order_id) REFERENCES jamkhandisugars.purchase_purchaseordermaster(id) DEFERRABLE INITIALLY DEFERRED;


--
-- Name: purchase_purchaseordermaster purchase_purchaseord_quotation_master_id_edf8f34a_fk_purchase_; Type: FK CONSTRAINT; Schema: jamkhandisugars; Owner: root
--

ALTER TABLE ONLY jamkhandisugars.purchase_purchaseordermaster
    ADD CONSTRAINT purchase_purchaseord_quotation_master_id_edf8f34a_fk_purchase_ FOREIGN KEY (quotation_master_id) REFERENCES jamkhandisugars.purchase_quotationmaster(id) DEFERRABLE INITIALLY DEFERRED;


--
-- Name: purchase_purchaseordermaster purchase_purchaseord_seller_id_66a02332_fk_purchase_; Type: FK CONSTRAINT; Schema: jamkhandisugars; Owner: root
--

ALTER TABLE ONLY jamkhandisugars.purchase_purchaseordermaster
    ADD CONSTRAINT purchase_purchaseord_seller_id_66a02332_fk_purchase_ FOREIGN KEY (seller_id) REFERENCES jamkhandisugars.purchase_seller(id) DEFERRABLE INITIALLY DEFERRED;


--
-- Name: purchase_quotationitem purchase_quotationit_item_id_0fef117c_fk_inventory; Type: FK CONSTRAINT; Schema: jamkhandisugars; Owner: root
--

ALTER TABLE ONLY jamkhandisugars.purchase_quotationitem
    ADD CONSTRAINT purchase_quotationit_item_id_0fef117c_fk_inventory FOREIGN KEY (item_id) REFERENCES jamkhandisugars.inventory_itemmaster(id) DEFERRABLE INITIALLY DEFERRED;


--
-- Name: purchase_quotationitem purchase_quotationit_quotation_master_id_f779fa95_fk_purchase_; Type: FK CONSTRAINT; Schema: jamkhandisugars; Owner: root
--

ALTER TABLE ONLY jamkhandisugars.purchase_quotationitem
    ADD CONSTRAINT purchase_quotationit_quotation_master_id_f779fa95_fk_purchase_ FOREIGN KEY (quotation_master_id) REFERENCES jamkhandisugars.purchase_quotationmaster(id) DEFERRABLE INITIALLY DEFERRED;


--
-- Name: purchase_quotationmaster purchase_quotationma_enquiry_master_id_f141c632_fk_purchase_; Type: FK CONSTRAINT; Schema: jamkhandisugars; Owner: root
--

ALTER TABLE ONLY jamkhandisugars.purchase_quotationmaster
    ADD CONSTRAINT purchase_quotationma_enquiry_master_id_f141c632_fk_purchase_ FOREIGN KEY (enquiry_master_id) REFERENCES jamkhandisugars.purchase_enquairymaster(id) DEFERRABLE INITIALLY DEFERRED;


--
-- Name: purchase_quotationmaster purchase_quotationma_parent_id_4535c5fe_fk_purchase_; Type: FK CONSTRAINT; Schema: jamkhandisugars; Owner: root
--

ALTER TABLE ONLY jamkhandisugars.purchase_quotationmaster
    ADD CONSTRAINT purchase_quotationma_parent_id_4535c5fe_fk_purchase_ FOREIGN KEY (parent_id) REFERENCES jamkhandisugars.purchase_quotationmaster(id) DEFERRABLE INITIALLY DEFERRED;


--
-- Name: purchase_quotationmaster purchase_quotationma_seller_id_e653547a_fk_purchase_; Type: FK CONSTRAINT; Schema: jamkhandisugars; Owner: root
--

ALTER TABLE ONLY jamkhandisugars.purchase_quotationmaster
    ADD CONSTRAINT purchase_quotationma_seller_id_e653547a_fk_purchase_ FOREIGN KEY (seller_id) REFERENCES jamkhandisugars.purchase_seller(id) DEFERRABLE INITIALLY DEFERRED;


--
-- Name: purchase_quotationstatus purchase_quotationst_employee_id_7473af1c_fk_employee_; Type: FK CONSTRAINT; Schema: jamkhandisugars; Owner: root
--

ALTER TABLE ONLY jamkhandisugars.purchase_quotationstatus
    ADD CONSTRAINT purchase_quotationst_employee_id_7473af1c_fk_employee_ FOREIGN KEY (employee_id) REFERENCES jamkhandisugars.employee_employeemaster(id) DEFERRABLE INITIALLY DEFERRED;


--
-- Name: purchase_quotationstatus purchase_quotationst_quotation_master_id_5fd34ffe_fk_purchase_; Type: FK CONSTRAINT; Schema: jamkhandisugars; Owner: root
--

ALTER TABLE ONLY jamkhandisugars.purchase_quotationstatus
    ADD CONSTRAINT purchase_quotationst_quotation_master_id_5fd34ffe_fk_purchase_ FOREIGN KEY (quotation_master_id) REFERENCES jamkhandisugars.purchase_quotationmaster(id) DEFERRABLE INITIALLY DEFERRED;


--
-- Name: purchase_requisitionstatus purchase_requisition_employee_id_07916b76_fk_employee_; Type: FK CONSTRAINT; Schema: jamkhandisugars; Owner: root
--

ALTER TABLE ONLY jamkhandisugars.purchase_requisitionstatus
    ADD CONSTRAINT purchase_requisition_employee_id_07916b76_fk_employee_ FOREIGN KEY (employee_id) REFERENCES jamkhandisugars.employee_employeemaster(id) DEFERRABLE INITIALLY DEFERRED;


--
-- Name: purchase_requisitionmaster purchase_requisition_employee_id_78dbd60c_fk_employee_; Type: FK CONSTRAINT; Schema: jamkhandisugars; Owner: root
--

ALTER TABLE ONLY jamkhandisugars.purchase_requisitionmaster
    ADD CONSTRAINT purchase_requisition_employee_id_78dbd60c_fk_employee_ FOREIGN KEY (employee_id) REFERENCES jamkhandisugars.employee_employeemaster(id) DEFERRABLE INITIALLY DEFERRED;


--
-- Name: purchase_requisitionitem purchase_requisition_indent_item_id_a81540a4_fk_purchase_; Type: FK CONSTRAINT; Schema: jamkhandisugars; Owner: root
--

ALTER TABLE ONLY jamkhandisugars.purchase_requisitionitem
    ADD CONSTRAINT purchase_requisition_indent_item_id_a81540a4_fk_purchase_ FOREIGN KEY (indent_item_id) REFERENCES jamkhandisugars.purchase_indentitems(id) DEFERRABLE INITIALLY DEFERRED;


--
-- Name: purchase_requisitionmaster purchase_requisition_indent_master_id_91dc9934_fk_purchase_; Type: FK CONSTRAINT; Schema: jamkhandisugars; Owner: root
--

ALTER TABLE ONLY jamkhandisugars.purchase_requisitionmaster
    ADD CONSTRAINT purchase_requisition_indent_master_id_91dc9934_fk_purchase_ FOREIGN KEY (indent_master_id) REFERENCES jamkhandisugars.purchase_indentmaster(id) DEFERRABLE INITIALLY DEFERRED;


--
-- Name: purchase_requisitionstatus purchase_requisition_master_id_ac813aaa_fk_purchase_; Type: FK CONSTRAINT; Schema: jamkhandisugars; Owner: root
--

ALTER TABLE ONLY jamkhandisugars.purchase_requisitionstatus
    ADD CONSTRAINT purchase_requisition_master_id_ac813aaa_fk_purchase_ FOREIGN KEY (master_id) REFERENCES jamkhandisugars.purchase_requisitionmaster(id) DEFERRABLE INITIALLY DEFERRED;


--
-- Name: purchase_requisitionitem purchase_requisition_requisition_master_i_0c4e2d46_fk_purchase_; Type: FK CONSTRAINT; Schema: jamkhandisugars; Owner: root
--

ALTER TABLE ONLY jamkhandisugars.purchase_requisitionitem
    ADD CONSTRAINT purchase_requisition_requisition_master_i_0c4e2d46_fk_purchase_ FOREIGN KEY (requisition_master_id) REFERENCES jamkhandisugars.purchase_requisitionmaster(id) DEFERRABLE INITIALLY DEFERRED;


--
-- Name: purchase_seller purchase_seller_gstin_id_59474ecb_fk_purchase_gstin_id; Type: FK CONSTRAINT; Schema: jamkhandisugars; Owner: root
--

ALTER TABLE ONLY jamkhandisugars.purchase_seller
    ADD CONSTRAINT purchase_seller_gstin_id_59474ecb_fk_purchase_gstin_id FOREIGN KEY (gstin_id) REFERENCES jamkhandisugars.purchase_gstin(id) DEFERRABLE INITIALLY DEFERRED;


--
-- Name: purchase_seller_item_Category purchase_seller_item_itemcategory_id_6a645cad_fk_inventory; Type: FK CONSTRAINT; Schema: jamkhandisugars; Owner: root
--

ALTER TABLE ONLY jamkhandisugars."purchase_seller_item_Category"
    ADD CONSTRAINT purchase_seller_item_itemcategory_id_6a645cad_fk_inventory FOREIGN KEY (itemcategory_id) REFERENCES jamkhandisugars.inventory_itemcategory(id) DEFERRABLE INITIALLY DEFERRED;


--
-- Name: purchase_seller_item_Category purchase_seller_item_seller_id_3d0b5ed6_fk_purchase_; Type: FK CONSTRAINT; Schema: jamkhandisugars; Owner: root
--

ALTER TABLE ONLY jamkhandisugars."purchase_seller_item_Category"
    ADD CONSTRAINT purchase_seller_item_seller_id_3d0b5ed6_fk_purchase_ FOREIGN KEY (seller_id) REFERENCES jamkhandisugars.purchase_seller(id) DEFERRABLE INITIALLY DEFERRED;


--
-- Name: purchase_seller_mills purchase_seller_mills_mill_id_acead82f_fk_institute_mill_id; Type: FK CONSTRAINT; Schema: jamkhandisugars; Owner: root
--

ALTER TABLE ONLY jamkhandisugars.purchase_seller_mills
    ADD CONSTRAINT purchase_seller_mills_mill_id_acead82f_fk_institute_mill_id FOREIGN KEY (mill_id) REFERENCES jamkhandisugars.institute_mill(id) DEFERRABLE INITIALLY DEFERRED;


--
-- Name: purchase_seller_mills purchase_seller_mills_seller_id_a206ad50_fk_purchase_seller_id; Type: FK CONSTRAINT; Schema: jamkhandisugars; Owner: root
--

ALTER TABLE ONLY jamkhandisugars.purchase_seller_mills
    ADD CONSTRAINT purchase_seller_mills_seller_id_a206ad50_fk_purchase_seller_id FOREIGN KEY (seller_id) REFERENCES jamkhandisugars.purchase_seller(id) DEFERRABLE INITIALLY DEFERRED;


--
-- Name: purchase_sellerinvoice purchase_sellerinvoi_perchase_order_id_de8189fb_fk_purchase_; Type: FK CONSTRAINT; Schema: jamkhandisugars; Owner: root
--

ALTER TABLE ONLY jamkhandisugars.purchase_sellerinvoice
    ADD CONSTRAINT purchase_sellerinvoi_perchase_order_id_de8189fb_fk_purchase_ FOREIGN KEY (perchase_order_id) REFERENCES jamkhandisugars.purchase_purchaseordermaster(id) DEFERRABLE INITIALLY DEFERRED;


--
-- Name: purchase_sellerinvoice purchase_sellerinvoice_mill_id_b8dff25e_fk_institute_mill_id; Type: FK CONSTRAINT; Schema: jamkhandisugars; Owner: root
--

ALTER TABLE ONLY jamkhandisugars.purchase_sellerinvoice
    ADD CONSTRAINT purchase_sellerinvoice_mill_id_b8dff25e_fk_institute_mill_id FOREIGN KEY (mill_id) REFERENCES jamkhandisugars.institute_mill(id) DEFERRABLE INITIALLY DEFERRED;


--
-- Name: purchase_sellerinvoice purchase_sellerinvoice_seller_id_372730e5_fk_purchase_seller_id; Type: FK CONSTRAINT; Schema: jamkhandisugars; Owner: root
--

ALTER TABLE ONLY jamkhandisugars.purchase_sellerinvoice
    ADD CONSTRAINT purchase_sellerinvoice_seller_id_372730e5_fk_purchase_seller_id FOREIGN KEY (seller_id) REFERENCES jamkhandisugars.purchase_seller(id) DEFERRABLE INITIALLY DEFERRED;


--
-- Name: purchase_village purchase_village_pin_id_cd5aca56_fk_purchase_pin_id; Type: FK CONSTRAINT; Schema: jamkhandisugars; Owner: root
--

ALTER TABLE ONLY jamkhandisugars.purchase_village
    ADD CONSTRAINT purchase_village_pin_id_cd5aca56_fk_purchase_pin_id FOREIGN KEY (pin_id) REFERENCES jamkhandisugars.purchase_pin(id) DEFERRABLE INITIALLY DEFERRED;


--
-- Name: auth_group_permissions auth_group_permissio_permission_id_84c5c92e_fk_auth_perm; Type: FK CONSTRAINT; Schema: public; Owner: root
--

ALTER TABLE ONLY public.auth_group_permissions
    ADD CONSTRAINT auth_group_permissio_permission_id_84c5c92e_fk_auth_perm FOREIGN KEY (permission_id) REFERENCES public.auth_permission(id) DEFERRABLE INITIALLY DEFERRED;


--
-- Name: auth_group_permissions auth_group_permissions_group_id_b120cbf9_fk_auth_group_id; Type: FK CONSTRAINT; Schema: public; Owner: root
--

ALTER TABLE ONLY public.auth_group_permissions
    ADD CONSTRAINT auth_group_permissions_group_id_b120cbf9_fk_auth_group_id FOREIGN KEY (group_id) REFERENCES public.auth_group(id) DEFERRABLE INITIALLY DEFERRED;


--
-- Name: auth_permission auth_permission_content_type_id_2f476e4b_fk_django_co; Type: FK CONSTRAINT; Schema: public; Owner: root
--

ALTER TABLE ONLY public.auth_permission
    ADD CONSTRAINT auth_permission_content_type_id_2f476e4b_fk_django_co FOREIGN KEY (content_type_id) REFERENCES public.django_content_type(id) DEFERRABLE INITIALLY DEFERRED;


--
-- Name: auth_user_groups auth_user_groups_group_id_97559544_fk_auth_group_id; Type: FK CONSTRAINT; Schema: public; Owner: root
--

ALTER TABLE ONLY public.auth_user_groups
    ADD CONSTRAINT auth_user_groups_group_id_97559544_fk_auth_group_id FOREIGN KEY (group_id) REFERENCES public.auth_group(id) DEFERRABLE INITIALLY DEFERRED;


--
-- Name: auth_user_groups auth_user_groups_user_id_6a12ed8b_fk_auth_user_id; Type: FK CONSTRAINT; Schema: public; Owner: root
--

ALTER TABLE ONLY public.auth_user_groups
    ADD CONSTRAINT auth_user_groups_user_id_6a12ed8b_fk_auth_user_id FOREIGN KEY (user_id) REFERENCES public.auth_user(id) DEFERRABLE INITIALLY DEFERRED;


--
-- Name: auth_user_user_permissions auth_user_user_permi_permission_id_1fbb5f2c_fk_auth_perm; Type: FK CONSTRAINT; Schema: public; Owner: root
--

ALTER TABLE ONLY public.auth_user_user_permissions
    ADD CONSTRAINT auth_user_user_permi_permission_id_1fbb5f2c_fk_auth_perm FOREIGN KEY (permission_id) REFERENCES public.auth_permission(id) DEFERRABLE INITIALLY DEFERRED;


--
-- Name: auth_user_user_permissions auth_user_user_permissions_user_id_a95ead1b_fk_auth_user_id; Type: FK CONSTRAINT; Schema: public; Owner: root
--

ALTER TABLE ONLY public.auth_user_user_permissions
    ADD CONSTRAINT auth_user_user_permissions_user_id_a95ead1b_fk_auth_user_id FOREIGN KEY (user_id) REFERENCES public.auth_user(id) DEFERRABLE INITIALLY DEFERRED;


--
-- Name: django_admin_log django_admin_log_content_type_id_c4bce8eb_fk_django_co; Type: FK CONSTRAINT; Schema: public; Owner: root
--

ALTER TABLE ONLY public.django_admin_log
    ADD CONSTRAINT django_admin_log_content_type_id_c4bce8eb_fk_django_co FOREIGN KEY (content_type_id) REFERENCES public.django_content_type(id) DEFERRABLE INITIALLY DEFERRED;


--
-- Name: django_admin_log django_admin_log_user_id_c564eba6_fk_auth_user_id; Type: FK CONSTRAINT; Schema: public; Owner: root
--

ALTER TABLE ONLY public.django_admin_log
    ADD CONSTRAINT django_admin_log_user_id_c564eba6_fk_auth_user_id FOREIGN KEY (user_id) REFERENCES public.auth_user(id) DEFERRABLE INITIALLY DEFERRED;


--
-- Name: tenant_domain tenant_domain_tenant_id_39f27a09_fk_tenant_tenent_id; Type: FK CONSTRAINT; Schema: public; Owner: root
--

ALTER TABLE ONLY public.tenant_domain
    ADD CONSTRAINT tenant_domain_tenant_id_39f27a09_fk_tenant_tenent_id FOREIGN KEY (tenant_id) REFERENCES public.tenant_tenent(id) DEFERRABLE INITIALLY DEFERRED;


--
--

